

{"id":9836,"date":"2025-03-31T18:14:27","date_gmt":"2025-03-31T17:14:27","guid":{"rendered":"https:\/\/montael.com\/new_site\/?post_type=product&#038;p=9836"},"modified":"2025-06-06T12:19:37","modified_gmt":"2025-06-06T11:19:37","slug":"tinta-plastica-texturada-de-interior-e-exterior-5l-branco","status":"publish","type":"product","link":"https:\/\/montael.com\/?product=tinta-plastica-texturada-de-interior-e-exterior-5l-branco","title":{"rendered":"Tinta Pl\u00e1stica Texturada de Interior e Exterior 5L Branco"},"content":{"rendered":"<p>Dyrup Texturada \u00e9 uma tinta baseada em emuls\u00e3o aquosa de copol\u00edmeros acr\u00edlicos e pigmenta\u00e7\u00e3o selecionada.<\/p>\n<p>\u00c9 uma tinta mate texturada da Linha Profissional para utiliza\u00e7\u00e3o no interior e exterior. \u00c9 um produto com boa\u00a0resist\u00eancia \u00e0 intemp\u00e9rie e bom aspeto decorativo.<\/p>\n<p>&nbsp;<\/p>\n","protected":false},"excerpt":{"rendered":"<ul>\n<li>Cor: Branco<\/li>\n<li>Capacidade: 5L<\/li>\n<\/ul>\n<p>Marca: Dyrup<\/p>\n","protected":false},"featured_media":9829,"template":"","meta":[],"product_cat":[323,353],"product_tag":[],"class_list":{"0":"post-9836","1":"product","2":"type-product","3":"status-publish","4":"has-post-thumbnail","6":"product_cat-pintura","7":"product_cat-tintas","8":"ts_product_brand-dyrup","10":"first","11":"instock","12":"taxable","13":"shipping-taxable","14":"product-type-simple"},"_links":{"self":[{"href":"https:\/\/montael.com\/index.php?rest_route=\/wp\/v2\/product\/9836","targetHints":{"allow":["GET"]}}],"collection":[{"href":"https:\/\/montael.com\/index.php?rest_route=\/wp\/v2\/product"}],"about":[{"href":"https:\/\/montael.com\/index.php?rest_route=\/wp\/v2\/types\/product"}],"wp:featuredmedia":[{"embeddable":true,"href":"https:\/\/montael.com\/index.php?rest_route=\/wp\/v2\/media\/9829"}],"wp:attachment":[{"href":"https:\/\/montael.com\/index.php?rest_route=%2Fwp%2Fv2%2Fmedia&parent=9836"}],"wp:term":[{"taxonomy":"product_cat","embeddable":true,"href":"https:\/\/montael.com\/index.php?rest_route=%2Fwp%2Fv2%2Fproduct_cat&post=9836"},{"taxonomy":"product_tag","embeddable":true,"href":"https:\/\/montael.com\/index.php?rest_route=%2Fwp%2Fv2%2Fproduct_tag&post=9836"}],"curies":[{"name":"wp","href":"https:\/\/api.w.org\/{rel}","templated":true}]}}