

{"id":9345,"date":"2025-03-11T09:17:56","date_gmt":"2025-03-11T09:17:56","guid":{"rendered":"https:\/\/montael.com\/new_site\/?post_type=product&#038;p=9345"},"modified":"2025-06-06T16:00:19","modified_gmt":"2025-06-06T15:00:19","slug":"leci-b-s21-1200-cromado-com-vidro-transparente","status":"publish","type":"product","link":"https:\/\/montael.com\/?product=leci-b-s21-1200-cromado-com-vidro-transparente","title":{"rendered":"LECI B S21 1200 Cromado com Vidro Transparente"},"content":{"rendered":"<ul>\n<li>Vidro temperado de 6mm<\/li>\n<li>Perfis em alum\u00ednio cromado<\/li>\n<li>Altura standard do vidro 2000mm<\/li>\n<li>F\u00e1cil instala\u00e7\u00e3o<\/li>\n<li>Com tratamento anticalc\u00e1rio<\/li>\n<li>Com fecho soft-close<\/li>\n<\/ul>\n","protected":false},"excerpt":{"rendered":"<p><img decoding=\"async\" class=\"alignnone wp-image-9321\" src=\"https:\/\/montael.com\/new_site\/wp-content\/uploads\/2025\/03\/Acabamento-Cromado-300x300.png\" alt=\"\" width=\"26\" height=\"26\" srcset=\"https:\/\/montael.com\/new_site\/wp-content\/uploads\/2025\/03\/Acabamento-Cromado-300x300.png 300w, https:\/\/montael.com\/new_site\/wp-content\/uploads\/2025\/03\/Acabamento-Cromado-150x150.png 150w, https:\/\/montael.com\/new_site\/wp-content\/uploads\/2025\/03\/Acabamento-Cromado-768x768.png 768w, https:\/\/montael.com\/new_site\/wp-content\/uploads\/2025\/03\/Acabamento-Cromado-180x180.png 180w, https:\/\/montael.com\/new_site\/wp-content\/uploads\/2025\/03\/Acabamento-Cromado-46x46.png 46w, https:\/\/montael.com\/new_site\/wp-content\/uploads\/2025\/03\/Acabamento-Cromado-100x100.png 100w, https:\/\/montael.com\/new_site\/wp-content\/uploads\/2025\/03\/Acabamento-Cromado-54x54.png 54w, https:\/\/montael.com\/new_site\/wp-content\/uploads\/2025\/03\/Acabamento-Cromado-310x310.png 310w, https:\/\/montael.com\/new_site\/wp-content\/uploads\/2025\/03\/Acabamento-Cromado-80x80.png 80w, https:\/\/montael.com\/new_site\/wp-content\/uploads\/2025\/03\/Acabamento-Cromado.png 834w\" sizes=\"(max-width: 26px) 100vw, 26px\" \/> Cromado<\/p>\n<p>Marca: Italbox<\/p>\n","protected":false},"featured_media":9346,"template":"","meta":[],"product_cat":[149,329,325,326],"product_tag":[],"class_list":{"0":"post-9345","1":"product","2":"type-product","3":"status-publish","4":"has-post-thumbnail","6":"product_cat-casa-de-banho","7":"product_cat-frontal","8":"product_cat-resguardos","9":"product_cat-resguardos-duche","10":"ts_product_brand-italbox","12":"first","13":"instock","14":"taxable","15":"shipping-taxable","16":"product-type-simple"},"_links":{"self":[{"href":"https:\/\/montael.com\/index.php?rest_route=\/wp\/v2\/product\/9345","targetHints":{"allow":["GET"]}}],"collection":[{"href":"https:\/\/montael.com\/index.php?rest_route=\/wp\/v2\/product"}],"about":[{"href":"https:\/\/montael.com\/index.php?rest_route=\/wp\/v2\/types\/product"}],"wp:featuredmedia":[{"embeddable":true,"href":"https:\/\/montael.com\/index.php?rest_route=\/wp\/v2\/media\/9346"}],"wp:attachment":[{"href":"https:\/\/montael.com\/index.php?rest_route=%2Fwp%2Fv2%2Fmedia&parent=9345"}],"wp:term":[{"taxonomy":"product_cat","embeddable":true,"href":"https:\/\/montael.com\/index.php?rest_route=%2Fwp%2Fv2%2Fproduct_cat&post=9345"},{"taxonomy":"product_tag","embeddable":true,"href":"https:\/\/montael.com\/index.php?rest_route=%2Fwp%2Fv2%2Fproduct_tag&post=9345"}],"curies":[{"name":"wp","href":"https:\/\/api.w.org\/{rel}","templated":true}]}}

<ul>
<li>Vidro temperado de 6mm</li>
<li>Perfis em alumínio cromado</li>
<li>Altura standard do vidro 2000mm</li>
<li>Fácil instalação</li>
<li>Com tratamento anticalcário</li>
<li>Com fecho soft-close</li>
</ul>
