

{"id":9325,"date":"2025-03-10T16:49:02","date_gmt":"2025-03-10T16:49:02","guid":{"rendered":"https:\/\/montael.com\/new_site\/?post_type=product&#038;p=9325"},"modified":"2025-06-06T16:24:59","modified_gmt":"2025-06-06T15:24:59","slug":"leci-a-sc8-1000x800-cromado-com-vidro-transparente","status":"publish","type":"product","link":"https:\/\/montael.com\/?product=leci-a-sc8-1000x800-cromado-com-vidro-transparente","title":{"rendered":"LECI A SC8 1000&#215;800 Cromado com Vidro Transparente"},"content":{"rendered":"<ul>\n<li>Vidro temperado de 6mm<\/li>\n<li>Perfis em alum\u00ednio cromado<\/li>\n<li>Altura standard do vidro 2000mm<\/li>\n<li>F\u00e1cil instala\u00e7\u00e3o<\/li>\n<li>Com tratamento anticalc\u00e1rio<\/li>\n<li>Com fecho soft-close<\/li>\n<\/ul>\n","protected":false},"excerpt":{"rendered":"<p><img decoding=\"async\" class=\"alignnone wp-image-9321\" src=\"https:\/\/montael.com\/new_site\/wp-content\/uploads\/2025\/03\/Acabamento-Cromado-300x300.png\" alt=\"\" width=\"25\" height=\"25\" srcset=\"https:\/\/montael.com\/new_site\/wp-content\/uploads\/2025\/03\/Acabamento-Cromado-300x300.png 300w, https:\/\/montael.com\/new_site\/wp-content\/uploads\/2025\/03\/Acabamento-Cromado-150x150.png 150w, https:\/\/montael.com\/new_site\/wp-content\/uploads\/2025\/03\/Acabamento-Cromado-768x768.png 768w, https:\/\/montael.com\/new_site\/wp-content\/uploads\/2025\/03\/Acabamento-Cromado-180x180.png 180w, https:\/\/montael.com\/new_site\/wp-content\/uploads\/2025\/03\/Acabamento-Cromado-46x46.png 46w, https:\/\/montael.com\/new_site\/wp-content\/uploads\/2025\/03\/Acabamento-Cromado-100x100.png 100w, https:\/\/montael.com\/new_site\/wp-content\/uploads\/2025\/03\/Acabamento-Cromado-54x54.png 54w, https:\/\/montael.com\/new_site\/wp-content\/uploads\/2025\/03\/Acabamento-Cromado-310x310.png 310w, https:\/\/montael.com\/new_site\/wp-content\/uploads\/2025\/03\/Acabamento-Cromado-80x80.png 80w, https:\/\/montael.com\/new_site\/wp-content\/uploads\/2025\/03\/Acabamento-Cromado.png 834w\" sizes=\"(max-width: 25px) 100vw, 25px\" \/> Cromado<\/p>\n<p>Marca: Italbox<\/p>\n","protected":false},"featured_media":9320,"template":"","meta":[],"product_cat":[330,149,325,326],"product_tag":[],"class_list":{"0":"post-9325","1":"product","2":"type-product","3":"status-publish","4":"has-post-thumbnail","6":"product_cat-cabine","7":"product_cat-casa-de-banho","8":"product_cat-resguardos","9":"product_cat-resguardos-duche","10":"ts_product_brand-italbox","12":"first","13":"instock","14":"taxable","15":"shipping-taxable","16":"product-type-simple"},"_links":{"self":[{"href":"https:\/\/montael.com\/index.php?rest_route=\/wp\/v2\/product\/9325","targetHints":{"allow":["GET"]}}],"collection":[{"href":"https:\/\/montael.com\/index.php?rest_route=\/wp\/v2\/product"}],"about":[{"href":"https:\/\/montael.com\/index.php?rest_route=\/wp\/v2\/types\/product"}],"wp:featuredmedia":[{"embeddable":true,"href":"https:\/\/montael.com\/index.php?rest_route=\/wp\/v2\/media\/9320"}],"wp:attachment":[{"href":"https:\/\/montael.com\/index.php?rest_route=%2Fwp%2Fv2%2Fmedia&parent=9325"}],"wp:term":[{"taxonomy":"product_cat","embeddable":true,"href":"https:\/\/montael.com\/index.php?rest_route=%2Fwp%2Fv2%2Fproduct_cat&post=9325"},{"taxonomy":"product_tag","embeddable":true,"href":"https:\/\/montael.com\/index.php?rest_route=%2Fwp%2Fv2%2Fproduct_tag&post=9325"}],"curies":[{"name":"wp","href":"https:\/\/api.w.org\/{rel}","templated":true}]}}

<ul>
<li>Vidro temperado de 6mm</li>
<li>Perfis em alumínio cromado</li>
<li>Altura standard do vidro 2000mm</li>
<li>Fácil instalação</li>
<li>Com tratamento anticalcário</li>
<li>Com fecho soft-close</li>
</ul>
