

{"id":9187,"date":"2025-02-21T15:04:11","date_gmt":"2025-02-21T15:04:11","guid":{"rendered":"https:\/\/montael.com\/new_site\/?post_type=product&#038;p=9187"},"modified":"2025-06-06T12:12:12","modified_gmt":"2025-06-06T11:12:12","slug":"traffic-soft-cinza-45x45","status":"publish","type":"product","link":"https:\/\/montael.com\/?product=traffic-soft-cinza-45x45","title":{"rendered":"Traffic Soft Cinza 45&#215;45"},"content":{"rendered":"<p class=\"tw-data-text tw-text-large tw-ta\" dir=\"ltr\" data-placeholder=\"Tradu\u00e7\u00e3o\" aria-label=\"Texto traduzido\" data-ved=\"2ahUKEwjh4KHixt-FAxUuBdsEHYLLA8QQ3ewLegQIExAU\">&#8220;Solu\u00e7\u00e3o para grandes espa\u00e7os, modernos e imponentes&#8221;<\/p>\n<p dir=\"ltr\" data-placeholder=\"Tradu\u00e7\u00e3o\" aria-label=\"Texto traduzido\" data-ved=\"2ahUKEwjh4KHixt-FAxUuBdsEHYLLA8QQ3ewLegQIExAU\"><strong>Caracter\u00edsticas:<\/strong><\/p>\n<ul>\n<li>45&#215;45<\/li>\n<li>Espessura: 8 mm<\/li>\n<li>Efeito: Cimento<\/li>\n<li>Porcelanato Vidrado Pasta Corada, Natural<\/li>\n<li>Varia\u00e7\u00e3o: V1 &#8211; Uniforme<\/li>\n<li>Baixo Tr\u00e1fego<\/li>\n<li>Recomendado para pavimento interior<\/li>\n<\/ul>\n<p>&nbsp;<\/p>\n","protected":false},"excerpt":{"rendered":"<ul>\n<li>Unidade Venda: M2<\/li>\n<li>Pre\u00e7o Caixa: 23,71\u20ac\/Caixa (1.62m2)<\/li>\n<\/ul>\n<p><strong>Packing:<\/strong><\/p>\n<ul>\n<li>Caixa: 5 pe\u00e7as; 1.62m2; 27.20Kg<\/li>\n<li>Palete: 44 Caixas; 71.28m2; 1222Kg<\/li>\n<\/ul>\n<p>Marca: Domin\u00f3<\/p>\n","protected":false},"featured_media":9189,"template":"","meta":[],"product_cat":[285,152,145],"product_tag":[],"class_list":{"0":"post-9187","1":"product","2":"type-product","3":"status-publish","4":"has-post-thumbnail","6":"product_cat-cimento","7":"product_cat-pavimentos","8":"product_cat-ceramica","9":"ts_product_brand-domino","11":"first","12":"instock","13":"taxable","14":"shipping-taxable","15":"product-type-simple"},"_links":{"self":[{"href":"https:\/\/montael.com\/index.php?rest_route=\/wp\/v2\/product\/9187","targetHints":{"allow":["GET"]}}],"collection":[{"href":"https:\/\/montael.com\/index.php?rest_route=\/wp\/v2\/product"}],"about":[{"href":"https:\/\/montael.com\/index.php?rest_route=\/wp\/v2\/types\/product"}],"wp:featuredmedia":[{"embeddable":true,"href":"https:\/\/montael.com\/index.php?rest_route=\/wp\/v2\/media\/9189"}],"wp:attachment":[{"href":"https:\/\/montael.com\/index.php?rest_route=%2Fwp%2Fv2%2Fmedia&parent=9187"}],"wp:term":[{"taxonomy":"product_cat","embeddable":true,"href":"https:\/\/montael.com\/index.php?rest_route=%2Fwp%2Fv2%2Fproduct_cat&post=9187"},{"taxonomy":"product_tag","embeddable":true,"href":"https:\/\/montael.com\/index.php?rest_route=%2Fwp%2Fv2%2Fproduct_tag&post=9187"}],"curies":[{"name":"wp","href":"https:\/\/api.w.org\/{rel}","templated":true}]}}