

{"id":9142,"date":"2025-02-19T12:10:59","date_gmt":"2025-02-19T12:10:59","guid":{"rendered":"https:\/\/montael.com\/new_site\/?post_type=product&#038;p=9142"},"modified":"2025-06-11T10:40:11","modified_gmt":"2025-06-11T09:40:11","slug":"webertec-refract-25-kg-cinza","status":"publish","type":"product","link":"https:\/\/montael.com\/?product=webertec-refract-25-kg-cinza","title":{"rendered":"Webertec Refract 25 Kg | Cinza"},"content":{"rendered":"<div id=\"descriptions\" class=\"block-field-marketing-description block block-layout-builder anchor section-on-focus\">\n<p class=\"table-default clearfix text-formatted field field--name-field-marketing-description field--type-text-long field--label-hidden field__item\"><strong>UTILIZA\u00c7\u00d5ES<\/strong><\/p>\n<ul>\n<li>Assentamento de alvenarias de tijolo refrat\u00e1rio em lareiras e fornos.<\/li>\n<li>Assentamento de tijolo em contacto com \u00e1guas sulfatadas ou \u00e1cidas (pH &gt; 4), ind\u00fastrias alimentares, l\u00e1cteas, efluentes industriais, redes de esgoto e de saneamento.<\/li>\n<\/ul>\n<p class=\"table-default clearfix text-formatted field field--name-field-marketing-description field--type-text-long field--label-hidden field__item\"><strong>SUPORTES ADMISS\u00cdVEIS<\/strong><\/p>\n<ul>\n<li>Tijolo refrat\u00e1rio.<\/li>\n<\/ul>\n<\/div>\n<div class=\"taxonomy-term-icon__wrapper block-field-extra-taxonomy-5 block-layout-builder block block-mac3-common\">\n<p><strong>Informa\u00e7\u00e3o T\u00e9cnica:<\/strong><\/p>\n<div class=\"item-list\">\n<p><strong>Consumo | Caracter\u00edsticas<\/strong><\/p>\n<p>Aprox. 30 kg\/m\u00b2 para elementos com 23 x 11 x 6 cm<\/p>\n<\/div>\n<\/div>\n","protected":false},"excerpt":{"rendered":"<p>Argamassa refrat\u00e1ria para alvenaria.<\/p>\n<ul>\n<li>Elevada resist\u00eancia t\u00e9rmica.<\/li>\n<li>Endurecimento r\u00e1pido.<\/li>\n<li>Resist\u00eancia mec\u00e2nica elevada (M20)<\/li>\n<li>Embalagem: 25Kg<\/li>\n<\/ul>\n<div>Marca: Weber<\/div>\n","protected":false},"featured_media":9127,"template":"","meta":[],"product_cat":[287,286,146],"product_tag":[],"class_list":{"0":"post-9142","1":"product","2":"type-product","3":"status-publish","4":"has-post-thumbnail","6":"product_cat-argamassas-cimento-construcao","7":"product_cat-cimento-construcao","8":"product_cat-construcao","9":"ts_product_brand-weber","11":"first","12":"instock","13":"taxable","14":"shipping-taxable","15":"product-type-simple"},"_links":{"self":[{"href":"https:\/\/montael.com\/index.php?rest_route=\/wp\/v2\/product\/9142","targetHints":{"allow":["GET"]}}],"collection":[{"href":"https:\/\/montael.com\/index.php?rest_route=\/wp\/v2\/product"}],"about":[{"href":"https:\/\/montael.com\/index.php?rest_route=\/wp\/v2\/types\/product"}],"wp:featuredmedia":[{"embeddable":true,"href":"https:\/\/montael.com\/index.php?rest_route=\/wp\/v2\/media\/9127"}],"wp:attachment":[{"href":"https:\/\/montael.com\/index.php?rest_route=%2Fwp%2Fv2%2Fmedia&parent=9142"}],"wp:term":[{"taxonomy":"product_cat","embeddable":true,"href":"https:\/\/montael.com\/index.php?rest_route=%2Fwp%2Fv2%2Fproduct_cat&post=9142"},{"taxonomy":"product_tag","embeddable":true,"href":"https:\/\/montael.com\/index.php?rest_route=%2Fwp%2Fv2%2Fproduct_tag&post=9142"}],"curies":[{"name":"wp","href":"https:\/\/api.w.org\/{rel}","templated":true}]}}

<div id="descriptions" class="block-field-marketing-description block block-layout-builder anchor section-on-focus">
<p class="table-default clearfix text-formatted field field--name-field-marketing-description field--type-text-long field--label-hidden field__item"><strong>UTILIZAÇÕES</strong></p>
<ul>
<li>Assentamento de alvenarias de tijolo refratário em lareiras e fornos.</li>
<li>Assentamento de tijolo em contacto com águas sulfatadas ou ácidas (pH &gt; 4), indústrias alimentares, lácteas, efluentes industriais, redes de esgoto e de saneamento.</li>
</ul>
<p class="table-default clearfix text-formatted field field--name-field-marketing-description field--type-text-long field--label-hidden field__item"><strong>SUPORTES ADMISSÍVEIS</strong></p>
<ul>
<li>Tijolo refratário.</li>
</ul>
</div>
<div class="taxonomy-term-icon__wrapper block-field-extra-taxonomy-5 block-layout-builder block block-mac3-common">
<p><strong>Informação Técnica:</strong></p>
<div class="item-list">
<p><strong>Consumo | Características</strong></p>
<p>Aprox. 30 kg/m² para elementos com 23 x 11 x 6 cm</p>
</div>
</div>

<p>Argamassa refratária para alvenaria.</p>
<ul>
<li>Elevada resistência térmica.</li>
<li>Endurecimento rápido.</li>
<li>Resistência mecânica elevada (M20)</li>
<li>Embalagem: 25Kg</li>
</ul>
<div>Marca: Weber</div>
