

{"id":9128,"date":"2025-02-19T11:40:47","date_gmt":"2025-02-19T11:40:47","guid":{"rendered":"https:\/\/montael.com\/new_site\/?post_type=product&#038;p=9128"},"modified":"2025-02-19T11:43:02","modified_gmt":"2025-02-19T11:43:02","slug":"weberfloor-base-rapid-25-kg-cinza","status":"publish","type":"product","link":"https:\/\/montael.com\/?product=weberfloor-base-rapid-25-kg-cinza","title":{"rendered":"Weberfloor Base Rapid 25 Kg | Cinza"},"content":{"rendered":"<div id=\"descriptions\" class=\"block-field-marketing-description block block-layout-builder anchor section-on-focus\">\n<p class=\"table-default clearfix text-formatted field field--name-field-marketing-description field--type-text-long field--label-hidden field__item\"><strong>UTILIZA\u00c7\u00d5ES<\/strong><\/p>\n<ul>\n<li>Enchimento e regulariza\u00e7\u00e3o de pavimentos onde seja necess\u00e1ria uma r\u00e1pida coloca\u00e7\u00e3o do revestimento final e\/ou haja necessidade de resist\u00eancias mec\u00e2nicas elevadas.<\/li>\n<li>Apto para projetos de renova\u00e7\u00e3o e para constru\u00e7\u00f5es novas.<\/li>\n<\/ul>\n<p class=\"table-default clearfix text-formatted field field--name-field-marketing-description field--type-text-long field--label-hidden field__item\"><strong>SUPORTES ADMISS\u00cdVEIS<\/strong><\/p>\n<ul>\n<li>Bet\u00e3o ou betonilha, cuja superf\u00edcie tenha resist\u00eancia m\u00ednima \u00e0 tra\u00e7\u00e3o de 0,5 N\/mm\u00b2.<\/li>\n<li>Pode ser aplicada flutuante (refor\u00e7ada com incorpora\u00e7\u00e3o de rede weberfloor rede G120), sobre suportes n\u00e3o deform\u00e1veis ou ligeiramente deform\u00e1veis como XPS em coberturas.<\/li>\n<\/ul>\n<\/div>\n<div class=\"taxonomy-term-icon__wrapper block-field-extra-taxonomy-5 block-layout-builder block block-mac3-common\">\n<p><strong>Informa\u00e7\u00e3o T\u00e9cnica:<\/strong><\/p>\n<div class=\"item-list\">\n<p><strong>Consumo | Caracter\u00edsticas<\/strong><\/p>\n<p>20 kg\/m\u00b2 por cm de espessura<\/p>\n<\/div>\n<\/div>\n","protected":false},"excerpt":{"rendered":"<p>Betonilha de secagem r\u00e1pida com elevada resist\u00eancia.<\/p>\n<ul>\n<li>Secagem r\u00e1pida.<\/li>\n<li>Elevada resist\u00eancia mec\u00e2nica.<\/li>\n<li>Aplica\u00e7\u00e3o interior e exterior.<\/li>\n<li>Embalagem: 25Kg<\/li>\n<\/ul>\n","protected":false},"featured_media":9129,"template":"","meta":[],"product_cat":[146,226],"product_tag":[],"class_list":{"0":"post-9128","1":"product","2":"type-product","3":"status-publish","4":"has-post-thumbnail","6":"product_cat-construcao","7":"product_cat-regularizacao","9":"first","10":"instock","11":"taxable","12":"shipping-taxable","13":"product-type-simple"},"_links":{"self":[{"href":"https:\/\/montael.com\/index.php?rest_route=\/wp\/v2\/product\/9128","targetHints":{"allow":["GET"]}}],"collection":[{"href":"https:\/\/montael.com\/index.php?rest_route=\/wp\/v2\/product"}],"about":[{"href":"https:\/\/montael.com\/index.php?rest_route=\/wp\/v2\/types\/product"}],"wp:featuredmedia":[{"embeddable":true,"href":"https:\/\/montael.com\/index.php?rest_route=\/wp\/v2\/media\/9129"}],"wp:attachment":[{"href":"https:\/\/montael.com\/index.php?rest_route=%2Fwp%2Fv2%2Fmedia&parent=9128"}],"wp:term":[{"taxonomy":"product_cat","embeddable":true,"href":"https:\/\/montael.com\/index.php?rest_route=%2Fwp%2Fv2%2Fproduct_cat&post=9128"},{"taxonomy":"product_tag","embeddable":true,"href":"https:\/\/montael.com\/index.php?rest_route=%2Fwp%2Fv2%2Fproduct_tag&post=9128"}],"curies":[{"name":"wp","href":"https:\/\/api.w.org\/{rel}","templated":true}]}}