

{"id":9119,"date":"2025-02-19T10:53:49","date_gmt":"2025-02-19T10:53:49","guid":{"rendered":"https:\/\/montael.com\/new_site\/?post_type=product&#038;p=9119"},"modified":"2025-06-11T10:54:08","modified_gmt":"2025-06-11T09:54:08","slug":"webertherm-pro-25-kg-cinza","status":"publish","type":"product","link":"https:\/\/montael.com\/?product=webertherm-pro-25-kg-cinza","title":{"rendered":"Webertherm Pro 25 Kg | Cinza"},"content":{"rendered":"<div id=\"descriptions\" class=\"block-field-marketing-description block block-layout-builder anchor section-on-focus\">\n<p class=\"table-default clearfix text-formatted field field--name-field-marketing-description field--type-text-long field--label-hidden field__item\"><strong>UTILIZA\u00c7\u00d5ES<\/strong><\/p>\n<ul>\n<li>Colagem e revestimento de placas isolantes em sistemas webertherm sobre suportes com absor\u00e7\u00e3o, pastilha cer\u00e2mica ou tinta n\u00e3o el\u00e1stica.<\/li>\n<li>Barramento para renova\u00e7\u00e3o e regulariza\u00e7\u00e3o em suportes com absor\u00e7\u00e3o.<\/li>\n<\/ul>\n<p class=\"table-default clearfix text-formatted field field--name-field-marketing-description field--type-text-long field--label-hidden field__item\"><strong>SUPORTES ADMISS\u00cdVEIS<\/strong><\/p>\n<p>Em sistemas de Isolamento T\u00e9rmico pelo Exterior:<\/p>\n<ul>\n<li>Alvenaria de bloco de bet\u00e3o leve, tijolo, bloco de cimento, bet\u00e3o, pintura n\u00e3o el\u00e1stica, pastilha cer\u00e2mica<\/li>\n<li>Placas de poliestireno expandido (EPS) ou extrutido sem pele (XPS), aglomerado de corti\u00e7a expandida, placas de l\u00e3 de vidro ou l\u00e3 de rocha, reboco isolante.<\/li>\n<\/ul>\n<p>Em barramento de renova\u00e7\u00e3o de suportes.<\/p>\n<ul>\n<li>Reboco de cimento e bet\u00e3o absorvente.<\/li>\n<\/ul>\n<\/div>\n<div class=\"taxonomy-term-icon__wrapper block-field-extra-taxonomy-5 block-layout-builder block block-mac3-common\">\n<p><strong>Informa\u00e7\u00e3o T\u00e9cnica:<\/strong><\/p>\n<div class=\"item-list\">\n<p><strong>Consumo | Caracter\u00edsticas: <\/strong><\/p>\n<p>8 a 10 kg\/m2 para colagem e barramento das placas isolantes<br \/>\n1,6 kg\/m2\/mm para barramento de renova\u00e7\u00e3o<\/p>\n<\/div>\n<\/div>\n","protected":false},"excerpt":{"rendered":"<p>Colagem e revestimento de placas isolantes em sistemas ETICS.<\/p>\n<ul>\n<li>Elevada ader\u00eancia.<\/li>\n<li>Aditivado com fibras.<\/li>\n<li>Para sistemas webertherm.<\/li>\n<li>Cores: Cinza<\/li>\n<li>Embalagem: 25Kg<\/li>\n<\/ul>\n<p>Marca: Weber<\/p>\n","protected":false},"featured_media":9120,"template":"","meta":[],"product_cat":[224,154,146,289],"product_tag":[],"class_list":{"0":"post-9119","1":"product","2":"type-product","3":"status-publish","4":"has-post-thumbnail","6":"product_cat-colas","7":"product_cat-colas-e-betumes","8":"product_cat-construcao","9":"product_cat-sistema-etics","10":"ts_product_brand-weber","12":"first","13":"instock","14":"taxable","15":"shipping-taxable","16":"product-type-simple"},"_links":{"self":[{"href":"https:\/\/montael.com\/index.php?rest_route=\/wp\/v2\/product\/9119","targetHints":{"allow":["GET"]}}],"collection":[{"href":"https:\/\/montael.com\/index.php?rest_route=\/wp\/v2\/product"}],"about":[{"href":"https:\/\/montael.com\/index.php?rest_route=\/wp\/v2\/types\/product"}],"wp:featuredmedia":[{"embeddable":true,"href":"https:\/\/montael.com\/index.php?rest_route=\/wp\/v2\/media\/9120"}],"wp:attachment":[{"href":"https:\/\/montael.com\/index.php?rest_route=%2Fwp%2Fv2%2Fmedia&parent=9119"}],"wp:term":[{"taxonomy":"product_cat","embeddable":true,"href":"https:\/\/montael.com\/index.php?rest_route=%2Fwp%2Fv2%2Fproduct_cat&post=9119"},{"taxonomy":"product_tag","embeddable":true,"href":"https:\/\/montael.com\/index.php?rest_route=%2Fwp%2Fv2%2Fproduct_tag&post=9119"}],"curies":[{"name":"wp","href":"https:\/\/api.w.org\/{rel}","templated":true}]}}

<div id="descriptions" class="block-field-marketing-description block block-layout-builder anchor section-on-focus">
<p class="table-default clearfix text-formatted field field--name-field-marketing-description field--type-text-long field--label-hidden field__item"><strong>UTILIZAÇÕES</strong></p>
<ul>
<li>Colagem e revestimento de placas isolantes em sistemas webertherm sobre suportes com absorção, pastilha cerâmica ou tinta não elástica.</li>
<li>Barramento para renovação e regularização em suportes com absorção.</li>
</ul>
<p class="table-default clearfix text-formatted field field--name-field-marketing-description field--type-text-long field--label-hidden field__item"><strong>SUPORTES ADMISSÍVEIS</strong></p>
<p>Em sistemas de Isolamento Térmico pelo Exterior:</p>
<ul>
<li>Alvenaria de bloco de betão leve, tijolo, bloco de cimento, betão, pintura não elástica, pastilha cerâmica</li>
<li>Placas de poliestireno expandido (EPS) ou extrutido sem pele (XPS), aglomerado de cortiça expandida, placas de lã de vidro ou lã de rocha, reboco isolante.</li>
</ul>
<p>Em barramento de renovação de suportes.</p>
<ul>
<li>Reboco de cimento e betão absorvente.</li>
</ul>
</div>
<div class="taxonomy-term-icon__wrapper block-field-extra-taxonomy-5 block-layout-builder block block-mac3-common">
<p><strong>Informação Técnica:</strong></p>
<div class="item-list">
<p><strong>Consumo | Características: </strong></p>
<p>8 a 10 kg/m2 para colagem e barramento das placas isolantes<br />
1,6 kg/m2/mm para barramento de renovação</p>
</div>
</div>

<p>Colagem e revestimento de placas isolantes em sistemas ETICS.</p>
<ul>
<li>Elevada aderência.</li>
<li>Aditivado com fibras.</li>
<li>Para sistemas webertherm.</li>
<li>Cores: Cinza</li>
<li>Embalagem: 25Kg</li>
</ul>
<p>Marca: Weber</p>
