

{"id":9117,"date":"2025-02-19T10:50:31","date_gmt":"2025-02-19T10:50:31","guid":{"rendered":"https:\/\/montael.com\/new_site\/?post_type=product&#038;p=9117"},"modified":"2025-06-11T10:53:03","modified_gmt":"2025-06-11T09:53:03","slug":"weberdry-feel-15kg-cinza","status":"publish","type":"product","link":"https:\/\/montael.com\/?product=weberdry-feel-15kg-cinza","title":{"rendered":"Weberdry Feel 15KG | Cinza"},"content":{"rendered":"<div id=\"descriptions\" class=\"block-field-marketing-description block block-layout-builder anchor section-on-focus\">\n<p class=\"table-default clearfix text-formatted field field--name-field-marketing-description field--type-text-long field--label-hidden field__item\"><strong>UTILIZA\u00c7\u00d5ES<\/strong><\/p>\n<ul>\n<li>Impermeabiliza\u00e7\u00e3o de paredes e pavimentos em \u00e1reas h\u00famidas (casas de banho, cozinhas, varandas e pequenos terra\u00e7os), antes da colagem de cer\u00e2mica;<\/li>\n<li>Superf\u00edcies microfissuradas \u00e0 base de cimento.<\/li>\n<\/ul>\n<p class=\"table-default clearfix text-formatted field field--name-field-marketing-description field--type-text-long field--label-hidden field__item\"><strong>SUPORTES ADMISS\u00cdVEIS<\/strong><\/p>\n<ul>\n<li>Bet\u00e3o, rebocos de cimento e cal;<\/li>\n<li>Cer\u00e2mica ou pedra antiga;<\/li>\n<li>Gesso ou placas de gesso (sem necessidade de uso de prim\u00e1rio);<\/li>\n<li>Placas comp\u00f3sitas de cimento.<\/li>\n<\/ul>\n<\/div>\n<div class=\"taxonomy-term-icon__wrapper block-field-extra-taxonomy-5 block-layout-builder block block-mac3-common\">\n<p><strong>Informa\u00e7\u00e3o T\u00e9cnica:<\/strong><\/p>\n<div class=\"item-list\">\n<p><strong>Consumo | Caracter\u00edsticas: <\/strong><\/p>\n<p>2,5 a 3,5 kg\/m<sup>2<\/sup><\/p>\n<\/div>\n<\/div>\n","protected":false},"excerpt":{"rendered":"<p>Impermeabiliza\u00e7\u00e3o flex\u00edvel pronta a aplicar<\/p>\n<ul>\n<li>Para casas de banho, zonas h\u00famidas, varandas e terra\u00e7os.<\/li>\n<li>Revest\u00edvel com cer\u00e2mica ou pedra.<\/li>\n<li>Menor esfor\u00e7o na aplica\u00e7\u00e3o e manuseamento<\/li>\n<li>Cor: Cinza<\/li>\n<li>Embalagem: 15Kg<\/li>\n<\/ul>\n<p>Marca: Weber<\/p>\n","protected":false},"featured_media":9118,"template":"","meta":[],"product_cat":[295,146,155],"product_tag":[],"class_list":{"0":"post-9117","1":"product","2":"type-product","3":"status-publish","4":"has-post-thumbnail","6":"product_cat-argamassas-impermeabilizacao","7":"product_cat-construcao","8":"product_cat-impermeabilizacao","9":"ts_product_brand-weber","11":"first","12":"instock","13":"taxable","14":"shipping-taxable","15":"product-type-simple"},"_links":{"self":[{"href":"https:\/\/montael.com\/index.php?rest_route=\/wp\/v2\/product\/9117","targetHints":{"allow":["GET"]}}],"collection":[{"href":"https:\/\/montael.com\/index.php?rest_route=\/wp\/v2\/product"}],"about":[{"href":"https:\/\/montael.com\/index.php?rest_route=\/wp\/v2\/types\/product"}],"wp:featuredmedia":[{"embeddable":true,"href":"https:\/\/montael.com\/index.php?rest_route=\/wp\/v2\/media\/9118"}],"wp:attachment":[{"href":"https:\/\/montael.com\/index.php?rest_route=%2Fwp%2Fv2%2Fmedia&parent=9117"}],"wp:term":[{"taxonomy":"product_cat","embeddable":true,"href":"https:\/\/montael.com\/index.php?rest_route=%2Fwp%2Fv2%2Fproduct_cat&post=9117"},{"taxonomy":"product_tag","embeddable":true,"href":"https:\/\/montael.com\/index.php?rest_route=%2Fwp%2Fv2%2Fproduct_tag&post=9117"}],"curies":[{"name":"wp","href":"https:\/\/api.w.org\/{rel}","templated":true}]}}

<div id="descriptions" class="block-field-marketing-description block block-layout-builder anchor section-on-focus">
<p class="table-default clearfix text-formatted field field--name-field-marketing-description field--type-text-long field--label-hidden field__item"><strong>UTILIZAÇÕES</strong></p>
<ul>
<li>Impermeabilização de paredes e pavimentos em áreas húmidas (casas de banho, cozinhas, varandas e pequenos terraços), antes da colagem de cerâmica;</li>
<li>Superfícies microfissuradas à base de cimento.</li>
</ul>
<p class="table-default clearfix text-formatted field field--name-field-marketing-description field--type-text-long field--label-hidden field__item"><strong>SUPORTES ADMISSÍVEIS</strong></p>
<ul>
<li>Betão, rebocos de cimento e cal;</li>
<li>Cerâmica ou pedra antiga;</li>
<li>Gesso ou placas de gesso (sem necessidade de uso de primário);</li>
<li>Placas compósitas de cimento.</li>
</ul>
</div>
<div class="taxonomy-term-icon__wrapper block-field-extra-taxonomy-5 block-layout-builder block block-mac3-common">
<p><strong>Informação Técnica:</strong></p>
<div class="item-list">
<p><strong>Consumo | Características: </strong></p>
<p>2,5 a 3,5 kg/m<sup>2</sup></p>
</div>
</div>

<p>Impermeabilização flexível pronta a aplicar</p>
<ul>
<li>Para casas de banho, zonas húmidas, varandas e terraços.</li>
<li>Revestível com cerâmica ou pedra.</li>
<li>Menor esforço na aplicação e manuseamento</li>
<li>Cor: Cinza</li>
<li>Embalagem: 15Kg</li>
</ul>
<p>Marca: Weber</p>
