

{"id":9085,"date":"2025-02-19T09:37:07","date_gmt":"2025-02-19T09:37:07","guid":{"rendered":"https:\/\/montael.com\/new_site\/?post_type=product&#038;p=9085"},"modified":"2025-06-11T10:58:48","modified_gmt":"2025-06-11T09:58:48","slug":"webercol-classic-25-kg-cinza","status":"publish","type":"product","link":"https:\/\/montael.com\/?product=webercol-classic-25-kg-cinza","title":{"rendered":"Webercol Classic 25 Kg | Cinza"},"content":{"rendered":"<div id=\"descriptions\" class=\"block-field-marketing-description block block-layout-builder anchor section-on-focus\">\n<p>Colagem de pe\u00e7as porosas e absorventes de pequeno e m\u00e9dio formato no interior sobre rebocos e betonilhas.<\/p>\n<ul>\n<li>Baixo deslizamento.<\/li>\n<li>Boa ader\u00eancia.<\/li>\n<\/ul>\n<p class=\"table-default clearfix text-formatted field field--name-field-marketing-description field--type-text-long field--label-hidden field__item\"><strong>UTILIZA\u00c7\u00d5ES<\/strong><\/p>\n<ul>\n<li>Colagem de pe\u00e7as porosas at\u00e9 3.600 cm\u00b2 (60 cm x 60 cm) em interiores, sobre rebocos e betonilhas.<\/li>\n<\/ul>\n<p class=\"table-default clearfix text-formatted field field--name-field-marketing-description field--type-text-long field--label-hidden field__item\"><strong>SUPORTES ADMISS\u00cdVEIS<\/strong><\/p>\n<ul>\n<li>Rebocos de cimento e cal.<\/li>\n<li>Bet\u00e3o.<\/li>\n<li>Betonilhas.<\/li>\n<\/ul>\n<\/div>\n<div class=\"taxonomy-term-icon__wrapper block-field-extra-taxonomy-5 block-layout-builder block block-mac3-common\">\n<p><strong>Informa\u00e7\u00e3o T\u00e9cnica:<\/strong><\/p>\n<div class=\"item-list\">\n<p><strong>Consumo | Caracter\u00edsticas: <\/strong><\/p>\n<ul>\n<li>Talocha denteada 6 mm, colagem simples: 5 kg\/m\u00b2<\/li>\n<li>Talocha denteada 6 mm, colagem dupla: 6 kg\/m\u00b2<\/li>\n<li>Talocha denteada 9 mm, colagem simples: 7 kg\/m\u00b2<\/li>\n<li>Talocha denteada 9 mm, colagem dupla: 8 kg\/m\u00b2<\/li>\n<\/ul>\n<\/div>\n<\/div>\n","protected":false},"excerpt":{"rendered":"<ul>\n<li>Cores: Cinza<\/li>\n<li>Embalagem: 25Kg<\/li>\n<li>Utiliza\u00e7\u00e3o | Colagem<\/li>\n<\/ul>\n<p>Marca: Weber<\/p>\n","protected":false},"featured_media":9086,"template":"","meta":[],"product_cat":[288,224,154,146],"product_tag":[],"class_list":{"0":"post-9085","1":"product","2":"type-product","3":"status-publish","4":"has-post-thumbnail","6":"product_cat-ceramica-colas","7":"product_cat-colas","8":"product_cat-colas-e-betumes","9":"product_cat-construcao","10":"ts_product_brand-weber","12":"first","13":"instock","14":"taxable","15":"shipping-taxable","16":"product-type-simple"},"_links":{"self":[{"href":"https:\/\/montael.com\/index.php?rest_route=\/wp\/v2\/product\/9085","targetHints":{"allow":["GET"]}}],"collection":[{"href":"https:\/\/montael.com\/index.php?rest_route=\/wp\/v2\/product"}],"about":[{"href":"https:\/\/montael.com\/index.php?rest_route=\/wp\/v2\/types\/product"}],"wp:featuredmedia":[{"embeddable":true,"href":"https:\/\/montael.com\/index.php?rest_route=\/wp\/v2\/media\/9086"}],"wp:attachment":[{"href":"https:\/\/montael.com\/index.php?rest_route=%2Fwp%2Fv2%2Fmedia&parent=9085"}],"wp:term":[{"taxonomy":"product_cat","embeddable":true,"href":"https:\/\/montael.com\/index.php?rest_route=%2Fwp%2Fv2%2Fproduct_cat&post=9085"},{"taxonomy":"product_tag","embeddable":true,"href":"https:\/\/montael.com\/index.php?rest_route=%2Fwp%2Fv2%2Fproduct_tag&post=9085"}],"curies":[{"name":"wp","href":"https:\/\/api.w.org\/{rel}","templated":true}]}}

<div id="descriptions" class="block-field-marketing-description block block-layout-builder anchor section-on-focus">
<p>Colagem de peças porosas e absorventes de pequeno e médio formato no interior sobre rebocos e betonilhas.</p>
<ul>
<li>Baixo deslizamento.</li>
<li>Boa aderência.</li>
</ul>
<p class="table-default clearfix text-formatted field field--name-field-marketing-description field--type-text-long field--label-hidden field__item"><strong>UTILIZAÇÕES</strong></p>
<ul>
<li>Colagem de peças porosas até 3.600 cm² (60 cm x 60 cm) em interiores, sobre rebocos e betonilhas.</li>
</ul>
<p class="table-default clearfix text-formatted field field--name-field-marketing-description field--type-text-long field--label-hidden field__item"><strong>SUPORTES ADMISSÍVEIS</strong></p>
<ul>
<li>Rebocos de cimento e cal.</li>
<li>Betão.</li>
<li>Betonilhas.</li>
</ul>
</div>
<div class="taxonomy-term-icon__wrapper block-field-extra-taxonomy-5 block-layout-builder block block-mac3-common">
<p><strong>Informação Técnica:</strong></p>
<div class="item-list">
<p><strong>Consumo | Características: </strong></p>
<ul>
<li>Talocha denteada 6 mm, colagem simples: 5 kg/m²</li>
<li>Talocha denteada 6 mm, colagem dupla: 6 kg/m²</li>
<li>Talocha denteada 9 mm, colagem simples: 7 kg/m²</li>
<li>Talocha denteada 9 mm, colagem dupla: 8 kg/m²</li>
</ul>
</div>
</div>

<ul>
<li>Cores: Cinza</li>
<li>Embalagem: 25Kg</li>
<li>Utilização | Colagem</li>
</ul>
<p>Marca: Weber</p>
