

{"id":9071,"date":"2025-02-18T18:00:06","date_gmt":"2025-02-18T18:00:06","guid":{"rendered":"https:\/\/montael.com\/new_site\/?post_type=product&#038;p=9071"},"modified":"2025-06-11T11:03:33","modified_gmt":"2025-06-11T10:03:33","slug":"webercolor-premium-5-kg-bege","status":"publish","type":"product","link":"https:\/\/montael.com\/?product=webercolor-premium-5-kg-bege","title":{"rendered":"Webercolor Premium + 5 Kg | Bege"},"content":{"rendered":"<p>Betuma\u00e7\u00e3o de juntas de coloca\u00e7\u00e3o de cer\u00e2mica, pedra natural e mosaico hidr\u00e1ulico de 2mm a 15mm, no interior e exterior com resist\u00eancia a fungos e bact\u00e9rias<\/p>\n<ul>\n<li style=\"list-style-type: none;\">\n<ul>\n<li>Resid\u00eancias particulares:\n<ul>\n<li>cozinhas e casas de banho;<\/li>\n<li>paredes e pavimentos interiores e exteriores;<\/li>\n<li>varandas.<\/li>\n<\/ul>\n<\/li>\n<li>Hotelaria, resid\u00eancias p\u00fablicas e com\u00e9rcio:\n<ul>\n<li>quartos e casas de banho;<\/li>\n<li>locais de circula\u00e7\u00e3o p\u00fablica interiores e exteriores.<\/li>\n<\/ul>\n<\/li>\n<li>Fachadas:\n<ul>\n<li>edif\u00edcios multifamiliares, unifamiliares e p\u00fablicos.<\/li>\n<\/ul>\n<\/li>\n<\/ul>\n<\/li>\n<li>Betuma\u00e7\u00e3o com processo de limpeza melhorado.<\/li>\n<\/ul>\n<p><strong>Suportes admiss\u00edveis:<\/strong><\/p>\n<ul>\n<li>Argamassa ciment\u00edcia.<\/li>\n<li>Cer\u00e2mica e pedra natural.<\/li>\n<\/ul>\n","protected":false},"excerpt":{"rendered":"<p><img decoding=\"async\" class=\"alignnone wp-image-9072\" src=\"https:\/\/montael.com\/new_site\/wp-content\/uploads\/2025\/02\/bege.jpg\" alt=\"\" width=\"105\" height=\"48\" srcset=\"https:\/\/montael.com\/new_site\/wp-content\/uploads\/2025\/02\/bege.jpg 183w, https:\/\/montael.com\/new_site\/wp-content\/uploads\/2025\/02\/bege-180x84.jpg 180w\" sizes=\"(max-width: 105px) 100vw, 105px\" \/><\/p>\n<ul>\n<li>Betuma\u00e7\u00e3o com acabamento fino e f\u00e1cil aplica\u00e7\u00e3o, para interiores e exteriores<\/li>\n<li>Cores: Bege<\/li>\n<li>Embalagem: 5Kg<\/li>\n<\/ul>\n<p>Marca: Weber<\/p>\n","protected":false},"featured_media":7701,"template":"","meta":[],"product_cat":[227,146],"product_tag":[],"class_list":{"0":"post-9071","1":"product","2":"type-product","3":"status-publish","4":"has-post-thumbnail","6":"product_cat-betumes","7":"product_cat-construcao","8":"ts_product_brand-weber","10":"first","11":"instock","12":"taxable","13":"shipping-taxable","14":"product-type-simple"},"_links":{"self":[{"href":"https:\/\/montael.com\/index.php?rest_route=\/wp\/v2\/product\/9071","targetHints":{"allow":["GET"]}}],"collection":[{"href":"https:\/\/montael.com\/index.php?rest_route=\/wp\/v2\/product"}],"about":[{"href":"https:\/\/montael.com\/index.php?rest_route=\/wp\/v2\/types\/product"}],"wp:featuredmedia":[{"embeddable":true,"href":"https:\/\/montael.com\/index.php?rest_route=\/wp\/v2\/media\/7701"}],"wp:attachment":[{"href":"https:\/\/montael.com\/index.php?rest_route=%2Fwp%2Fv2%2Fmedia&parent=9071"}],"wp:term":[{"taxonomy":"product_cat","embeddable":true,"href":"https:\/\/montael.com\/index.php?rest_route=%2Fwp%2Fv2%2Fproduct_cat&post=9071"},{"taxonomy":"product_tag","embeddable":true,"href":"https:\/\/montael.com\/index.php?rest_route=%2Fwp%2Fv2%2Fproduct_tag&post=9071"}],"curies":[{"name":"wp","href":"https:\/\/api.w.org\/{rel}","templated":true}]}}

<p>Betumação de juntas de colocação de cerâmica, pedra natural e mosaico hidráulico de 2mm a 15mm, no interior e exterior com resistência a fungos e bactérias</p>
<ul>
<li style="list-style-type: none;">
<ul>
<li>Residências particulares:
<ul>
<li>cozinhas e casas de banho;</li>
<li>paredes e pavimentos interiores e exteriores;</li>
<li>varandas.</li>
</ul>
</li>
<li>Hotelaria, residências públicas e comércio:
<ul>
<li>quartos e casas de banho;</li>
<li>locais de circulação pública interiores e exteriores.</li>
</ul>
</li>
<li>Fachadas:
<ul>
<li>edifícios multifamiliares, unifamiliares e públicos.</li>
</ul>
</li>
</ul>
</li>
<li>Betumação com processo de limpeza melhorado.</li>
</ul>
<p><strong>Suportes admissíveis:</strong></p>
<ul>
<li>Argamassa cimentícia.</li>
<li>Cerâmica e pedra natural.</li>
</ul>

<p><img decoding="async" class="alignnone wp-image-9072" src="https://montael.com/new_site/wp-content/uploads/2025/02/bege.jpg" alt="" width="105" height="48" srcset="https://montael.com/new_site/wp-content/uploads/2025/02/bege.jpg 183w, https://montael.com/new_site/wp-content/uploads/2025/02/bege-180x84.jpg 180w" sizes="(max-width: 105px) 100vw, 105px" /></p>
<ul>
<li>Betumação com acabamento fino e fácil aplicação, para interiores e exteriores</li>
<li>Cores: Bege</li>
<li>Embalagem: 5Kg</li>
</ul>
<p>Marca: Weber</p>
