

{"id":9068,"date":"2025-02-18T17:46:58","date_gmt":"2025-02-18T17:46:58","guid":{"rendered":"https:\/\/montael.com\/new_site\/?post_type=product&#038;p=9068"},"modified":"2025-02-24T11:15:38","modified_gmt":"2025-02-24T11:15:38","slug":"webertherm-uno-25-kg-cinza","status":"publish","type":"product","link":"https:\/\/montael.com\/?product=webertherm-uno-25-kg-cinza","title":{"rendered":"Webertherm Uno 25 Kg | Cinza"},"content":{"rendered":"<div id=\"descriptions\" class=\"block-field-marketing-description block block-layout-builder anchor section-on-focus\">\n<p class=\"table-default clearfix text-formatted field field--name-field-marketing-description field--type-text-long field--label-hidden field__item\"><strong>UTILIZA\u00c7\u00d5ES<\/strong><\/p>\n<ul>\n<li>Colagem e revestimento de poliestireno expandido (EPS), sobre suportes com absor\u00e7\u00e3o.<\/li>\n<li>Em sistema ETICS webertherm classic.<\/li>\n<\/ul>\n<p class=\"table-default clearfix text-formatted field field--name-field-marketing-description field--type-text-long field--label-hidden field__item\"><strong>SUPORTES ADMISS\u00cdVEIS<\/strong><\/p>\n<ul>\n<li>Paredes de alvenaria de tijolo, bloco de cimento ou bloco de bet\u00e3o leve, bet\u00e3o e reboco de cimento.<\/li>\n<li>Placas isolantes de poliestireno expandido (EPS).<\/li>\n<\/ul>\n<\/div>\n<div class=\"taxonomy-term-icon__wrapper block-field-extra-taxonomy-5 block-layout-builder block block-mac3-common\">\n<p><strong>Informa\u00e7\u00e3o T\u00e9cnica:<\/strong><\/p>\n<div class=\"item-list\">\n<p><strong>Consumo | Caracter\u00edsticas: <\/strong><\/p>\n<p>8 a 10 kg\/m2 para colagem e revestimento das placas isolantes<\/p>\n<\/div>\n<\/div>\n","protected":false},"excerpt":{"rendered":"<ul>\n<li>Cores: Cinza<\/li>\n<li>Embalagem: 25Kg<\/li>\n<li>Utiliza\u00e7\u00e3o | Colagem e revestimento<\/li>\n<\/ul>\n","protected":false},"featured_media":9067,"template":"","meta":[],"product_cat":[224,154,146,289],"product_tag":[],"class_list":{"0":"post-9068","1":"product","2":"type-product","3":"status-publish","4":"has-post-thumbnail","6":"product_cat-colas","7":"product_cat-colas-e-betumes","8":"product_cat-construcao","9":"product_cat-sistema-etics","11":"first","12":"instock","13":"taxable","14":"shipping-taxable","15":"product-type-simple"},"_links":{"self":[{"href":"https:\/\/montael.com\/index.php?rest_route=\/wp\/v2\/product\/9068","targetHints":{"allow":["GET"]}}],"collection":[{"href":"https:\/\/montael.com\/index.php?rest_route=\/wp\/v2\/product"}],"about":[{"href":"https:\/\/montael.com\/index.php?rest_route=\/wp\/v2\/types\/product"}],"wp:featuredmedia":[{"embeddable":true,"href":"https:\/\/montael.com\/index.php?rest_route=\/wp\/v2\/media\/9067"}],"wp:attachment":[{"href":"https:\/\/montael.com\/index.php?rest_route=%2Fwp%2Fv2%2Fmedia&parent=9068"}],"wp:term":[{"taxonomy":"product_cat","embeddable":true,"href":"https:\/\/montael.com\/index.php?rest_route=%2Fwp%2Fv2%2Fproduct_cat&post=9068"},{"taxonomy":"product_tag","embeddable":true,"href":"https:\/\/montael.com\/index.php?rest_route=%2Fwp%2Fv2%2Fproduct_tag&post=9068"}],"curies":[{"name":"wp","href":"https:\/\/api.w.org\/{rel}","templated":true}]}}