

{"id":9049,"date":"2025-02-18T14:42:45","date_gmt":"2025-02-18T14:42:45","guid":{"rendered":"https:\/\/montael.com\/new_site\/?post_type=product&#038;p=9049"},"modified":"2025-06-09T10:07:59","modified_gmt":"2025-06-09T09:07:59","slug":"marville-400-conjunto-movel-1-porta-preto-mate-lavatorio-104998","status":"publish","type":"product","link":"https:\/\/montael.com\/?product=marville-400-conjunto-movel-1-porta-preto-mate-lavatorio-104998","title":{"rendered":"Marville 400 | Conjunto M\u00f3vel 1 porta Preto Mate + Lavat\u00f3rio 104998"},"content":{"rendered":"<p style=\"font-weight: 400;\"><span data-style=\"font-size:12.0pt;line-height:150%;font-family: &quot;Arial&quot;,sans-serif\">O design simples e funcional desta cole\u00e7\u00e3o de m\u00f3veis adapta-se a qualquer espa\u00e7o. <\/span><span data-style=\"font-size:12.0pt;line-height:150%;font-family: &quot;Arial&quot;,sans-serif\">Este pequeno, mas\u00a0<b><strong>pr\u00e1tico m\u00f3vel de casa de banho <\/strong><\/b>\u00e9 a op\u00e7\u00e3o ideal se tem um espa\u00e7o limitado, mas n\u00e3o quer perder a <b><strong>qualidade e eleg\u00e2ncia<\/strong><\/b> nos seus m\u00f3veis de casa de banho.<\/span><\/p>\n<p><strong>Caracter\u00edsticas:<\/strong><\/p>\n<div class=\"product-technical-info-row\">\n<ul>\n<li class=\"name\">Material principal &#8211; Placas de part\u00edculas laminadas (classe E-1)<\/li>\n<li class=\"name\">S\u00e9rie &#8211; Marville<\/li>\n<li class=\"name\">Norma EN 717-1<\/li>\n<li class=\"name\">Al\u00e7a externa<\/li>\n<li class=\"name\">Peso bruto Kg &#8211; 14.01<\/li>\n<li class=\"name\">Volume Bruto (D3) &#8211; 103.56<\/li>\n<li>Fecho com trav\u00e3o<\/li>\n<\/ul>\n<\/div>\n","protected":false},"excerpt":{"rendered":"<p>Cores: Preto Mate<\/p>\n<p>Composto por :<\/p>\n<ul>\n<li>M\u00f3vel<\/li>\n<li>Lavat\u00f3rio<\/li>\n<\/ul>\n<p>Marca: Salgar<\/p>\n","protected":false},"featured_media":9050,"template":"","meta":[],"product_cat":[217,218],"product_tag":[],"class_list":{"0":"post-9049","1":"product","2":"type-product","3":"status-publish","4":"has-post-thumbnail","6":"product_cat-moveis-casa-banho","7":"product_cat-moveis-suspensos","8":"ts_product_brand-salgar","10":"first","11":"instock","12":"taxable","13":"shipping-taxable","14":"product-type-simple"},"_links":{"self":[{"href":"https:\/\/montael.com\/index.php?rest_route=\/wp\/v2\/product\/9049","targetHints":{"allow":["GET"]}}],"collection":[{"href":"https:\/\/montael.com\/index.php?rest_route=\/wp\/v2\/product"}],"about":[{"href":"https:\/\/montael.com\/index.php?rest_route=\/wp\/v2\/types\/product"}],"wp:featuredmedia":[{"embeddable":true,"href":"https:\/\/montael.com\/index.php?rest_route=\/wp\/v2\/media\/9050"}],"wp:attachment":[{"href":"https:\/\/montael.com\/index.php?rest_route=%2Fwp%2Fv2%2Fmedia&parent=9049"}],"wp:term":[{"taxonomy":"product_cat","embeddable":true,"href":"https:\/\/montael.com\/index.php?rest_route=%2Fwp%2Fv2%2Fproduct_cat&post=9049"},{"taxonomy":"product_tag","embeddable":true,"href":"https:\/\/montael.com\/index.php?rest_route=%2Fwp%2Fv2%2Fproduct_tag&post=9049"}],"curies":[{"name":"wp","href":"https:\/\/api.w.org\/{rel}","templated":true}]}}

Marville 400 | Conjunto Móvel 1 porta Preto Mate + Lavatório 104998

<p style="font-weight: 400;"><span data-style="font-size:12.0pt;line-height:150%;font-family: &quot;Arial&quot;,sans-serif">O design simples e funcional desta coleção de móveis adapta-se a qualquer espaço. </span><span data-style="font-size:12.0pt;line-height:150%;font-family: &quot;Arial&quot;,sans-serif">Este pequeno, mas <b><strong>prático móvel de casa de banho </strong></b>é a opção ideal se tem um espaço limitado, mas não quer perder a <b><strong>qualidade e elegância</strong></b> nos seus móveis de casa de banho.</span></p>
<p><strong>Características:</strong></p>
<div class="product-technical-info-row">
<ul>
<li class="name">Material principal &#8211; Placas de partículas laminadas (classe E-1)</li>
<li class="name">Série &#8211; Marville</li>
<li class="name">Norma EN 717-1</li>
<li class="name">Alça externa</li>
<li class="name">Peso bruto Kg &#8211; 14.01</li>
<li class="name">Volume Bruto (D3) &#8211; 103.56</li>
<li>Fecho com travão</li>
</ul>
</div>

<p>Cores: Preto Mate</p>
<p>Composto por :</p>
<ul>
<li>Móvel</li>
<li>Lavatório</li>
</ul>
<p>Marca: Salgar</p>
