

{"id":9008,"date":"2025-02-18T12:02:12","date_gmt":"2025-02-18T12:02:12","guid":{"rendered":"https:\/\/montael.com\/new_site\/?post_type=product&#038;p=9008"},"modified":"2025-06-09T10:21:57","modified_gmt":"2025-06-09T09:21:57","slug":"optimus-800-conjunto-movel-2-gavetas-preto-mate-lavatorio-104611","status":"publish","type":"product","link":"https:\/\/montael.com\/?product=optimus-800-conjunto-movel-2-gavetas-preto-mate-lavatorio-104611","title":{"rendered":"Optimus 800 | Conjunto M\u00f3vel 2 gavetas Preto Mate + Lavat\u00f3rio 104611"},"content":{"rendered":"<p data-style=\"margin-top:0cm;margin-right:0cm;margin-bottom:8.0pt;margin-left:0cm;text-align:justify;line-height:150%;font-size:15px;font-family:&quot;Century Gothic&quot;,sans-serif;\"><span data-style=\"font-size:16px;line-height:150%;font-family:&quot;Arial&quot;,sans-serif;\">Optimus \u00e9 o m\u00f3vel de casa de banho que combina a <strong>eleg\u00e2ncia s\u00f3bria<\/strong> do minimalismo com a calorosa das madeiras naturais e as suas linhas limpas e simples, inspiradas no estilo japon\u00eas, criam espa\u00e7os harmoniosos, acolhedores e intemporais.<\/span><\/p>\n<p data-style=\"margin-top:0cm;margin-right:0cm;margin-bottom:8.0pt;margin-left:0cm;text-align:justify;line-height:150%;font-size:15px;font-family:&quot;Century Gothic&quot;,sans-serif;\">O conjunto inclui m\u00f3vel\u00a0 e pia lavat\u00f3rio fabricado em porcelana branca que garante m\u00e1xima resist\u00eancia ao desgaste.<\/p>\n<p><strong>Caracter\u00edsticas:<\/strong><\/p>\n<div class=\"product-technical-info-row\">\n<ul>\n<li class=\"name\">Material principal &#8211; Placas de part\u00edculas laminadas (classe E-1)<\/li>\n<li class=\"name\">S\u00e9rie &#8211; Optimus<\/li>\n<li class=\"name\">Peso bruto Kg &#8211; 45.5<\/li>\n<li class=\"name\">Volume Bruto (D3) &#8211; 342.01<\/li>\n<li class=\"name\">Norma &#8211; EN 717-1<\/li>\n<li class=\"name\">Abertura push<\/li>\n<li class=\"name\">Carga m\u00e1xima &#8211; 25kg<\/li>\n<li class=\"name\">Fecho com trav\u00e3o<\/li>\n<li class=\"name\">Guias Hettich<\/li>\n<li class=\"name\">Organizador da gaveta superior inclu\u00eddo.<\/li>\n<li class=\"name\">Gaveta de madeira<\/li>\n<\/ul>\n<section class=\"module module-products-slider module-products-slider-02\" data-module=\"productsSlider02\">\n<div class=\"container-fluid container-module\">\n<div class=\"module-products-slider-tabs\">\n<div class=\"module-title-wrap\"><\/div>\n<\/div>\n<\/div>\n<\/section>\n<\/div>\n","protected":false},"excerpt":{"rendered":"<p>Cores: <img decoding=\"async\" class=\"alignnone wp-image-9010\" src=\"https:\/\/montael.com\/new_site\/wp-content\/uploads\/2025\/02\/black-satin.png\" alt=\"\" width=\"30\" height=\"30\" srcset=\"https:\/\/montael.com\/new_site\/wp-content\/uploads\/2025\/02\/black-satin.png 60w, https:\/\/montael.com\/new_site\/wp-content\/uploads\/2025\/02\/black-satin-46x46.png 46w, https:\/\/montael.com\/new_site\/wp-content\/uploads\/2025\/02\/black-satin-54x54.png 54w\" sizes=\"(max-width: 30px) 100vw, 30px\" \/><\/p>\n<p>Composto por :<\/p>\n<ul>\n<li>M\u00f3vel<\/li>\n<li>Lavat\u00f3rio<\/li>\n<\/ul>\n<p>Marca: Salgar<\/p>\n","protected":false},"featured_media":9012,"template":"","meta":[],"product_cat":[217,218],"product_tag":[],"class_list":{"0":"post-9008","1":"product","2":"type-product","3":"status-publish","4":"has-post-thumbnail","6":"product_cat-moveis-casa-banho","7":"product_cat-moveis-suspensos","8":"ts_product_brand-salgar","10":"first","11":"instock","12":"taxable","13":"shipping-taxable","14":"product-type-simple"},"_links":{"self":[{"href":"https:\/\/montael.com\/index.php?rest_route=\/wp\/v2\/product\/9008","targetHints":{"allow":["GET"]}}],"collection":[{"href":"https:\/\/montael.com\/index.php?rest_route=\/wp\/v2\/product"}],"about":[{"href":"https:\/\/montael.com\/index.php?rest_route=\/wp\/v2\/types\/product"}],"wp:featuredmedia":[{"embeddable":true,"href":"https:\/\/montael.com\/index.php?rest_route=\/wp\/v2\/media\/9012"}],"wp:attachment":[{"href":"https:\/\/montael.com\/index.php?rest_route=%2Fwp%2Fv2%2Fmedia&parent=9008"}],"wp:term":[{"taxonomy":"product_cat","embeddable":true,"href":"https:\/\/montael.com\/index.php?rest_route=%2Fwp%2Fv2%2Fproduct_cat&post=9008"},{"taxonomy":"product_tag","embeddable":true,"href":"https:\/\/montael.com\/index.php?rest_route=%2Fwp%2Fv2%2Fproduct_tag&post=9008"}],"curies":[{"name":"wp","href":"https:\/\/api.w.org\/{rel}","templated":true}]}}