

{"id":8520,"date":"2024-08-12T08:57:09","date_gmt":"2024-08-12T08:57:09","guid":{"rendered":"https:\/\/montael.com\/new_site\/?post_type=product&#038;p=8520"},"modified":"2025-06-06T17:07:46","modified_gmt":"2025-06-06T16:07:46","slug":"lake-sanita-rim-off-suspensa-branca-ra20100888231","status":"publish","type":"product","link":"https:\/\/montael.com\/?product=lake-sanita-rim-off-suspensa-branca-ra20100888231","title":{"rendered":"Lake sanita rim-off suspensa branca RA20100888231"},"content":{"rendered":"<p><b>Caracter\u00edsticas:<\/b><\/p>\n<p>\u2022 Material: Vitreous China<br \/>\n\u2022 Cor: Branco<br \/>\n\u2022 Tamanho: 51cm<br \/>\n\u2022 Forma: Redonda<br \/>\n\u2022 Rim-Off, aus\u00eancia de aro<br \/>\n\u2022 Sa\u00edda de esgoto: Liga\u00e7\u00e3o horizontal \u00e0 parede (P-Trap)<br \/>\n\u2022 Conex\u00f5es entrada de \u00e1gua e sa\u00edda para esgotos com vidrado interno<br \/>\n\u2022 Fixa\u00e7\u00e3o oculta<br \/>\n\u2022 Descargas: 6-3 l<br \/>\n\u2022 Marca\u00e7\u00e3o CE: EN 997 \u2013 CL1 \u2013 6A<br \/>\n\u2022 Dimens\u00e3o da caixa: 365x375x510mm<br \/>\n\u2022 Peso bruto do produto: 27.367 kg<br \/>\n\u2022 Tampo n\u00e3o inclu\u00eddo<\/p>\n","protected":false},"excerpt":{"rendered":"<p>Sanita Rim-Off suspensa moderna e pr\u00e1tica que se apresenta com um design de linhas redondas, org\u00e2nico e elegante.<\/p>\n<p>O seu material resistente e brilhante que lhe garante robustez e durabilidade e o seu tipo de fixa\u00e7\u00e3o, permitem n\u00e3o s\u00f3 uma limpeza f\u00e1cil e mais higi\u00e9nica da sanita dada a aus\u00eancia de um aro fechado, como tamb\u00e9m de todo o espa\u00e7o de banho envolvente.<\/p>\n<p>Esta sanita far\u00e1 uma combina\u00e7\u00e3o perfeita com o modelo de bid\u00e9 Lake e com os autoclismos interiores ultra eficientes da OLI, tornando-se numa solu\u00e7\u00e3o que ir\u00e1 garantir sustentabilidade, funcionalidade e beleza em qualquer espa\u00e7o de banho.<\/p>\n<p>Marca: Oli<\/p>\n","protected":false},"featured_media":8521,"template":"","meta":[],"product_cat":[176,179],"product_tag":[],"class_list":{"0":"post-8520","1":"product","2":"type-product","3":"status-publish","4":"has-post-thumbnail","6":"product_cat-suspensa","7":"product_cat-sanitas","8":"ts_product_brand-oli","10":"first","11":"instock","12":"taxable","13":"shipping-taxable","14":"product-type-simple"},"_links":{"self":[{"href":"https:\/\/montael.com\/index.php?rest_route=\/wp\/v2\/product\/8520","targetHints":{"allow":["GET"]}}],"collection":[{"href":"https:\/\/montael.com\/index.php?rest_route=\/wp\/v2\/product"}],"about":[{"href":"https:\/\/montael.com\/index.php?rest_route=\/wp\/v2\/types\/product"}],"wp:featuredmedia":[{"embeddable":true,"href":"https:\/\/montael.com\/index.php?rest_route=\/wp\/v2\/media\/8521"}],"wp:attachment":[{"href":"https:\/\/montael.com\/index.php?rest_route=%2Fwp%2Fv2%2Fmedia&parent=8520"}],"wp:term":[{"taxonomy":"product_cat","embeddable":true,"href":"https:\/\/montael.com\/index.php?rest_route=%2Fwp%2Fv2%2Fproduct_cat&post=8520"},{"taxonomy":"product_tag","embeddable":true,"href":"https:\/\/montael.com\/index.php?rest_route=%2Fwp%2Fv2%2Fproduct_tag&post=8520"}],"curies":[{"name":"wp","href":"https:\/\/api.w.org\/{rel}","templated":true}]}}