

{"id":8390,"date":"2024-07-01T13:38:25","date_gmt":"2024-07-01T13:38:25","guid":{"rendered":"https:\/\/montael.com\/new_site\/?post_type=product&#038;p=8390"},"modified":"2025-02-18T18:24:20","modified_gmt":"2025-02-18T18:24:20","slug":"rapido-smartbox-encastravel-universal-1-2-35604000","status":"publish","type":"product","link":"https:\/\/montael.com\/?product=rapido-smartbox-encastravel-universal-1-2-35604000","title":{"rendered":"RAPIDO SMARTBOX ENCASTR\u00c1VEL UNIVERSAL, 1\/2 35604000"},"content":{"rendered":"<p dir=\"ltr\" data-placeholder=\"Tradu\u00e7\u00e3o\" aria-label=\"Texto traduzido\" data-ved=\"2ahUKEwjh4KHixt-FAxUuBdsEHYLLA8QQ3ewLegQIExAU\"><strong>Caracter\u00edsticas:<\/strong><\/p>\n<p dir=\"ltr\" data-placeholder=\"Tradu\u00e7\u00e3o\" aria-label=\"Texto traduzido\" data-ved=\"2ahUKEwjh4KHixt-FAxUuBdsEHYLLA8QQ3ewLegQIExAU\">3 sa\u00eddas de 1\/2&#8243;<br \/>\n\u2022 2 sa\u00eddas inferiores, 1\/2&#8243;<br \/>\n\u2022 profundidade de instala\u00e7\u00e3o 75-105 mm<br \/>\n\u2022 caixa de montagem est\u00e1vel e capa protetora<br \/>\n\u2022 Op\u00e7\u00f5es de fixa\u00e7\u00e3o para paredes s\u00f3lidas ou revestimento em seco<br \/>\n\u2022 sem conjunto para instala\u00e7\u00e3o final<br \/>\n\u2022 Edi\u00e7\u00e3o Profissional<\/p>\n","protected":false},"excerpt":{"rendered":"<div class=\"product-box__tableRow\">\n<div class=\"product-box__tableCell product-box__tableCell--label\">\n<div class=\"product-box__tableRow\">\n<div class=\"product-box__tableCell product-box__tableCell--label\">\n<div class=\"product-box__tableRow\">\n<div class=\"product-box__tableCell product-box__tableCell--label\">\n<div class=\"product-box__tableRow\">\n<div class=\"product-box__tableCell product-box__tableCell--label\">\n<div class=\"product-box__tableRow\">\n<div class=\"product-box__tableCell product-box__tableCell--label\">\n<div class=\"product-box__tableRow\">\n<div class=\"product-box__tableCell product-box__tableCell--label\">\n<div class=\"product-box__tableRow\">\n<div class=\"product-box__tableCell product-box__tableCell--label\">\n<div class=\"product-box__tableRow\">\n<div class=\"product-box__tableCell product-box__tableCell--label\">N\u00famero do produto | 35604000<\/div>\n<\/div>\n<div class=\"product-box__tableRow\">\n<div class=\"product-box__tableCell product-box__tableCell--label\">EAN | 4005176698774<\/div>\n<\/div>\n<div class=\"product-box__tableRow\">\n<div class=\"product-box__tableCell product-box__tableCell--label product-box__color\"><\/div>\n<\/div>\n<\/div>\n<\/div>\n<\/div>\n<\/div>\n<\/div>\n<\/div>\n<\/div>\n<\/div>\n<\/div>\n<\/div>\n<\/div>\n<\/div>\n<\/div>\n<\/div>\n","protected":false},"featured_media":8394,"template":"","meta":[],"product_cat":[191,193],"product_tag":[],"class_list":{"0":"post-8390","1":"product","2":"type-product","3":"status-publish","4":"has-post-thumbnail","6":"product_cat-torneiras","7":"product_cat-duche-e-banheira","9":"first","10":"instock","11":"taxable","12":"shipping-taxable","13":"product-type-simple"},"_links":{"self":[{"href":"https:\/\/montael.com\/index.php?rest_route=\/wp\/v2\/product\/8390","targetHints":{"allow":["GET"]}}],"collection":[{"href":"https:\/\/montael.com\/index.php?rest_route=\/wp\/v2\/product"}],"about":[{"href":"https:\/\/montael.com\/index.php?rest_route=\/wp\/v2\/types\/product"}],"wp:featuredmedia":[{"embeddable":true,"href":"https:\/\/montael.com\/index.php?rest_route=\/wp\/v2\/media\/8394"}],"wp:attachment":[{"href":"https:\/\/montael.com\/index.php?rest_route=%2Fwp%2Fv2%2Fmedia&parent=8390"}],"wp:term":[{"taxonomy":"product_cat","embeddable":true,"href":"https:\/\/montael.com\/index.php?rest_route=%2Fwp%2Fv2%2Fproduct_cat&post=8390"},{"taxonomy":"product_tag","embeddable":true,"href":"https:\/\/montael.com\/index.php?rest_route=%2Fwp%2Fv2%2Fproduct_tag&post=8390"}],"curies":[{"name":"wp","href":"https:\/\/api.w.org\/{rel}","templated":true}]}}

RAPIDO SMARTBOX ENCASTRÁVEL UNIVERSAL, 1/2 35604000

<p dir="ltr" data-placeholder="Tradução" aria-label="Texto traduzido" data-ved="2ahUKEwjh4KHixt-FAxUuBdsEHYLLA8QQ3ewLegQIExAU"><strong>Características:</strong></p>
<p dir="ltr" data-placeholder="Tradução" aria-label="Texto traduzido" data-ved="2ahUKEwjh4KHixt-FAxUuBdsEHYLLA8QQ3ewLegQIExAU">3 saídas de 1/2&#8243;<br />
• 2 saídas inferiores, 1/2&#8243;<br />
• profundidade de instalação 75-105 mm<br />
• caixa de montagem estável e capa protetora<br />
• Opções de fixação para paredes sólidas ou revestimento em seco<br />
• sem conjunto para instalação final<br />
• Edição Profissional</p>

<div class="product-box__tableRow">
<div class="product-box__tableCell product-box__tableCell--label">
<div class="product-box__tableRow">
<div class="product-box__tableCell product-box__tableCell--label">
<div class="product-box__tableRow">
<div class="product-box__tableCell product-box__tableCell--label">
<div class="product-box__tableRow">
<div class="product-box__tableCell product-box__tableCell--label">
<div class="product-box__tableRow">
<div class="product-box__tableCell product-box__tableCell--label">
<div class="product-box__tableRow">
<div class="product-box__tableCell product-box__tableCell--label">
<div class="product-box__tableRow">
<div class="product-box__tableCell product-box__tableCell--label">
<div class="product-box__tableRow">
<div class="product-box__tableCell product-box__tableCell--label">Número do produto | 35604000</div>
</div>
<div class="product-box__tableRow">
<div class="product-box__tableCell product-box__tableCell--label">EAN | 4005176698774</div>
</div>
<div class="product-box__tableRow">
<div class="product-box__tableCell product-box__tableCell--label product-box__color"></div>
</div>
</div>
</div>
</div>
</div>
</div>
</div>
</div>
</div>
</div>
</div>
</div>
</div>
</div>
</div>
