

{"id":8353,"date":"2024-06-04T16:52:36","date_gmt":"2024-06-04T16:52:36","guid":{"rendered":"https:\/\/montael.com\/new_site\/?post_type=product&#038;p=8353"},"modified":"2025-06-09T15:41:15","modified_gmt":"2025-06-09T14:41:15","slug":"oculos-de-protecao-panoramicos-pvc","status":"publish","type":"product","link":"https:\/\/montael.com\/?product=oculos-de-protecao-panoramicos-pvc","title":{"rendered":"\u00d3culos de Prote\u00e7\u00e3o Panor\u00e2micos PVC"},"content":{"rendered":"<p class=\"text-cinzento-300 mt-7 text-sm leading-descricao line-clamp-6\">\u00d3culos de Prote\u00e7\u00e3o com Ventila\u00e7\u00e3o Direta, para superar todas as suas dificuldades de forma segura.<\/p>\n<p><strong>Caracter\u00edsticas:<\/strong><\/p>\n<ul class=\"list-disc ml-5 mt-3\">\n<li>Com sistema de ventila\u00e7\u00e3o direta, estes \u00f3culos possuem a vantagem de permitir o uso de \u00f3culos graduados em simult\u00e2neo.<\/li>\n<li>Possui tratamento anti embaciamento e banda el\u00e1stica regul\u00e1vel.<\/li>\n<\/ul>\n","protected":false},"excerpt":{"rendered":"<p>Marca: Vito<\/p>\n","protected":false},"featured_media":8354,"template":"","meta":[],"product_cat":[233,338],"product_tag":[],"class_list":{"0":"post-8353","1":"product","2":"type-product","3":"status-publish","4":"has-post-thumbnail","6":"product_cat-seguranca","7":"product_cat-protecao-ocular","8":"ts_product_brand-vito","10":"first","11":"instock","12":"taxable","13":"shipping-taxable","14":"product-type-simple"},"_links":{"self":[{"href":"https:\/\/montael.com\/index.php?rest_route=\/wp\/v2\/product\/8353","targetHints":{"allow":["GET"]}}],"collection":[{"href":"https:\/\/montael.com\/index.php?rest_route=\/wp\/v2\/product"}],"about":[{"href":"https:\/\/montael.com\/index.php?rest_route=\/wp\/v2\/types\/product"}],"wp:featuredmedia":[{"embeddable":true,"href":"https:\/\/montael.com\/index.php?rest_route=\/wp\/v2\/media\/8354"}],"wp:attachment":[{"href":"https:\/\/montael.com\/index.php?rest_route=%2Fwp%2Fv2%2Fmedia&parent=8353"}],"wp:term":[{"taxonomy":"product_cat","embeddable":true,"href":"https:\/\/montael.com\/index.php?rest_route=%2Fwp%2Fv2%2Fproduct_cat&post=8353"},{"taxonomy":"product_tag","embeddable":true,"href":"https:\/\/montael.com\/index.php?rest_route=%2Fwp%2Fv2%2Fproduct_tag&post=8353"}],"curies":[{"name":"wp","href":"https:\/\/api.w.org\/{rel}","templated":true}]}}

Óculos de Proteção Panorâmicos PVC

<p class="text-cinzento-300 mt-7 text-sm leading-descricao line-clamp-6">Óculos de Proteção com Ventilação Direta, para superar todas as suas dificuldades de forma segura.</p>
<p><strong>Características:</strong></p>
<ul class="list-disc ml-5 mt-3">
<li>Com sistema de ventilação direta, estes óculos possuem a vantagem de permitir o uso de óculos graduados em simultâneo.</li>
<li>Possui tratamento anti embaciamento e banda elástica regulável.</li>
</ul>
