

{"id":8313,"date":"2024-06-04T15:56:25","date_gmt":"2024-06-04T15:56:25","guid":{"rendered":"https:\/\/montael.com\/new_site\/?post_type=product&#038;p=8313"},"modified":"2025-06-09T15:48:12","modified_gmt":"2025-06-09T14:48:12","slug":"protecao-facial-de-acrilico","status":"publish","type":"product","link":"https:\/\/montael.com\/?product=protecao-facial-de-acrilico","title":{"rendered":"Prote\u00e7\u00e3o Facial de Acr\u00edlico"},"content":{"rendered":"<p class=\"text-cinzento-300 mt-7 text-sm leading-descricao line-clamp-6\">Protetor Facial em Acr\u00edlico, EN 1731<\/p>\n<p><strong>Caracter\u00edsticas:<\/strong><\/p>\n<ul class=\"list-disc ml-5 mt-3\">\n<li>Reduzindo o risco de les\u00f5es na face, este protetor facial possui um arn\u00eas de ajuste manual atrav\u00e9s de roda dentada, o que lhe confere uma maior seguran\u00e7a.<\/li>\n<li>De excelente qualidade, este protetor f\u00e1cil de acr\u00edlico \u00e9 confort\u00e1vel, n\u00e3o se traduzindo em desconforto aquando da sua utiliza\u00e7\u00e3o.<\/li>\n<\/ul>\n","protected":false},"excerpt":{"rendered":"<p>Marca: Vito<\/p>\n","protected":false},"featured_media":8314,"template":"","meta":[],"product_cat":[233,340],"product_tag":[],"class_list":{"0":"post-8313","1":"product","2":"type-product","3":"status-publish","4":"has-post-thumbnail","6":"product_cat-seguranca","7":"product_cat-protecao-facial","8":"ts_product_brand-vito","10":"first","11":"instock","12":"taxable","13":"shipping-taxable","14":"product-type-simple"},"_links":{"self":[{"href":"https:\/\/montael.com\/index.php?rest_route=\/wp\/v2\/product\/8313","targetHints":{"allow":["GET"]}}],"collection":[{"href":"https:\/\/montael.com\/index.php?rest_route=\/wp\/v2\/product"}],"about":[{"href":"https:\/\/montael.com\/index.php?rest_route=\/wp\/v2\/types\/product"}],"wp:featuredmedia":[{"embeddable":true,"href":"https:\/\/montael.com\/index.php?rest_route=\/wp\/v2\/media\/8314"}],"wp:attachment":[{"href":"https:\/\/montael.com\/index.php?rest_route=%2Fwp%2Fv2%2Fmedia&parent=8313"}],"wp:term":[{"taxonomy":"product_cat","embeddable":true,"href":"https:\/\/montael.com\/index.php?rest_route=%2Fwp%2Fv2%2Fproduct_cat&post=8313"},{"taxonomy":"product_tag","embeddable":true,"href":"https:\/\/montael.com\/index.php?rest_route=%2Fwp%2Fv2%2Fproduct_tag&post=8313"}],"curies":[{"name":"wp","href":"https:\/\/api.w.org\/{rel}","templated":true}]}}

Proteção Facial de Acrílico

<p class="text-cinzento-300 mt-7 text-sm leading-descricao line-clamp-6">Protetor Facial em Acrílico, EN 1731</p>
<p><strong>Características:</strong></p>
<ul class="list-disc ml-5 mt-3">
<li>Reduzindo o risco de lesões na face, este protetor facial possui um arnês de ajuste manual através de roda dentada, o que lhe confere uma maior segurança.</li>
<li>De excelente qualidade, este protetor fácil de acrílico é confortável, não se traduzindo em desconforto aquando da sua utilização.</li>
</ul>
