

{"id":8309,"date":"2024-06-04T15:49:02","date_gmt":"2024-06-04T15:49:02","guid":{"rendered":"https:\/\/montael.com\/new_site\/?post_type=product&#038;p=8309"},"modified":"2025-06-09T15:49:25","modified_gmt":"2025-06-09T14:49:25","slug":"oculos-de-protecao-2","status":"publish","type":"product","link":"https:\/\/montael.com\/?product=oculos-de-protecao-2","title":{"rendered":"\u00d3culos de Prote\u00e7\u00e3o"},"content":{"rendered":"<p class=\"text-cinzento-300 mt-7 text-sm leading-descricao line-clamp-6\">\u00d3culos de Prote\u00e7\u00e3o com Lentes em Polipropileno e Arma\u00e7\u00e3o em Nylon, para realizar os seus afazeres da forma mais segura.<\/p>\n<p><strong>Caracter\u00edsticas:<\/strong><\/p>\n<ul class=\"list-disc ml-5 mt-3\">\n<li>Com vis\u00e3o ampla e lentes em policarbonato para prote\u00e7\u00e3o contra impactos e UV.<\/li>\n<li>Inclui prote\u00e7\u00f5es laterais e hastes ajust\u00e1veis para um maior conforto.<\/li>\n<li>Com suporte nasal leve e anat\u00f3mico.<\/li>\n<\/ul>\n","protected":false},"excerpt":{"rendered":"<p>Marca: Vito<\/p>\n","protected":false},"featured_media":8310,"template":"","meta":[],"product_cat":[233,338],"product_tag":[],"class_list":{"0":"post-8309","1":"product","2":"type-product","3":"status-publish","4":"has-post-thumbnail","6":"product_cat-seguranca","7":"product_cat-protecao-ocular","8":"ts_product_brand-vito","10":"first","11":"instock","12":"taxable","13":"shipping-taxable","14":"product-type-simple"},"_links":{"self":[{"href":"https:\/\/montael.com\/index.php?rest_route=\/wp\/v2\/product\/8309","targetHints":{"allow":["GET"]}}],"collection":[{"href":"https:\/\/montael.com\/index.php?rest_route=\/wp\/v2\/product"}],"about":[{"href":"https:\/\/montael.com\/index.php?rest_route=\/wp\/v2\/types\/product"}],"wp:featuredmedia":[{"embeddable":true,"href":"https:\/\/montael.com\/index.php?rest_route=\/wp\/v2\/media\/8310"}],"wp:attachment":[{"href":"https:\/\/montael.com\/index.php?rest_route=%2Fwp%2Fv2%2Fmedia&parent=8309"}],"wp:term":[{"taxonomy":"product_cat","embeddable":true,"href":"https:\/\/montael.com\/index.php?rest_route=%2Fwp%2Fv2%2Fproduct_cat&post=8309"},{"taxonomy":"product_tag","embeddable":true,"href":"https:\/\/montael.com\/index.php?rest_route=%2Fwp%2Fv2%2Fproduct_tag&post=8309"}],"curies":[{"name":"wp","href":"https:\/\/api.w.org\/{rel}","templated":true}]}}

Óculos de Proteção

<p class="text-cinzento-300 mt-7 text-sm leading-descricao line-clamp-6">Óculos de Proteção com Lentes em Polipropileno e Armação em Nylon, para realizar os seus afazeres da forma mais segura.</p>
<p><strong>Características:</strong></p>
<ul class="list-disc ml-5 mt-3">
<li>Com visão ampla e lentes em policarbonato para proteção contra impactos e UV.</li>
<li>Inclui proteções laterais e hastes ajustáveis para um maior conforto.</li>
<li>Com suporte nasal leve e anatómico.</li>
</ul>
