

{"id":8299,"date":"2024-06-04T15:34:59","date_gmt":"2024-06-04T15:34:59","guid":{"rendered":"https:\/\/montael.com\/new_site\/?post_type=product&#038;p=8299"},"modified":"2025-06-09T15:52:00","modified_gmt":"2025-06-09T14:52:00","slug":"capacete-de-protecao-2","status":"publish","type":"product","link":"https:\/\/montael.com\/?product=capacete-de-protecao-2","title":{"rendered":"Capacete de Prote\u00e7\u00e3o"},"content":{"rendered":"<p class=\"text-cinzento-300 mt-7 text-sm leading-descricao\">Capacete de Prote\u00e7\u00e3o de alta resist\u00eancia e anti perfura\u00e7\u00e3o, fabricado em polipropileno de alta densidade (HDPE), com defletor para desvio de objetos em queda, para realizar todas as suas atividades de forma segura.<\/p>\n<p><strong>Caracter\u00edsticas:<\/strong><\/p>\n<ul class=\"list-disc ml-5 mt-3\">\n<li>Com finalidade de proteger a cabe\u00e7a contra ferimentos e les\u00f5es, este capacete possui um casco de alta resist\u00eancia, sendo fabricado em polipropileno de alta densidade (HDPE).<\/li>\n<li>Permite a acoplar viseiras e auriculares.<\/li>\n<li>Sendo de extrema import\u00e2ncia em trabalhos considerados perigosos, este capacete possui, ainda, um arn\u00eas de ajuste manual com 6 pontos de fixa\u00e7\u00e3o e banda de suor para a testa.<\/li>\n<\/ul>\n","protected":false},"excerpt":{"rendered":"<ul>\n<li>Cor: branco<\/li>\n<\/ul>\n<p>Marca: Vito<\/p>\n","protected":false},"featured_media":8297,"template":"","meta":[],"product_cat":[233,242],"product_tag":[],"class_list":{"0":"post-8299","1":"product","2":"type-product","3":"status-publish","4":"has-post-thumbnail","6":"product_cat-seguranca","7":"product_cat-protecao-de-cabeca","8":"ts_product_brand-vito","10":"first","11":"instock","12":"taxable","13":"shipping-taxable","14":"product-type-simple"},"_links":{"self":[{"href":"https:\/\/montael.com\/index.php?rest_route=\/wp\/v2\/product\/8299","targetHints":{"allow":["GET"]}}],"collection":[{"href":"https:\/\/montael.com\/index.php?rest_route=\/wp\/v2\/product"}],"about":[{"href":"https:\/\/montael.com\/index.php?rest_route=\/wp\/v2\/types\/product"}],"wp:featuredmedia":[{"embeddable":true,"href":"https:\/\/montael.com\/index.php?rest_route=\/wp\/v2\/media\/8297"}],"wp:attachment":[{"href":"https:\/\/montael.com\/index.php?rest_route=%2Fwp%2Fv2%2Fmedia&parent=8299"}],"wp:term":[{"taxonomy":"product_cat","embeddable":true,"href":"https:\/\/montael.com\/index.php?rest_route=%2Fwp%2Fv2%2Fproduct_cat&post=8299"},{"taxonomy":"product_tag","embeddable":true,"href":"https:\/\/montael.com\/index.php?rest_route=%2Fwp%2Fv2%2Fproduct_tag&post=8299"}],"curies":[{"name":"wp","href":"https:\/\/api.w.org\/{rel}","templated":true}]}}

Capacete de Proteção

<p class="text-cinzento-300 mt-7 text-sm leading-descricao">Capacete de Proteção de alta resistência e anti perfuração, fabricado em polipropileno de alta densidade (HDPE), com defletor para desvio de objetos em queda, para realizar todas as suas atividades de forma segura.</p>
<p><strong>Características:</strong></p>
<ul class="list-disc ml-5 mt-3">
<li>Com finalidade de proteger a cabeça contra ferimentos e lesões, este capacete possui um casco de alta resistência, sendo fabricado em polipropileno de alta densidade (HDPE).</li>
<li>Permite a acoplar viseiras e auriculares.</li>
<li>Sendo de extrema importância em trabalhos considerados perigosos, este capacete possui, ainda, um arnês de ajuste manual com 6 pontos de fixação e banda de suor para a testa.</li>
</ul>
