

{"id":8294,"date":"2024-06-04T15:25:42","date_gmt":"2024-06-04T15:25:42","guid":{"rendered":"https:\/\/montael.com\/new_site\/?post_type=product&#038;p=8294"},"modified":"2025-06-09T15:55:45","modified_gmt":"2025-06-09T14:55:45","slug":"galocha-em-pvc","status":"publish","type":"product","link":"https:\/\/montael.com\/?product=galocha-em-pvc","title":{"rendered":"Galocha em PVC"},"content":{"rendered":"<p class=\"text-cinzento-300 mt-7 text-sm leading-descricao line-clamp-6\">Bota em PVC EN ISO 20347 OB + E<\/p>\n<p><strong>Caracter\u00edsticas:<\/strong><\/p>\n<ul class=\"list-disc ml-5 mt-3\">\n<li>Com revestimento em g\u00e1spea sint\u00e9tica e sola em pvc, esta bota \u00e9 imperme\u00e1vel e cumpre a norma EN ISO 20347: 2012.<\/li>\n<li>C\u00f3moda gra\u00e7as \u00e0 sua flexibilidade, esta bota adapta-se a cada utilizador<\/li>\n<\/ul>\n","protected":false},"excerpt":{"rendered":"<ul>\n<li>Dispon\u00edvel do tamanho 38 ao 46<\/li>\n<\/ul>\n<p>Marca: Vito<\/p>\n","protected":false},"featured_media":8295,"template":"","meta":[],"product_cat":[233,234],"product_tag":[],"class_list":{"0":"post-8294","1":"product","2":"type-product","3":"status-publish","4":"has-post-thumbnail","6":"product_cat-seguranca","7":"product_cat-calcado","8":"ts_product_brand-vito","10":"first","11":"instock","12":"taxable","13":"shipping-taxable","14":"product-type-simple"},"_links":{"self":[{"href":"https:\/\/montael.com\/index.php?rest_route=\/wp\/v2\/product\/8294","targetHints":{"allow":["GET"]}}],"collection":[{"href":"https:\/\/montael.com\/index.php?rest_route=\/wp\/v2\/product"}],"about":[{"href":"https:\/\/montael.com\/index.php?rest_route=\/wp\/v2\/types\/product"}],"wp:featuredmedia":[{"embeddable":true,"href":"https:\/\/montael.com\/index.php?rest_route=\/wp\/v2\/media\/8295"}],"wp:attachment":[{"href":"https:\/\/montael.com\/index.php?rest_route=%2Fwp%2Fv2%2Fmedia&parent=8294"}],"wp:term":[{"taxonomy":"product_cat","embeddable":true,"href":"https:\/\/montael.com\/index.php?rest_route=%2Fwp%2Fv2%2Fproduct_cat&post=8294"},{"taxonomy":"product_tag","embeddable":true,"href":"https:\/\/montael.com\/index.php?rest_route=%2Fwp%2Fv2%2Fproduct_tag&post=8294"}],"curies":[{"name":"wp","href":"https:\/\/api.w.org\/{rel}","templated":true}]}}