

{"id":8290,"date":"2024-06-04T15:20:22","date_gmt":"2024-06-04T15:20:22","guid":{"rendered":"https:\/\/montael.com\/new_site\/?post_type=product&#038;p=8290"},"modified":"2025-06-09T15:56:49","modified_gmt":"2025-06-09T14:56:49","slug":"luva-de-jardim-antideslizante","status":"publish","type":"product","link":"https:\/\/montael.com\/?product=luva-de-jardim-antideslizante","title":{"rendered":"Luva de Jardim Antideslizante"},"content":{"rendered":"<p class=\"text-cinzento-300 mt-7 text-sm leading-descricao line-clamp-6\">Luva de Jardim Anti Deslizante em algod\u00e3o com revestimento em PVC.<\/p>\n<p><strong>Caracter\u00edsticas:<\/strong><\/p>\n<ul class=\"list-disc ml-5 mt-3\">\n<li>Ideal para proteger as m\u00e3os contra poss\u00edveis les\u00f5es e para proteger contra a sujidade, estas luvas apresentam-se em algod\u00e3o, com revestimento picotado em PVC na palma, que as torna anti deslizantes, trazendo-lhes ainda mais utilidade.<\/li>\n<li>Recomendadas para jardinagem, estas luvas apresentam um el\u00e1stico no pulso, adaptando-se a qualquer utilizador.<\/li>\n<\/ul>\n","protected":false},"excerpt":{"rendered":"<p>Marca: Vito<\/p>\n","protected":false},"featured_media":8291,"template":"","meta":[],"product_cat":[233,245],"product_tag":[],"class_list":{"0":"post-8290","1":"product","2":"type-product","3":"status-publish","4":"has-post-thumbnail","6":"product_cat-seguranca","7":"product_cat-luvas","8":"ts_product_brand-vito","10":"first","11":"instock","12":"taxable","13":"shipping-taxable","14":"product-type-simple"},"_links":{"self":[{"href":"https:\/\/montael.com\/index.php?rest_route=\/wp\/v2\/product\/8290","targetHints":{"allow":["GET"]}}],"collection":[{"href":"https:\/\/montael.com\/index.php?rest_route=\/wp\/v2\/product"}],"about":[{"href":"https:\/\/montael.com\/index.php?rest_route=\/wp\/v2\/types\/product"}],"wp:featuredmedia":[{"embeddable":true,"href":"https:\/\/montael.com\/index.php?rest_route=\/wp\/v2\/media\/8291"}],"wp:attachment":[{"href":"https:\/\/montael.com\/index.php?rest_route=%2Fwp%2Fv2%2Fmedia&parent=8290"}],"wp:term":[{"taxonomy":"product_cat","embeddable":true,"href":"https:\/\/montael.com\/index.php?rest_route=%2Fwp%2Fv2%2Fproduct_cat&post=8290"},{"taxonomy":"product_tag","embeddable":true,"href":"https:\/\/montael.com\/index.php?rest_route=%2Fwp%2Fv2%2Fproduct_tag&post=8290"}],"curies":[{"name":"wp","href":"https:\/\/api.w.org\/{rel}","templated":true}]}}

<p class="text-cinzento-300 mt-7 text-sm leading-descricao line-clamp-6">Luva de Jardim Anti Deslizante em algodão com revestimento em PVC.</p>
<p><strong>Características:</strong></p>
<ul class="list-disc ml-5 mt-3">
<li>Ideal para proteger as mãos contra possíveis lesões e para proteger contra a sujidade, estas luvas apresentam-se em algodão, com revestimento picotado em PVC na palma, que as torna anti deslizantes, trazendo-lhes ainda mais utilidade.</li>
<li>Recomendadas para jardinagem, estas luvas apresentam um elástico no pulso, adaptando-se a qualquer utilizador.</li>
</ul>
