

{"id":8162,"date":"2024-06-03T11:27:28","date_gmt":"2024-06-03T11:27:28","guid":{"rendered":"https:\/\/montael.com\/new_site\/?post_type=product&#038;p=8162"},"modified":"2025-06-06T17:23:23","modified_gmt":"2025-06-06T16:23:23","slug":"slim-cg23000010196","status":"publish","type":"product","link":"https:\/\/montael.com\/?product=slim-cg23000010196","title":{"rendered":"Placa descarga Slim CG23000010196"},"content":{"rendered":"<p>Classe e simplicidade. A SLIM apresenta um design simples e contempor\u00e2neo. A simetria perfeita e a eleg\u00e2ncia da forma fina fazem da SLIM uma solu\u00e7\u00e3o vers\u00e1til e elegante para a casa de banho.<\/p>\n<p><strong>Caracter\u00edsticas:<\/strong><\/p>\n<ul>\n<li>Dupla descarga;<\/li>\n<li>Material: ABS (alta resist\u00eancia ao choque e aos riscos);<\/li>\n<li>Acionamento suave: &lt;20N;<\/li>\n<li>6.5mm de espessura.<\/li>\n<\/ul>\n","protected":false},"excerpt":{"rendered":"<p>Placa de comando de descarga<\/p>\n<p>Cor da placa: cromado<\/p>\n<p>Marca: Oli<\/p>\n","protected":false},"featured_media":8164,"template":"","meta":[],"product_cat":[149,310,187],"product_tag":[],"class_list":{"0":"post-8162","1":"product","2":"type-product","3":"status-publish","4":"has-post-thumbnail","6":"product_cat-casa-de-banho","7":"product_cat-placas-de-comando-de-descarga","8":"product_cat-sistemas-de-instalacao","9":"ts_product_brand-oli","11":"first","12":"instock","13":"taxable","14":"shipping-taxable","15":"product-type-simple"},"_links":{"self":[{"href":"https:\/\/montael.com\/index.php?rest_route=\/wp\/v2\/product\/8162","targetHints":{"allow":["GET"]}}],"collection":[{"href":"https:\/\/montael.com\/index.php?rest_route=\/wp\/v2\/product"}],"about":[{"href":"https:\/\/montael.com\/index.php?rest_route=\/wp\/v2\/types\/product"}],"wp:featuredmedia":[{"embeddable":true,"href":"https:\/\/montael.com\/index.php?rest_route=\/wp\/v2\/media\/8164"}],"wp:attachment":[{"href":"https:\/\/montael.com\/index.php?rest_route=%2Fwp%2Fv2%2Fmedia&parent=8162"}],"wp:term":[{"taxonomy":"product_cat","embeddable":true,"href":"https:\/\/montael.com\/index.php?rest_route=%2Fwp%2Fv2%2Fproduct_cat&post=8162"},{"taxonomy":"product_tag","embeddable":true,"href":"https:\/\/montael.com\/index.php?rest_route=%2Fwp%2Fv2%2Fproduct_tag&post=8162"}],"curies":[{"name":"wp","href":"https:\/\/api.w.org\/{rel}","templated":true}]}}