

{"id":8121,"date":"2024-05-31T17:54:09","date_gmt":"2024-05-31T17:54:09","guid":{"rendered":"https:\/\/montael.com\/new_site\/?post_type=product&#038;p=8121"},"modified":"2025-06-09T14:57:57","modified_gmt":"2025-06-09T13:57:57","slug":"fixacoes-drentex-pregos-e-botoes-para-fixacao-das-drenagens","status":"publish","type":"product","link":"https:\/\/montael.com\/?product=fixacoes-drentex-pregos-e-botoes-para-fixacao-das-drenagens","title":{"rendered":"Fixa\u00e7\u00f5es Drentex | Pregos e bot\u00f5es para fixa\u00e7\u00e3o das drenagens"},"content":{"rendered":"<div class=\"product-v4-detail\">\n<div class=\"product-v4-detail\">\n<div class=\"product-v4-detail\">\n<div class=\"product-v4-detail-content wysiwyg\">Pregos zincados para fixa\u00e7\u00e3o das membranas DRENTEX e do PERFIL DRENTEX em qualquer superf\u00edcie. Inoxid\u00e1vel, facilidade de coloca\u00e7\u00e3o: Aplica\u00e7\u00e3o com martelo ou pistola, tempo reduzido, o bot\u00e3o adapta-se perfeitamente ao alv\u00e9oloda membrana alveolar DRENTEX e compat\u00edvel com toda a gama DRENTEX<\/div>\n<\/div>\n<div class=\"product-v4-detail\">\n<p class=\"product-v4-detail-title\"><i class=\"ic ic-v4-implementation\"><\/i>\u00a0<strong>Coloca\u00e7\u00e3o em obra:<\/strong><\/p>\n<div class=\"product-v4-detail-content wysiwyg\">Estender a membrana com os alv\u00e9olos em dire\u00e7\u00e3o \u00e0 parede impermeabilizada. Fixar a membrana DRENTEX com bot\u00f5es de fixa\u00e7\u00e3o e pregos de a\u00e7o FIXA\u00c7\u00d5ES DRENTEX. O bot\u00e3o preenche o alv\u00e9olo. Verificar que a membrana est\u00e1 bem instalada. Fixar o PERFIL DRENTEX na borda superior da membrana e pregar com pregos de a\u00e7o.<\/div>\n<\/div>\n<\/div>\n<div class=\"product-v4-detail\">\n<div class=\"product-v4-detail-content wysiwyg\">\n<div class=\"product-v4-detail\">\n<div class=\"product-v4-detail-content wysiwyg\"><\/div>\n<\/div>\n<\/div>\n<\/div>\n<\/div>\n<p>&nbsp;<\/p>\n","protected":false},"excerpt":{"rendered":"<p>Pregos zincados para fixa\u00e7\u00e3o das membranas DRENTEX e do PERFIL DRENTEX em qualquer superf\u00edcie.<\/p>\n<ul>\n<li>Unidade de venda | Saco\u00a0 com 200 pregos + 200 bot\u00f5es<\/li>\n<\/ul>\n<p>Marca: Soprema<\/p>\n","protected":false},"featured_media":8802,"template":"","meta":[],"product_cat":[146,257],"product_tag":[],"class_list":{"0":"post-8121","1":"product","2":"type-product","3":"status-publish","4":"has-post-thumbnail","6":"product_cat-construcao","7":"product_cat-drenagens-e-membranas-protetoras","8":"ts_product_brand-soprema","10":"first","11":"onbackorder","12":"taxable","13":"shipping-taxable","14":"product-type-simple"},"_links":{"self":[{"href":"https:\/\/montael.com\/index.php?rest_route=\/wp\/v2\/product\/8121","targetHints":{"allow":["GET"]}}],"collection":[{"href":"https:\/\/montael.com\/index.php?rest_route=\/wp\/v2\/product"}],"about":[{"href":"https:\/\/montael.com\/index.php?rest_route=\/wp\/v2\/types\/product"}],"wp:featuredmedia":[{"embeddable":true,"href":"https:\/\/montael.com\/index.php?rest_route=\/wp\/v2\/media\/8802"}],"wp:attachment":[{"href":"https:\/\/montael.com\/index.php?rest_route=%2Fwp%2Fv2%2Fmedia&parent=8121"}],"wp:term":[{"taxonomy":"product_cat","embeddable":true,"href":"https:\/\/montael.com\/index.php?rest_route=%2Fwp%2Fv2%2Fproduct_cat&post=8121"},{"taxonomy":"product_tag","embeddable":true,"href":"https:\/\/montael.com\/index.php?rest_route=%2Fwp%2Fv2%2Fproduct_tag&post=8121"}],"curies":[{"name":"wp","href":"https:\/\/api.w.org\/{rel}","templated":true}]}}