

{"id":8076,"date":"2024-05-31T16:01:31","date_gmt":"2024-05-31T16:01:31","guid":{"rendered":"https:\/\/montael.com\/new_site\/?post_type=product&#038;p=8076"},"modified":"2025-06-09T10:04:10","modified_gmt":"2025-06-09T09:04:10","slug":"kit-baldes-rubiclean-eco","status":"publish","type":"product","link":"https:\/\/montael.com\/?product=kit-baldes-rubiclean-eco","title":{"rendered":"KIT Baldes RUBICLEAN ECO"},"content":{"rendered":"<p><strong>Caracter\u00edsticas:<\/strong><\/p>\n<div class=\"v-col-md-8 v-col-12\" data-v-02110079=\"\">\n<div class=\"w-100\" data-v-02110079=\"\">\n<div data-v-02110079=\"\">\n<div class=\"pa-4 ma-4 caption\" data-v-02110079=\"\">\n<div class=\"v-col-md-8 v-col-12\" data-v-02110079=\"\">\n<div class=\"w-100\" data-v-02110079=\"\">\n<div data-v-02110079=\"\">\n<div class=\"pa-4 ma-4 caption\" data-v-02110079=\"\">\n<p>A gama de baldes RUBICLEAN \u00e9 uma das gamas mais completas do mercado. Os baldes RUBICLEAN est\u00e3o adaptados a todas as necessidades do mercado e cobrem perfeitamente as necessidades do profissional.\u00a0Os baldes RUBICLEAN foram\u00a0desenhados para garantir o m\u00e1ximo desempenho durante a limpeza do ladrilho cer\u00e2mico ap\u00f3s a aplica\u00e7\u00e3o do material de rejuntamento. Os baldes RUBICLEAN incorporam um sistema de rolos e uma grelha para garantir a drenagem correta das esponjas. Os RUBICLEAN KITS fornecem ao profissional os elementos b\u00e1sicos para uma limpeza correta ap\u00f3s o rejuntamento.<\/p>\n<\/div>\n<\/div>\n<\/div>\n<\/div>\n<\/div>\n<\/div>\n<\/div>\n<\/div>\n","protected":false},"excerpt":{"rendered":"<p>Marca: Rubi<\/p>\n","protected":false},"featured_media":8080,"template":"","meta":[],"product_cat":[254],"product_tag":[],"class_list":{"0":"post-8076","1":"product","2":"type-product","3":"status-publish","4":"has-post-thumbnail","6":"product_cat-limpeza","7":"ts_product_brand-rubi","9":"first","10":"instock","11":"taxable","12":"shipping-taxable","13":"product-type-simple"},"_links":{"self":[{"href":"https:\/\/montael.com\/index.php?rest_route=\/wp\/v2\/product\/8076","targetHints":{"allow":["GET"]}}],"collection":[{"href":"https:\/\/montael.com\/index.php?rest_route=\/wp\/v2\/product"}],"about":[{"href":"https:\/\/montael.com\/index.php?rest_route=\/wp\/v2\/types\/product"}],"wp:featuredmedia":[{"embeddable":true,"href":"https:\/\/montael.com\/index.php?rest_route=\/wp\/v2\/media\/8080"}],"wp:attachment":[{"href":"https:\/\/montael.com\/index.php?rest_route=%2Fwp%2Fv2%2Fmedia&parent=8076"}],"wp:term":[{"taxonomy":"product_cat","embeddable":true,"href":"https:\/\/montael.com\/index.php?rest_route=%2Fwp%2Fv2%2Fproduct_cat&post=8076"},{"taxonomy":"product_tag","embeddable":true,"href":"https:\/\/montael.com\/index.php?rest_route=%2Fwp%2Fv2%2Fproduct_tag&post=8076"}],"curies":[{"name":"wp","href":"https:\/\/api.w.org\/{rel}","templated":true}]}}