

{"id":8071,"date":"2024-05-31T15:56:08","date_gmt":"2024-05-31T15:56:08","guid":{"rendered":"https:\/\/montael.com\/new_site\/?post_type=product&#038;p=8071"},"modified":"2025-06-09T10:05:05","modified_gmt":"2025-06-09T09:05:05","slug":"fita-metrica-ironblade-5m-dupla-marcacao","status":"publish","type":"product","link":"https:\/\/montael.com\/?product=fita-metrica-ironblade-5m-dupla-marcacao","title":{"rendered":"Fita m\u00e9trica IRONBLADE 5M Dupla Marca\u00e7\u00e3o"},"content":{"rendered":"<p><strong>Caracter\u00edsticas:<\/strong><\/p>\n<div class=\"v-col-md-8 v-col-12\" data-v-02110079=\"\">\n<div class=\"w-100\" data-v-02110079=\"\">\n<div data-v-02110079=\"\">\n<div class=\"pa-4 ma-4 caption\" data-v-02110079=\"\">\n<div class=\"v-col-md-8 v-col-12\" data-v-02110079=\"\">\n<div class=\"w-100\" data-v-02110079=\"\">\n<div data-v-02110079=\"\">\n<div class=\"pa-4 ma-4 caption\" data-v-02110079=\"\">\n<p>Na RUBI n\u00e3o nos preocupamos somente em desenhar, fabricar e distribuir as melhores ferramentas para o corte e aplica\u00e7\u00e3o de pe\u00e7as cer\u00e2micas. Tamb\u00e9m pensamos nos complementos e acess\u00f3rios que todo o colocador profissional de cer\u00e2mica pode necessitar.<\/p>\n<p>Um claro exemplo deste compromisso \u00e9 a gama de fitas m\u00e9tricas IRONBLADE.<\/p>\n<p>Fieis a esta preocupa\u00e7\u00e3o, as fitas m\u00e9tricas IRONBLADE RUBI, disp\u00f5em de uma carca\u00e7a met\u00e1lica de grande resist\u00eancia e de um revestimento de borracha que possibilita uma maior ergonomia.<\/p>\n<p>A fita met\u00e1lica curvada das fitas m\u00e9tricas IRONBLADE facilita as medi\u00e7\u00f5es a grande altura e com uma s\u00f3 m\u00e3o. RUBI, disp\u00f5e de um modelo, dentro da gama IRONBLADE com uma segunda marca\u00e7\u00e3o vertical na parte traseira da fita met\u00e1lica para facilitar as medi\u00e7\u00f5es verticais. O topo, com tr\u00eas pontos de fixa\u00e7\u00e3o, \u00e9 retr\u00e1ctil e facilita as medi\u00e7\u00f5es internas e externas com a maior flexibilidade, precis\u00e3o e resist\u00eancia<\/p>\n<p>As fitas m\u00e9tricas IRONBLADE incorporam o sistema AUTOLOCK que bloqueia a fita m\u00e9trica e facilita uma medi\u00e7\u00e3o mais r\u00e1pida e simples. O bot\u00e3o pulsador facilita a recolha da fita de forma r\u00e1pida e segura.<\/p>\n<p>As fitas m\u00e9tricas IRONBLADE est\u00e3o homologados conforme as diretivas 2004\/22\/CE e 2009\/34\/CE. Classe II.<\/p>\n<\/div>\n<\/div>\n<\/div>\n<\/div>\n<\/div>\n<\/div>\n<\/div>\n<\/div>\n","protected":false},"excerpt":{"rendered":"<p>Marca: Rubi<\/p>\n","protected":false},"featured_media":8073,"template":"","meta":[],"product_cat":[252],"product_tag":[],"class_list":{"0":"post-8071","1":"product","2":"type-product","3":"status-publish","4":"has-post-thumbnail","6":"product_cat-manuais","7":"ts_product_brand-rubi","9":"first","10":"instock","11":"taxable","12":"shipping-taxable","13":"product-type-simple"},"_links":{"self":[{"href":"https:\/\/montael.com\/index.php?rest_route=\/wp\/v2\/product\/8071","targetHints":{"allow":["GET"]}}],"collection":[{"href":"https:\/\/montael.com\/index.php?rest_route=\/wp\/v2\/product"}],"about":[{"href":"https:\/\/montael.com\/index.php?rest_route=\/wp\/v2\/types\/product"}],"wp:featuredmedia":[{"embeddable":true,"href":"https:\/\/montael.com\/index.php?rest_route=\/wp\/v2\/media\/8073"}],"wp:attachment":[{"href":"https:\/\/montael.com\/index.php?rest_route=%2Fwp%2Fv2%2Fmedia&parent=8071"}],"wp:term":[{"taxonomy":"product_cat","embeddable":true,"href":"https:\/\/montael.com\/index.php?rest_route=%2Fwp%2Fv2%2Fproduct_cat&post=8071"},{"taxonomy":"product_tag","embeddable":true,"href":"https:\/\/montael.com\/index.php?rest_route=%2Fwp%2Fv2%2Fproduct_tag&post=8071"}],"curies":[{"name":"wp","href":"https:\/\/api.w.org\/{rel}","templated":true}]}}