

{"id":8056,"date":"2024-05-31T15:45:23","date_gmt":"2024-05-31T15:45:23","guid":{"rendered":"https:\/\/montael.com\/new_site\/?post_type=product&#038;p=8056"},"modified":"2025-06-09T10:05:41","modified_gmt":"2025-06-09T09:05:41","slug":"cortador-manual-hit-1200-n-com-bolsa","status":"publish","type":"product","link":"https:\/\/montael.com\/?product=cortador-manual-hit-1200-n-com-bolsa","title":{"rendered":"Cortador Manual HIT-1200 N com bolsa"},"content":{"rendered":"<p><strong>Caracter\u00edsticas:<\/strong><\/p>\n<div class=\"v-col-md-8 v-col-12\" data-v-02110079=\"\">\n<div class=\"w-100\" data-v-02110079=\"\">\n<div data-v-02110079=\"\">\n<div class=\"pa-4 ma-4 caption\" data-v-02110079=\"\">\n<p>O cortador manual HIT-1200 N \u00e9 um cortador de cer\u00e2mica robusto e preciso, para trabalhos mais exigentes em pe\u00e7as cer\u00e2micas de grande formato.<\/p>\n<p>O HIT-1200 N \u00e9 ideal para o corte FREQUENTE de todo o tipo de pe\u00e7as cer\u00e2micas (azulejo, gr\u00e9s esmaltado e gr\u00e9s porcel\u00e2nico).<\/p>\n<p>Equipado com um separador m\u00f3vel de grandes presta\u00e7\u00f5es, o HIT-1200 N pode aplicar uma pot\u00eancia m\u00e1xima de 800 kg no momento de separarar o material. Al\u00e9m disso, o conjunto separador incorpora o revolucion\u00e1rio sitema MAGNET de RUBI que permite o bloqueio e desbloqueio do pisador, para cortar e separar com uma s\u00f3 m\u00e3o. Como consequ\u00eancia, maior velocidade de trabalho\u00a0 e uma maior comodidade ao manipular pe\u00e7as de grande formato.<\/p>\n<p>O conjunto de corredi\u00e7as do HIT-1200 N incorpora rolamentos lineares que possibilitam uma maior suavidade e conforto durante o corte.<\/p>\n<p>O sistema de dupla guia, maci\u00e7as, de a\u00e7o cromado e rectificadas, de 20 mm de di\u00e2metro possibilitam uma maior resist\u00eancia \u00e0 flex\u00e3o\u00a0 e melhoram a visibilidade da zona de corte.<\/p>\n<p>A base de extrus\u00e3o de alum\u00ednio com estrutura fechada, possibilita um aumento da RIGIDEZ estrutural do pr\u00f3prio cortador e, por sua vez, facilita uma maior capacidade de corte.<\/p>\n<p>O cortador manual HIT-1200 N disp\u00f5e de 4 bra\u00e7os suplementares de alum\u00ednio que aumentam a superf\u00edcie de apoio ao trabalhar com pe\u00e7as de grande formato e de um topo lateral que facilita a medi\u00e7\u00e3o e a realiza\u00e7\u00e3o de cortes rectos repetitivos\u00a0 e o posicionamento das pe\u00e7as a 45\u00ba.<\/p>\n<p>A pega do HIT-1200 N \u00e9 soft-grip para uma maior ERGONOMIA e CONFORTO do colocador profissional.<\/p>\n<\/div>\n<\/div>\n<\/div>\n<\/div>\n","protected":false},"excerpt":{"rendered":"<p>Marca: Rubi<\/p>\n","protected":false},"featured_media":8057,"template":"","meta":[],"product_cat":[306,249,291],"product_tag":[],"class_list":{"0":"post-8056","1":"product","2":"type-product","3":"status-publish","4":"has-post-thumbnail","6":"product_cat-cortadores","7":"product_cat-ferramentas","8":"product_cat-ferramentas-corte-ceramica","9":"ts_product_brand-rubi","11":"first","12":"instock","13":"taxable","14":"shipping-taxable","15":"product-type-simple"},"_links":{"self":[{"href":"https:\/\/montael.com\/index.php?rest_route=\/wp\/v2\/product\/8056","targetHints":{"allow":["GET"]}}],"collection":[{"href":"https:\/\/montael.com\/index.php?rest_route=\/wp\/v2\/product"}],"about":[{"href":"https:\/\/montael.com\/index.php?rest_route=\/wp\/v2\/types\/product"}],"wp:featuredmedia":[{"embeddable":true,"href":"https:\/\/montael.com\/index.php?rest_route=\/wp\/v2\/media\/8057"}],"wp:attachment":[{"href":"https:\/\/montael.com\/index.php?rest_route=%2Fwp%2Fv2%2Fmedia&parent=8056"}],"wp:term":[{"taxonomy":"product_cat","embeddable":true,"href":"https:\/\/montael.com\/index.php?rest_route=%2Fwp%2Fv2%2Fproduct_cat&post=8056"},{"taxonomy":"product_tag","embeddable":true,"href":"https:\/\/montael.com\/index.php?rest_route=%2Fwp%2Fv2%2Fproduct_tag&post=8056"}],"curies":[{"name":"wp","href":"https:\/\/api.w.org\/{rel}","templated":true}]}}