

{"id":8040,"date":"2024-05-31T15:33:50","date_gmt":"2024-05-31T15:33:50","guid":{"rendered":"https:\/\/montael.com\/new_site\/?post_type=product&#038;p=8040"},"modified":"2025-06-09T10:06:30","modified_gmt":"2025-06-09T09:06:30","slug":"cortador-manual-hit-plus","status":"publish","type":"product","link":"https:\/\/montael.com\/?product=cortador-manual-hit-plus","title":{"rendered":"Cortador Manual HIT PLUS"},"content":{"rendered":"<p><strong>Caracter\u00edsticas:<\/strong><\/p>\n<p>Guias maci\u00e7as de a\u00e7o cromado e retificadas com tratamento anti corros\u00e3o de \u00d825 mm. Para uma maior resist\u00eancia \u00e0 tor\u00e7\u00e3o Com um esquadro com topo lateral inclu\u00eddo para cortes repetitivos e a 45\u00ba. Equipada com 4 bra\u00e7os suplementares de alum\u00ednio para trabalhar grandes formatos. Topo de guias m\u00f3vel para ajustar o corte \u00e0 medida da cer\u00e2mica. Duplo suporte de cer\u00e2mica com suplemento para corte a 45\u00ba. Manipulo com pega soft-grip para uma maior ERGONOMIA E CONFORTO. Ampla gama de rodeis adaptados a cada material (\u00d8 6, 8, 10, 18 e 22 mm.) Inclui rodel de 22 mm Extreme. Equipada com 2 rodas e pega para um melhor manuseamento da ferramenta. A vers\u00e3o RS inclui esquadro refor\u00e7ado com fixa\u00e7\u00e3o magnet. A vers\u00e3o de comprimento 1600 inclui rodas para facilitar o transporte. A mala tanto para a vers\u00e3o 1200 como para a 1600 inclui rodas.<\/p>\n","protected":false},"excerpt":{"rendered":"<p>Cortadora de cer\u00e2mica robusta e precisa, para os trabalhos mais exigentes de pe\u00e7as cer\u00e2micas de grande formato.<\/p>\n<p>Marca: Rubi<\/p>\n","protected":false},"featured_media":8041,"template":"","meta":[],"product_cat":[306,249,291],"product_tag":[],"class_list":{"0":"post-8040","1":"product","2":"type-product","3":"status-publish","4":"has-post-thumbnail","6":"product_cat-cortadores","7":"product_cat-ferramentas","8":"product_cat-ferramentas-corte-ceramica","9":"ts_product_brand-rubi","11":"first","12":"instock","13":"taxable","14":"shipping-taxable","15":"product-type-simple"},"_links":{"self":[{"href":"https:\/\/montael.com\/index.php?rest_route=\/wp\/v2\/product\/8040","targetHints":{"allow":["GET"]}}],"collection":[{"href":"https:\/\/montael.com\/index.php?rest_route=\/wp\/v2\/product"}],"about":[{"href":"https:\/\/montael.com\/index.php?rest_route=\/wp\/v2\/types\/product"}],"wp:featuredmedia":[{"embeddable":true,"href":"https:\/\/montael.com\/index.php?rest_route=\/wp\/v2\/media\/8041"}],"wp:attachment":[{"href":"https:\/\/montael.com\/index.php?rest_route=%2Fwp%2Fv2%2Fmedia&parent=8040"}],"wp:term":[{"taxonomy":"product_cat","embeddable":true,"href":"https:\/\/montael.com\/index.php?rest_route=%2Fwp%2Fv2%2Fproduct_cat&post=8040"},{"taxonomy":"product_tag","embeddable":true,"href":"https:\/\/montael.com\/index.php?rest_route=%2Fwp%2Fv2%2Fproduct_tag&post=8040"}],"curies":[{"name":"wp","href":"https:\/\/api.w.org\/{rel}","templated":true}]}}