

{"id":8001,"date":"2024-05-31T14:55:28","date_gmt":"2024-05-31T14:55:28","guid":{"rendered":"https:\/\/montael.com\/new_site\/?post_type=product&#038;p=8001"},"modified":"2025-06-11T09:20:52","modified_gmt":"2025-06-11T08:20:52","slug":"misturador-de-cimento-cola-1400w","status":"publish","type":"product","link":"https:\/\/montael.com\/?product=misturador-de-cimento-cola-1400w","title":{"rendered":"Misturador de Cimento Cola 1400W"},"content":{"rendered":"<p class=\"text-cinzento-300 mt-7 text-sm leading-descricao line-clamp-6\">Misturador de Cimento Cola com uma pot\u00eancia nominal de 1400W com 2 velocidades.<\/p>\n<p><strong>Caracter\u00edsticas:<\/strong><\/p>\n<ul class=\"list-disc ml-5 mt-3\">\n<li>Com caixa de Engrenagens Met\u00e1lica, conferindo-lhe uma maior durabilidade.<\/li>\n<li>Velocidade Vari\u00e1vel, adaptando-se ao tipo de utiliza\u00e7\u00e3o.<\/li>\n<li>Bot\u00e3o de Bloqueio do Interruptor On\/Off.<\/li>\n<\/ul>\n","protected":false},"excerpt":{"rendered":"<ul>\n<li>Inclui mala<\/li>\n<\/ul>\n<p>Marca: Vito<\/p>\n","protected":false},"featured_media":8002,"template":"","meta":[],"product_cat":[249,250],"product_tag":[],"class_list":{"0":"post-8001","1":"product","2":"type-product","3":"status-publish","4":"has-post-thumbnail","6":"product_cat-ferramentas","7":"product_cat-eletricas","8":"ts_product_brand-vito","10":"first","11":"instock","12":"taxable","13":"shipping-taxable","14":"product-type-simple"},"_links":{"self":[{"href":"https:\/\/montael.com\/index.php?rest_route=\/wp\/v2\/product\/8001","targetHints":{"allow":["GET"]}}],"collection":[{"href":"https:\/\/montael.com\/index.php?rest_route=\/wp\/v2\/product"}],"about":[{"href":"https:\/\/montael.com\/index.php?rest_route=\/wp\/v2\/types\/product"}],"wp:featuredmedia":[{"embeddable":true,"href":"https:\/\/montael.com\/index.php?rest_route=\/wp\/v2\/media\/8002"}],"wp:attachment":[{"href":"https:\/\/montael.com\/index.php?rest_route=%2Fwp%2Fv2%2Fmedia&parent=8001"}],"wp:term":[{"taxonomy":"product_cat","embeddable":true,"href":"https:\/\/montael.com\/index.php?rest_route=%2Fwp%2Fv2%2Fproduct_cat&post=8001"},{"taxonomy":"product_tag","embeddable":true,"href":"https:\/\/montael.com\/index.php?rest_route=%2Fwp%2Fv2%2Fproduct_tag&post=8001"}],"curies":[{"name":"wp","href":"https:\/\/api.w.org\/{rel}","templated":true}]}}