

{"id":7977,"date":"2024-05-31T14:18:58","date_gmt":"2024-05-31T14:18:58","guid":{"rendered":"https:\/\/montael.com\/new_site\/?post_type=product&#038;p=7977"},"modified":"2025-06-11T09:24:12","modified_gmt":"2025-06-11T08:24:12","slug":"casaco-alcochoado-alpha","status":"publish","type":"product","link":"https:\/\/montael.com\/?product=casaco-alcochoado-alpha","title":{"rendered":"Casaco Alcochoado ALPHA"},"content":{"rendered":"<p class=\"text-cinzento-300 mt-7 text-sm leading-descricao\">O Casaco Acolchoado ALPHA da VITO, expressa um estilo din\u00e2mico e descontra\u00eddo, conferindo um visual moderno no quotidiano.<br \/>\nProjetado para acompanhar o ritmo acelerado da vida contempor\u00e2nea, \u00e9 uma escolha perfeita para quem procura uma presen\u00e7a constante na moda, acompanhada de estilo e conforto.<\/p>\n<p><strong>Caracter\u00edsticas:<\/strong><\/p>\n<ul>\n<li>Casaco com design confort\u00e1vel e funcional;<\/li>\n<li>A utiliza\u00e7\u00e3o de diferentes tecidos conjugam na flexibilidade;<\/li>\n<li>durabilidade e prote\u00e7\u00e3o contra as condi\u00e7\u00f5es climat\u00e9ricas (frio \/ vento \/ chuva);<\/li>\n<li>Respir\u00e1vel e adequado para atividades ao ar livre;<\/li>\n<li>Repelente \u00e0 \u00e1gua (DWR);<\/li>\n<li>Fecho de correr com protetor de queixo;<\/li>\n<li>Punhos el\u00e1sticos ajust\u00e1veis com velcro;<\/li>\n<li>2 bolsos laterais com forro no interior e fechos de correr;<\/li>\n<li>1 bolso de peito com fecho de correr;<\/li>\n<li>Furos de ventila\u00e7\u00e3o na zona das axilas;<\/li>\n<li>1 Bolso interno com fecho de correr para aplica\u00e7\u00e3o de carteira;<\/li>\n<li>1 Bolso interno com bot\u00e3o para telem\u00f3vel ou bloco de notas;<\/li>\n<li>Faixas refletoras na pala dianteira e traseira;<\/li>\n<li>Molas ajust\u00e1veis nas laterais do casaco.<\/li>\n<li style=\"list-style-type: none;\"><\/li>\n<\/ul>\n","protected":false},"excerpt":{"rendered":"<ul>\n<li>Dispon\u00edvel do tamanho S ao XXL<\/li>\n<\/ul>\n<p>Marca: Vito<\/p>\n","protected":false},"featured_media":7978,"template":"","meta":[],"product_cat":[248],"product_tag":[],"class_list":{"0":"post-7977","1":"product","2":"type-product","3":"status-publish","4":"has-post-thumbnail","6":"product_cat-vestuario","7":"ts_product_brand-vito","9":"first","10":"instock","11":"taxable","12":"shipping-taxable","13":"product-type-simple"},"_links":{"self":[{"href":"https:\/\/montael.com\/index.php?rest_route=\/wp\/v2\/product\/7977","targetHints":{"allow":["GET"]}}],"collection":[{"href":"https:\/\/montael.com\/index.php?rest_route=\/wp\/v2\/product"}],"about":[{"href":"https:\/\/montael.com\/index.php?rest_route=\/wp\/v2\/types\/product"}],"wp:featuredmedia":[{"embeddable":true,"href":"https:\/\/montael.com\/index.php?rest_route=\/wp\/v2\/media\/7978"}],"wp:attachment":[{"href":"https:\/\/montael.com\/index.php?rest_route=%2Fwp%2Fv2%2Fmedia&parent=7977"}],"wp:term":[{"taxonomy":"product_cat","embeddable":true,"href":"https:\/\/montael.com\/index.php?rest_route=%2Fwp%2Fv2%2Fproduct_cat&post=7977"},{"taxonomy":"product_tag","embeddable":true,"href":"https:\/\/montael.com\/index.php?rest_route=%2Fwp%2Fv2%2Fproduct_tag&post=7977"}],"curies":[{"name":"wp","href":"https:\/\/api.w.org\/{rel}","templated":true}]}}

<p class="text-cinzento-300 mt-7 text-sm leading-descricao">O Casaco Acolchoado ALPHA da VITO, expressa um estilo dinâmico e descontraído, conferindo um visual moderno no quotidiano.<br />
Projetado para acompanhar o ritmo acelerado da vida contemporânea, é uma escolha perfeita para quem procura uma presença constante na moda, acompanhada de estilo e conforto.</p>
<p><strong>Características:</strong></p>
<ul>
<li>Casaco com design confortável e funcional;</li>
<li>A utilização de diferentes tecidos conjugam na flexibilidade;</li>
<li>durabilidade e proteção contra as condições climatéricas (frio / vento / chuva);</li>
<li>Respirável e adequado para atividades ao ar livre;</li>
<li>Repelente à água (DWR);</li>
<li>Fecho de correr com protetor de queixo;</li>
<li>Punhos elásticos ajustáveis com velcro;</li>
<li>2 bolsos laterais com forro no interior e fechos de correr;</li>
<li>1 bolso de peito com fecho de correr;</li>
<li>Furos de ventilação na zona das axilas;</li>
<li>1 Bolso interno com fecho de correr para aplicação de carteira;</li>
<li>1 Bolso interno com botão para telemóvel ou bloco de notas;</li>
<li>Faixas refletoras na pala dianteira e traseira;</li>
<li>Molas ajustáveis nas laterais do casaco.</li>
<li style="list-style-type: none;"></li>
</ul>

<ul>
<li>Disponível do tamanho S ao XXL</li>
</ul>
<p>Marca: Vito</p>
