

{"id":7951,"date":"2024-05-31T13:42:51","date_gmt":"2024-05-31T13:42:51","guid":{"rendered":"https:\/\/montael.com\/new_site\/?post_type=product&#038;p=7951"},"modified":"2025-06-11T09:26:28","modified_gmt":"2025-06-11T08:26:28","slug":"casaco-reversivel-dual","status":"publish","type":"product","link":"https:\/\/montael.com\/?product=casaco-reversivel-dual","title":{"rendered":"Casaco Revers\u00edvel Dual"},"content":{"rendered":"<p class=\"text-cinzento-300 mt-7 text-sm leading-descricao line-clamp-6\">O Casaco DUAL Revers\u00edvel dois em um da VITO oferece uma incr\u00edvel versatilidade, proporcionando dois estilos distintos em uma \u00fanica pe\u00e7a.<br \/>\nCom um lado de alta visibilidade, conforme a norma EN ISO 20471, e a outra fase casual, este casaco adapta-se facilmente a diferentes ocasi\u00f5es, mantendo sempre o compromisso com o conforto, seguran\u00e7a e estilo.<br \/>\nO lado de alta visibilidade \u00e9 composto por cores vibrantes e elementos refletivos.<\/p>\n","protected":false},"excerpt":{"rendered":"<ul>\n<li>Dispon\u00edvel do tamanho S ao XXL<\/li>\n<\/ul>\n<p>Marca: Vito<\/p>\n","protected":false},"featured_media":7952,"template":"","meta":[],"product_cat":[248],"product_tag":[],"class_list":{"0":"post-7951","1":"product","2":"type-product","3":"status-publish","4":"has-post-thumbnail","6":"product_cat-vestuario","7":"ts_product_brand-vito","9":"first","10":"instock","11":"taxable","12":"shipping-taxable","13":"product-type-simple"},"_links":{"self":[{"href":"https:\/\/montael.com\/index.php?rest_route=\/wp\/v2\/product\/7951","targetHints":{"allow":["GET"]}}],"collection":[{"href":"https:\/\/montael.com\/index.php?rest_route=\/wp\/v2\/product"}],"about":[{"href":"https:\/\/montael.com\/index.php?rest_route=\/wp\/v2\/types\/product"}],"wp:featuredmedia":[{"embeddable":true,"href":"https:\/\/montael.com\/index.php?rest_route=\/wp\/v2\/media\/7952"}],"wp:attachment":[{"href":"https:\/\/montael.com\/index.php?rest_route=%2Fwp%2Fv2%2Fmedia&parent=7951"}],"wp:term":[{"taxonomy":"product_cat","embeddable":true,"href":"https:\/\/montael.com\/index.php?rest_route=%2Fwp%2Fv2%2Fproduct_cat&post=7951"},{"taxonomy":"product_tag","embeddable":true,"href":"https:\/\/montael.com\/index.php?rest_route=%2Fwp%2Fv2%2Fproduct_tag&post=7951"}],"curies":[{"name":"wp","href":"https:\/\/api.w.org\/{rel}","templated":true}]}}

Casaco Reversível Dual

<p class="text-cinzento-300 mt-7 text-sm leading-descricao line-clamp-6">O Casaco DUAL Reversível dois em um da VITO oferece uma incrível versatilidade, proporcionando dois estilos distintos em uma única peça.<br />
Com um lado de alta visibilidade, conforme a norma EN ISO 20471, e a outra fase casual, este casaco adapta-se facilmente a diferentes ocasiões, mantendo sempre o compromisso com o conforto, segurança e estilo.<br />
O lado de alta visibilidade é composto por cores vibrantes e elementos refletivos.</p>

<ul>
<li>Disponível do tamanho S ao XXL</li>
</ul>
<p>Marca: Vito</p>
