

{"id":7926,"date":"2024-05-31T11:53:01","date_gmt":"2024-05-31T11:53:01","guid":{"rendered":"https:\/\/montael.com\/new_site\/?post_type=product&#038;p=7926"},"modified":"2025-06-11T09:35:39","modified_gmt":"2025-06-11T08:35:39","slug":"luva-com-revestimento-em-nitrilo","status":"publish","type":"product","link":"https:\/\/montael.com\/?product=luva-com-revestimento-em-nitrilo","title":{"rendered":"Luva com Revestimento em Nitrilo"},"content":{"rendered":"<p class=\"text-cinzento-300 mt-7 text-sm leading-descricao line-clamp-6\">Luva Nitr\u00edlica, com punho el\u00e1stico e dorso respir\u00e1vel, para facilitar todas as suas atividades.<\/p>\n<ul>\n<li><strong>Caracter\u00edsticas:<\/strong><\/li>\n<\/ul>\n<ul class=\"list-disc ml-5 mt-3\">\n<li>Tricotada sem costuras, Revestida na palma e ponta dos dedos, Punho el\u00e1stico, Dorso respir\u00e1vel.<\/li>\n<\/ul>\n","protected":false},"excerpt":{"rendered":"<ul>\n<li>Dispon\u00edvel do tamanho XS ao XL<\/li>\n<\/ul>\n<p>Marca: Vito<\/p>\n","protected":false},"featured_media":7928,"template":"","meta":[],"product_cat":[245],"product_tag":[],"class_list":{"0":"post-7926","1":"product","2":"type-product","3":"status-publish","4":"has-post-thumbnail","6":"product_cat-luvas","7":"ts_product_brand-vito","9":"first","10":"instock","11":"taxable","12":"shipping-taxable","13":"product-type-simple"},"_links":{"self":[{"href":"https:\/\/montael.com\/index.php?rest_route=\/wp\/v2\/product\/7926","targetHints":{"allow":["GET"]}}],"collection":[{"href":"https:\/\/montael.com\/index.php?rest_route=\/wp\/v2\/product"}],"about":[{"href":"https:\/\/montael.com\/index.php?rest_route=\/wp\/v2\/types\/product"}],"wp:featuredmedia":[{"embeddable":true,"href":"https:\/\/montael.com\/index.php?rest_route=\/wp\/v2\/media\/7928"}],"wp:attachment":[{"href":"https:\/\/montael.com\/index.php?rest_route=%2Fwp%2Fv2%2Fmedia&parent=7926"}],"wp:term":[{"taxonomy":"product_cat","embeddable":true,"href":"https:\/\/montael.com\/index.php?rest_route=%2Fwp%2Fv2%2Fproduct_cat&post=7926"},{"taxonomy":"product_tag","embeddable":true,"href":"https:\/\/montael.com\/index.php?rest_route=%2Fwp%2Fv2%2Fproduct_tag&post=7926"}],"curies":[{"name":"wp","href":"https:\/\/api.w.org\/{rel}","templated":true}]}}