

{"id":7910,"date":"2024-05-31T11:26:44","date_gmt":"2024-05-31T11:26:44","guid":{"rendered":"https:\/\/montael.com\/new_site\/?post_type=product&#038;p=7910"},"modified":"2025-06-11T09:43:07","modified_gmt":"2025-06-11T08:43:07","slug":"protetor-auricular-ajustavel-amarelo","status":"publish","type":"product","link":"https:\/\/montael.com\/?product=protetor-auricular-ajustavel-amarelo","title":{"rendered":"Protetor Auricular Ajust\u00e1vel Amarelo"},"content":{"rendered":"<p class=\"text-cinzento-300 mt-7 text-sm leading-descricao line-clamp-6\">Protetor auditivo ajust\u00e1vel com conchas em ABS e almofadas em espuma sint\u00e9tica, para realizar todo o seu trabalho com qualidade e em seguran\u00e7a.<\/p>\n<p><strong>Caracter\u00edsticas:<\/strong><\/p>\n<ul>\n<li>Suave e esponjoso com tripla falange, ajusta-se ao canal auricular na perfei\u00e7\u00e3o.<\/li>\n<li>Com conchas em ABS, bandas de cabe\u00e7a ajust\u00e1vel e almofadas em espuma sint\u00e9tica.<\/li>\n<\/ul>\n","protected":false},"excerpt":{"rendered":"<p>Marca: Vito<\/p>\n","protected":false},"featured_media":7911,"template":"","meta":[],"product_cat":[233,339],"product_tag":[],"class_list":{"0":"post-7910","1":"product","2":"type-product","3":"status-publish","4":"has-post-thumbnail","6":"product_cat-seguranca","7":"product_cat-protecao-auditiva","8":"ts_product_brand-vito","10":"first","11":"instock","12":"taxable","13":"shipping-taxable","14":"product-type-simple"},"_links":{"self":[{"href":"https:\/\/montael.com\/index.php?rest_route=\/wp\/v2\/product\/7910","targetHints":{"allow":["GET"]}}],"collection":[{"href":"https:\/\/montael.com\/index.php?rest_route=\/wp\/v2\/product"}],"about":[{"href":"https:\/\/montael.com\/index.php?rest_route=\/wp\/v2\/types\/product"}],"wp:featuredmedia":[{"embeddable":true,"href":"https:\/\/montael.com\/index.php?rest_route=\/wp\/v2\/media\/7911"}],"wp:attachment":[{"href":"https:\/\/montael.com\/index.php?rest_route=%2Fwp%2Fv2%2Fmedia&parent=7910"}],"wp:term":[{"taxonomy":"product_cat","embeddable":true,"href":"https:\/\/montael.com\/index.php?rest_route=%2Fwp%2Fv2%2Fproduct_cat&post=7910"},{"taxonomy":"product_tag","embeddable":true,"href":"https:\/\/montael.com\/index.php?rest_route=%2Fwp%2Fv2%2Fproduct_tag&post=7910"}],"curies":[{"name":"wp","href":"https:\/\/api.w.org\/{rel}","templated":true}]}}

Protetor Auricular Ajustável Amarelo

<p class="text-cinzento-300 mt-7 text-sm leading-descricao line-clamp-6">Protetor auditivo ajustável com conchas em ABS e almofadas em espuma sintética, para realizar todo o seu trabalho com qualidade e em segurança.</p>
<p><strong>Características:</strong></p>
<ul>
<li>Suave e esponjoso com tripla falange, ajusta-se ao canal auricular na perfeição.</li>
<li>Com conchas em ABS, bandas de cabeça ajustável e almofadas em espuma sintética.</li>
</ul>
