

{"id":7908,"date":"2024-05-31T11:23:02","date_gmt":"2024-05-31T11:23:02","guid":{"rendered":"https:\/\/montael.com\/new_site\/?post_type=product&#038;p=7908"},"modified":"2025-06-11T09:43:27","modified_gmt":"2025-06-11T08:43:27","slug":"protetor-auricular-vermelho-27-db","status":"publish","type":"product","link":"https:\/\/montael.com\/?product=protetor-auricular-vermelho-27-db","title":{"rendered":"Protetor Auricular Vermelho 27 DB"},"content":{"rendered":"<p class=\"text-cinzento-300 mt-7 text-sm leading-descricao\">Protetor auditivo ajust\u00e1vel com conchas em ABS e almofadas em espuma sint\u00e9tica, para realizar todo o seu trabalho com qualidade e em seguran\u00e7a.<\/p>\n<p><strong>Caracter\u00edsticas:<\/strong><\/p>\n<ul>\n<li>Leve, com almofadas de esponja, proporciona uma boa prote\u00e7\u00e3o contra ru\u00eddo.<\/li>\n<li>Redu\u00e7\u00e3o do \u00edndice de ru\u00eddo 27dB.<\/li>\n<li>A sua estrutura refor\u00e7ada e ajust\u00e1vel permite o uso confort\u00e1vel e eficiente.<\/li>\n<li>Pode ser usado em 3 posi\u00e7\u00f5es.<\/li>\n<\/ul>\n","protected":false},"excerpt":{"rendered":"<p>Marca: Vito<\/p>\n","protected":false},"featured_media":7909,"template":"","meta":[],"product_cat":[233,339],"product_tag":[],"class_list":{"0":"post-7908","1":"product","2":"type-product","3":"status-publish","4":"has-post-thumbnail","6":"product_cat-seguranca","7":"product_cat-protecao-auditiva","8":"ts_product_brand-vito","10":"first","11":"instock","12":"taxable","13":"shipping-taxable","14":"product-type-simple"},"_links":{"self":[{"href":"https:\/\/montael.com\/index.php?rest_route=\/wp\/v2\/product\/7908","targetHints":{"allow":["GET"]}}],"collection":[{"href":"https:\/\/montael.com\/index.php?rest_route=\/wp\/v2\/product"}],"about":[{"href":"https:\/\/montael.com\/index.php?rest_route=\/wp\/v2\/types\/product"}],"wp:featuredmedia":[{"embeddable":true,"href":"https:\/\/montael.com\/index.php?rest_route=\/wp\/v2\/media\/7909"}],"wp:attachment":[{"href":"https:\/\/montael.com\/index.php?rest_route=%2Fwp%2Fv2%2Fmedia&parent=7908"}],"wp:term":[{"taxonomy":"product_cat","embeddable":true,"href":"https:\/\/montael.com\/index.php?rest_route=%2Fwp%2Fv2%2Fproduct_cat&post=7908"},{"taxonomy":"product_tag","embeddable":true,"href":"https:\/\/montael.com\/index.php?rest_route=%2Fwp%2Fv2%2Fproduct_tag&post=7908"}],"curies":[{"name":"wp","href":"https:\/\/api.w.org\/{rel}","templated":true}]}}

<p class="text-cinzento-300 mt-7 text-sm leading-descricao">Protetor auditivo ajustável com conchas em ABS e almofadas em espuma sintética, para realizar todo o seu trabalho com qualidade e em segurança.</p>
<p><strong>Características:</strong></p>
<ul>
<li>Leve, com almofadas de esponja, proporciona uma boa proteção contra ruído.</li>
<li>Redução do índice de ruído 27dB.</li>
<li>A sua estrutura reforçada e ajustável permite o uso confortável e eficiente.</li>
<li>Pode ser usado em 3 posições.</li>
</ul>
