

{"id":7828,"date":"2024-05-31T10:11:43","date_gmt":"2024-05-31T10:11:43","guid":{"rendered":"https:\/\/montael.com\/new_site\/?post_type=product&#038;p=7828"},"modified":"2025-06-06T15:52:40","modified_gmt":"2025-06-06T14:52:40","slug":"manta-ibr-kraft-rolo-de-la-mineral","status":"publish","type":"product","link":"https:\/\/montael.com\/?product=manta-ibr-kraft-rolo-de-la-mineral","title":{"rendered":"Manta IBR Kraft | Rolo de l\u00e3 mineral"},"content":{"rendered":"<p>Concebido especificamente para o isolamento t\u00e9rmico e ac\u00fastico de tetos falsos e lajes de cobertura pelo interior, isolamento entre divis\u00f3rias e isolamento de s\u00f3t\u00e3os, evitando o aparecimento de condensa\u00e7\u00e3o em climas frios.<\/p>\n<p><strong>Vantagens:<\/strong><\/p>\n<ul>\n<li>Melhora a efic\u00e1cia do isolamento t\u00e9rmico e ac\u00fastico em constru\u00e7\u00e3o.<\/li>\n<li>O seu formato em rolo facilita o manuseio e a coloca\u00e7\u00e3o do produto.<\/li>\n<li>Adaptabilidade da l\u00e3 de vidro a juntas de janelas, pilares, etc, sem deteriorar a qualidade e a durabilidade do produto.<\/li>\n<li>Linhas de guia sobre o papel kraft que facilitam o corte.<\/li>\n<li>Produto preparado para instala\u00e7\u00e3o em trabalhos de bricolage e pequenos restauros.<\/li>\n<li>Recomendado para a reabilita\u00e7\u00e3o de coberturas pelo interior e coberturas ligeiras.<\/li>\n<li>Produto sustent\u00e1vel com composi\u00e7\u00e3o em material reciclado superior a 50%. Material 100% recicl\u00e1vel.<\/li>\n<li>Material inerte que n\u00e3o \u00e9 um meio prop\u00edcio ao desenvolvimento de micro organismos.<\/li>\n<li>Mant\u00e9m o desempenho do sistema inalterado durante toda a vida \u00fatil do edif\u00edcio, n\u00e3o se degrada com o tempo<\/li>\n<\/ul>\n","protected":false},"excerpt":{"rendered":"<ul>\n<li><strong>Embalagem\/rolo = 24m2 | 100,37\u20ac Iva Inclu\u00eddo<\/strong><\/li>\n<\/ul>\n<p>Rolo de l\u00e3 mineral de vidro standard para isolamento t\u00e9rmico pelo interior de tetos e coberturas, com barreira ao vapor em papel kraft<\/p>\n<ul>\n<li>Espessura: 50mm<\/li>\n<li>Comprimento : 20m<\/li>\n<li>Largura: 1.20m<\/li>\n<\/ul>\n<p>Marca: Isover<\/p>\n","protected":false},"featured_media":8766,"template":"","meta":[],"product_cat":[146,238,298],"product_tag":[],"class_list":{"0":"post-7828","1":"product","2":"type-product","3":"status-publish","4":"has-post-thumbnail","6":"product_cat-construcao","7":"product_cat-isolamento","8":"product_cat-isolamento-la-mineral","9":"ts_product_brand-isover","11":"first","12":"instock","13":"taxable","14":"shipping-taxable","15":"product-type-simple"},"_links":{"self":[{"href":"https:\/\/montael.com\/index.php?rest_route=\/wp\/v2\/product\/7828","targetHints":{"allow":["GET"]}}],"collection":[{"href":"https:\/\/montael.com\/index.php?rest_route=\/wp\/v2\/product"}],"about":[{"href":"https:\/\/montael.com\/index.php?rest_route=\/wp\/v2\/types\/product"}],"wp:featuredmedia":[{"embeddable":true,"href":"https:\/\/montael.com\/index.php?rest_route=\/wp\/v2\/media\/8766"}],"wp:attachment":[{"href":"https:\/\/montael.com\/index.php?rest_route=%2Fwp%2Fv2%2Fmedia&parent=7828"}],"wp:term":[{"taxonomy":"product_cat","embeddable":true,"href":"https:\/\/montael.com\/index.php?rest_route=%2Fwp%2Fv2%2Fproduct_cat&post=7828"},{"taxonomy":"product_tag","embeddable":true,"href":"https:\/\/montael.com\/index.php?rest_route=%2Fwp%2Fv2%2Fproduct_tag&post=7828"}],"curies":[{"name":"wp","href":"https:\/\/api.w.org\/{rel}","templated":true}]}}

Manta IBR Kraft | Rolo de lã mineral

<p>Concebido especificamente para o isolamento térmico e acústico de tetos falsos e lajes de cobertura pelo interior, isolamento entre divisórias e isolamento de sótãos, evitando o aparecimento de condensação em climas frios.</p>
<p><strong>Vantagens:</strong></p>
<ul>
<li>Melhora a eficácia do isolamento térmico e acústico em construção.</li>
<li>O seu formato em rolo facilita o manuseio e a colocação do produto.</li>
<li>Adaptabilidade da lã de vidro a juntas de janelas, pilares, etc, sem deteriorar a qualidade e a durabilidade do produto.</li>
<li>Linhas de guia sobre o papel kraft que facilitam o corte.</li>
<li>Produto preparado para instalação em trabalhos de bricolage e pequenos restauros.</li>
<li>Recomendado para a reabilitação de coberturas pelo interior e coberturas ligeiras.</li>
<li>Produto sustentável com composição em material reciclado superior a 50%. Material 100% reciclável.</li>
<li>Material inerte que não é um meio propício ao desenvolvimento de micro organismos.</li>
<li>Mantém o desempenho do sistema inalterado durante toda a vida útil do edifício, não se degrada com o tempo</li>
</ul>

<ul>
<li><strong>Embalagem/rolo = 24m2 | 100,37€ Iva Incluído</strong></li>
</ul>
<p>Rolo de lã mineral de vidro standard para isolamento térmico pelo interior de tetos e coberturas, com barreira ao vapor em papel kraft</p>
<ul>
<li>Espessura: 50mm</li>
<li>Comprimento : 20m</li>
<li>Largura: 1.20m</li>
</ul>
<p>Marca: Isover</p>
