

{"id":7802,"date":"2024-05-31T09:44:10","date_gmt":"2024-05-31T09:44:10","guid":{"rendered":"https:\/\/montael.com\/new_site\/?post_type=product&#038;p=7802"},"modified":"2025-02-25T18:24:47","modified_gmt":"2025-02-25T18:24:47","slug":"map-massa-de-colagem-25-kg-copia","status":"publish","type":"product","link":"https:\/\/montael.com\/?product=map-massa-de-colagem-25-kg-copia","title":{"rendered":"PR2 MASSA 2 HORAS | 25KG"},"content":{"rendered":"<p>Massa de endurecimento em p\u00f3 para o tratamento de juntas nos sistemas construtivos de placa de gesso laminado, com um tempo de uso e endurecimento de 2 horas.<\/p>\n<p><strong>Aplica\u00e7\u00f5es:<\/strong><\/p>\n<ul>\n<li>Constru\u00e7\u00e3o de sistemas de obra seca em interiores (divis\u00f3rias, revestimentos autoportantes ou diretos, tetos cont\u00ednuos).<\/li>\n<\/ul>\n<p><strong>Vantagens:<\/strong><\/p>\n<ul>\n<li>Facilidade na mistura, aplica\u00e7\u00e3o e lixagem;<\/li>\n<li>Possibilidade de finaliza\u00e7\u00e3o da junta no pr\u00f3prio dia;<\/li>\n<li>Abatimento inferior a 10%;<\/li>\n<li>Flex\u00edvel: adapta-se a qualquer tipo de projeto, independentemente da sua forma<\/li>\n<\/ul>\n","protected":false},"excerpt":{"rendered":"<ul>\n<li>Embalagem: 25 Kg<\/li>\n<\/ul>\n","protected":false},"featured_media":8759,"template":"","meta":[],"product_cat":[146,229,312,237],"product_tag":[],"class_list":{"0":"post-7802","1":"product","2":"type-product","3":"status-publish","4":"has-post-thumbnail","6":"product_cat-construcao","7":"product_cat-gesso-laminado","8":"product_cat-massa-de-endurecimento","9":"product_cat-argamassas","11":"first","12":"instock","13":"taxable","14":"shipping-taxable","15":"product-type-simple"},"_links":{"self":[{"href":"https:\/\/montael.com\/index.php?rest_route=\/wp\/v2\/product\/7802","targetHints":{"allow":["GET"]}}],"collection":[{"href":"https:\/\/montael.com\/index.php?rest_route=\/wp\/v2\/product"}],"about":[{"href":"https:\/\/montael.com\/index.php?rest_route=\/wp\/v2\/types\/product"}],"wp:featuredmedia":[{"embeddable":true,"href":"https:\/\/montael.com\/index.php?rest_route=\/wp\/v2\/media\/8759"}],"wp:attachment":[{"href":"https:\/\/montael.com\/index.php?rest_route=%2Fwp%2Fv2%2Fmedia&parent=7802"}],"wp:term":[{"taxonomy":"product_cat","embeddable":true,"href":"https:\/\/montael.com\/index.php?rest_route=%2Fwp%2Fv2%2Fproduct_cat&post=7802"},{"taxonomy":"product_tag","embeddable":true,"href":"https:\/\/montael.com\/index.php?rest_route=%2Fwp%2Fv2%2Fproduct_tag&post=7802"}],"curies":[{"name":"wp","href":"https:\/\/api.w.org\/{rel}","templated":true}]}}