

{"id":7783,"date":"2024-05-31T09:09:06","date_gmt":"2024-05-31T09:09:06","guid":{"rendered":"https:\/\/montael.com\/new_site\/?post_type=product&#038;p=7783"},"modified":"2025-06-06T17:43:10","modified_gmt":"2025-06-06T16:43:10","slug":"placa-gesso-laminado-progyp-ppf-ba13-1200x2500x125-4f000073","status":"publish","type":"product","link":"https:\/\/montael.com\/?product=placa-gesso-laminado-progyp-ppf-ba13-1200x2500x125-4f000073","title":{"rendered":"Placa gesso laminado Progyp PPF BA13 1200x2500x12,5 | 4F000073"},"content":{"rendered":"<p>Placa de gesso laminado Placoflam &#8211; PPF (do tipo D, F) refor\u00e7ada com fibra de vidro para dot\u00e1-la de elevadas preta\u00e7\u00f5es contra o fogo<\/p>\n<p><strong>Aplica\u00e7\u00f5es:<\/strong><\/p>\n<ul>\n<li>Constru\u00e7\u00e3o de sistemas de obra seca em interiores (divis\u00f3rias, revestimentos autoportantes ou diretos e tetos cont\u00ednuos);<\/li>\n<li>Incorpora\u00e7\u00e3o em sistemas de prote\u00e7\u00e3o contra o fogo;<\/li>\n<li>Prote\u00e7\u00e3o de estruturas met\u00e1licas.<\/li>\n<\/ul>\n<p><strong>Vantagens:<\/strong><\/p>\n<ul>\n<li style=\"list-style-type: none;\">\n<ul>\n<li>Elevada robustez;<\/li>\n<li>Alta presta\u00e7\u00e3o contra o fogo<\/li>\n<\/ul>\n<\/li>\n<\/ul>\n","protected":false},"excerpt":{"rendered":"<ul>\n<li>Placa | Progyp PPF BA13<\/li>\n<li>Medida: Largura:1200 | Comprimento 2500 | Espessura 12.5<\/li>\n<li>Palete | 36 Placas<\/li>\n<\/ul>\n<p>Marca: Placo<\/p>\n<p>&nbsp;<\/p>\n","protected":false},"featured_media":7791,"template":"","meta":[],"product_cat":[146,229,236,311],"product_tag":[],"class_list":{"0":"post-7783","1":"product","2":"type-product","3":"status-publish","4":"has-post-thumbnail","6":"product_cat-construcao","7":"product_cat-gesso-laminado","8":"product_cat-placa-gesso-laminado-fogo","9":"product_cat-placas-gesso-cartonado","10":"ts_product_brand-placo","12":"first","13":"instock","14":"taxable","15":"shipping-taxable","16":"product-type-simple"},"_links":{"self":[{"href":"https:\/\/montael.com\/index.php?rest_route=\/wp\/v2\/product\/7783","targetHints":{"allow":["GET"]}}],"collection":[{"href":"https:\/\/montael.com\/index.php?rest_route=\/wp\/v2\/product"}],"about":[{"href":"https:\/\/montael.com\/index.php?rest_route=\/wp\/v2\/types\/product"}],"wp:featuredmedia":[{"embeddable":true,"href":"https:\/\/montael.com\/index.php?rest_route=\/wp\/v2\/media\/7791"}],"wp:attachment":[{"href":"https:\/\/montael.com\/index.php?rest_route=%2Fwp%2Fv2%2Fmedia&parent=7783"}],"wp:term":[{"taxonomy":"product_cat","embeddable":true,"href":"https:\/\/montael.com\/index.php?rest_route=%2Fwp%2Fv2%2Fproduct_cat&post=7783"},{"taxonomy":"product_tag","embeddable":true,"href":"https:\/\/montael.com\/index.php?rest_route=%2Fwp%2Fv2%2Fproduct_tag&post=7783"}],"curies":[{"name":"wp","href":"https:\/\/api.w.org\/{rel}","templated":true}]}}

<p>Placa de gesso laminado Placoflam &#8211; PPF (do tipo D, F) reforçada com fibra de vidro para dotá-la de elevadas pretações contra o fogo</p>
<p><strong>Aplicações:</strong></p>
<ul>
<li>Construção de sistemas de obra seca em interiores (divisórias, revestimentos autoportantes ou diretos e tetos contínuos);</li>
<li>Incorporação em sistemas de proteção contra o fogo;</li>
<li>Proteção de estruturas metálicas.</li>
</ul>
<p><strong>Vantagens:</strong></p>
<ul>
<li style="list-style-type: none;">
<ul>
<li>Elevada robustez;</li>
<li>Alta prestação contra o fogo</li>
</ul>
</li>
</ul>
