

{"id":7728,"date":"2024-05-29T16:27:13","date_gmt":"2024-05-29T16:27:13","guid":{"rendered":"https:\/\/montael.com\/new_site\/?post_type=product&#038;p=7728"},"modified":"2025-06-06T17:31:58","modified_gmt":"2025-06-06T16:31:58","slug":"sea-misturadora-de-lavatorio-oa10000000045","status":"publish","type":"product","link":"https:\/\/montael.com\/?product=sea-misturadora-de-lavatorio-oa10000000045","title":{"rendered":"Sea Misturadora de lavat\u00f3rio OA10000000045"},"content":{"rendered":"<p dir=\"ltr\" data-placeholder=\"Tradu\u00e7\u00e3o\" aria-label=\"Texto traduzido\" data-ved=\"2ahUKEwjh4KHixt-FAxUuBdsEHYLLA8QQ3ewLegQIExAU\">Elegante e de design contempor\u00e2neo, a gama de misturadoras SEA d\u00e1 um toque de classe \u00e0 sua casa de banho. Para todos os modelos de lavat\u00f3rio, bid\u00e9, base chuveiro e banheira, as misturadoras SEA demonstram que o que \u00e9 esteticamente perfeito tamb\u00e9m pode ser tecnicamente eficaz.<\/p>\n<p dir=\"ltr\" data-placeholder=\"Tradu\u00e7\u00e3o\" aria-label=\"Texto traduzido\" data-ved=\"2ahUKEwjh4KHixt-FAxUuBdsEHYLLA8QQ3ewLegQIExAU\"><strong>Caracter\u00edsticas:<\/strong><\/p>\n<ul>\n<li>Cartucho cer\u00e2mico \u00f835mm;<\/li>\n<li>Perlator em a\u00e7o inox, anticalc\u00e1rio e silencioso;<\/li>\n<li>Acabamento: Cromado;<\/li>\n<li>V\u00e1lvula n\u00e3o inclu\u00edda.<\/li>\n<\/ul>\n<p><strong>Inclui:<\/strong><\/p>\n<ul>\n<li>Acess\u00f3rios de instala\u00e7\u00e3o;<\/li>\n<li>Liga\u00e7\u00f5es flex\u00edveis.<\/li>\n<\/ul>\n","protected":false},"excerpt":{"rendered":"<div class=\"product-box__tableRow\">\n<div class=\"product-box__tableCell product-box__tableCell--label\">\n<div class=\"product-box__tableRow\">\n<div class=\"product-box__tableCell product-box__tableCell--label\">N\u00famero do produto | OA10000000045<\/div>\n<\/div>\n<div class=\"product-box__tableRow\">\n<div class=\"product-box__tableCell product-box__tableCell--label product-box__color\">Cor | <span class=\"color-bubble\"><img decoding=\"async\" class=\"23330001\" title=\"cromado\" src=\"https:\/\/cdn.cloud.grohe.com\/Web\/colour_plates\/36x36\/000.png\" \/> <\/span><strong>cromado<\/strong><\/div>\n<div>Marca: Oli<\/div>\n<\/div>\n<\/div>\n<\/div>\n","protected":false},"featured_media":7729,"template":"","meta":[],"product_cat":[191,192],"product_tag":[],"class_list":{"0":"post-7728","1":"product","2":"type-product","3":"status-publish","4":"has-post-thumbnail","6":"product_cat-torneiras","7":"product_cat-lavatorio","8":"ts_product_brand-oli","10":"first","11":"instock","12":"taxable","13":"shipping-taxable","14":"product-type-simple"},"_links":{"self":[{"href":"https:\/\/montael.com\/index.php?rest_route=\/wp\/v2\/product\/7728","targetHints":{"allow":["GET"]}}],"collection":[{"href":"https:\/\/montael.com\/index.php?rest_route=\/wp\/v2\/product"}],"about":[{"href":"https:\/\/montael.com\/index.php?rest_route=\/wp\/v2\/types\/product"}],"wp:featuredmedia":[{"embeddable":true,"href":"https:\/\/montael.com\/index.php?rest_route=\/wp\/v2\/media\/7729"}],"wp:attachment":[{"href":"https:\/\/montael.com\/index.php?rest_route=%2Fwp%2Fv2%2Fmedia&parent=7728"}],"wp:term":[{"taxonomy":"product_cat","embeddable":true,"href":"https:\/\/montael.com\/index.php?rest_route=%2Fwp%2Fv2%2Fproduct_cat&post=7728"},{"taxonomy":"product_tag","embeddable":true,"href":"https:\/\/montael.com\/index.php?rest_route=%2Fwp%2Fv2%2Fproduct_tag&post=7728"}],"curies":[{"name":"wp","href":"https:\/\/api.w.org\/{rel}","templated":true}]}}