

{"id":7659,"date":"2024-05-29T13:57:33","date_gmt":"2024-05-29T13:57:33","guid":{"rendered":"https:\/\/montael.com\/new_site\/?post_type=product&#038;p=7659"},"modified":"2025-06-06T14:37:25","modified_gmt":"2025-06-06T13:37:25","slug":"kombifix-457-608-00-5","status":"publish","type":"product","link":"https:\/\/montael.com\/?product=kombifix-457-608-00-5","title":{"rendered":"Kombifix 457.608.00.5"},"content":{"rendered":"<p dir=\"ltr\" data-placeholder=\"Tradu\u00e7\u00e3o\" aria-label=\"Texto traduzido\" data-ved=\"2ahUKEwjh4KHixt-FAxUuBdsEHYLLA8QQ3ewLegQIExAU\"><strong>Campos de aplica\u00e7\u00e3o:<\/strong><\/p>\n<ul>\n<li dir=\"ltr\" data-placeholder=\"Tradu\u00e7\u00e3o\" aria-label=\"Texto traduzido\" data-ved=\"2ahUKEwjh4KHixt-FAxUuBdsEHYLLA8QQ3ewLegQIExAU\">Para paredes em alvenaria<\/li>\n<li dir=\"ltr\" data-placeholder=\"Tradu\u00e7\u00e3o\" aria-label=\"Texto traduzido\" data-ved=\"2ahUKEwjh4KHixt-FAxUuBdsEHYLLA8QQ3ewLegQIExAU\">Para montagem em constru\u00e7\u00f5es embutidas de altura parcial ou total<\/li>\n<\/ul>\n<p><strong>Caracter\u00edsticas:<\/strong><\/p>\n<ul>\n<li>Estrutura lacada<\/li>\n<li>Estrutura com 4 abra\u00e7adeiras de aperto r\u00e1pido<\/li>\n<li>Profundidade da instala\u00e7\u00e3o 8 cm<\/li>\n<li>Dist\u00e2ncia de fixa\u00e7\u00e3o do bid\u00e9 suspenso 18 ou 23 cm<\/li>\n<li>Fixa\u00e7\u00e3o de bid\u00e9 de altura regul\u00e1vel<\/li>\n<li>Fixa\u00e7\u00e3o isof\u00f3nica da curva de descarga<\/li>\n<li>Placa para fixa\u00e7\u00e3o de torneira com altura regul\u00e1vel<\/li>\n<\/ul>\n<p><strong>Fornecimento:<\/strong><\/p>\n<ul>\n<li>Curva de descarga de PEAD \u00f8 50 mm<\/li>\n<li>Vedante \u00f8 44\/40 mm<\/li>\n<li>2 var\u00f5es roscados M12<\/li>\n<li>Material de fixa\u00e7\u00e3o<\/li>\n<\/ul>\n","protected":false},"excerpt":{"rendered":"<p>Estrutura para bid\u00e9<\/p>\n<p>Marca: Geberit<\/p>\n","protected":false},"featured_media":7664,"template":"","meta":[],"product_cat":[149,308,187],"product_tag":[],"class_list":{"0":"post-7659","1":"product","2":"type-product","3":"status-publish","4":"has-post-thumbnail","6":"product_cat-casa-de-banho","7":"product_cat-paredes-alvenaria","8":"product_cat-sistemas-de-instalacao","9":"ts_product_brand-geberit","11":"first","12":"instock","13":"taxable","14":"shipping-taxable","15":"product-type-simple"},"_links":{"self":[{"href":"https:\/\/montael.com\/index.php?rest_route=\/wp\/v2\/product\/7659","targetHints":{"allow":["GET"]}}],"collection":[{"href":"https:\/\/montael.com\/index.php?rest_route=\/wp\/v2\/product"}],"about":[{"href":"https:\/\/montael.com\/index.php?rest_route=\/wp\/v2\/types\/product"}],"wp:featuredmedia":[{"embeddable":true,"href":"https:\/\/montael.com\/index.php?rest_route=\/wp\/v2\/media\/7664"}],"wp:attachment":[{"href":"https:\/\/montael.com\/index.php?rest_route=%2Fwp%2Fv2%2Fmedia&parent=7659"}],"wp:term":[{"taxonomy":"product_cat","embeddable":true,"href":"https:\/\/montael.com\/index.php?rest_route=%2Fwp%2Fv2%2Fproduct_cat&post=7659"},{"taxonomy":"product_tag","embeddable":true,"href":"https:\/\/montael.com\/index.php?rest_route=%2Fwp%2Fv2%2Fproduct_tag&post=7659"}],"curies":[{"name":"wp","href":"https:\/\/api.w.org\/{rel}","templated":true}]}}

<p dir="ltr" data-placeholder="Tradução" aria-label="Texto traduzido" data-ved="2ahUKEwjh4KHixt-FAxUuBdsEHYLLA8QQ3ewLegQIExAU"><strong>Campos de aplicação:</strong></p>
<ul>
<li dir="ltr" data-placeholder="Tradução" aria-label="Texto traduzido" data-ved="2ahUKEwjh4KHixt-FAxUuBdsEHYLLA8QQ3ewLegQIExAU">Para paredes em alvenaria</li>
<li dir="ltr" data-placeholder="Tradução" aria-label="Texto traduzido" data-ved="2ahUKEwjh4KHixt-FAxUuBdsEHYLLA8QQ3ewLegQIExAU">Para montagem em construções embutidas de altura parcial ou total</li>
</ul>
<p><strong>Características:</strong></p>
<ul>
<li>Estrutura lacada</li>
<li>Estrutura com 4 abraçadeiras de aperto rápido</li>
<li>Profundidade da instalação 8 cm</li>
<li>Distância de fixação do bidé suspenso 18 ou 23 cm</li>
<li>Fixação de bidé de altura regulável</li>
<li>Fixação isofónica da curva de descarga</li>
<li>Placa para fixação de torneira com altura regulável</li>
</ul>
<p><strong>Fornecimento:</strong></p>
<ul>
<li>Curva de descarga de PEAD ø 50 mm</li>
<li>Vedante ø 44/40 mm</li>
<li>2 varões roscados M12</li>
<li>Material de fixação</li>
</ul>

<p>Estrutura para bidé</p>
<p>Marca: Geberit</p>
