

{"id":7653,"date":"2024-05-29T13:35:46","date_gmt":"2024-05-29T13:35:46","guid":{"rendered":"https:\/\/montael.com\/new_site\/?post_type=product&#038;p=7653"},"modified":"2025-06-06T14:37:51","modified_gmt":"2025-06-06T13:37:51","slug":"kombifix-sigma8-110-793-00-1","status":"publish","type":"product","link":"https:\/\/montael.com\/?product=kombifix-sigma8-110-793-00-1","title":{"rendered":"Kombifix Sigma8 110.793.00.1"},"content":{"rendered":"<p dir=\"ltr\" data-placeholder=\"Tradu\u00e7\u00e3o\" aria-label=\"Texto traduzido\" data-ved=\"2ahUKEwjh4KHixt-FAxUuBdsEHYLLA8QQ3ewLegQIExAU\"><strong>Campos de aplica\u00e7\u00e3o:<\/strong><\/p>\n<ul>\n<li dir=\"ltr\" data-placeholder=\"Tradu\u00e7\u00e3o\" aria-label=\"Texto traduzido\" data-ved=\"2ahUKEwjh4KHixt-FAxUuBdsEHYLLA8QQ3ewLegQIExAU\">Para paredes em alvenaria<\/li>\n<li dir=\"ltr\" data-placeholder=\"Tradu\u00e7\u00e3o\" aria-label=\"Texto traduzido\" data-ved=\"2ahUKEwjh4KHixt-FAxUuBdsEHYLLA8QQ3ewLegQIExAU\">Para montagem em constru\u00e7\u00f5es embutidas de altura parcial ou total<\/li>\n<li dir=\"ltr\" data-placeholder=\"Tradu\u00e7\u00e3o\" aria-label=\"Texto traduzido\" data-ved=\"2ahUKEwjh4KHixt-FAxUuBdsEHYLLA8QQ3ewLegQIExAU\">Para sanitas suspensas com medidas de liga\u00e7\u00e3o conforme EN 33:2011<\/li>\n<li dir=\"ltr\" data-placeholder=\"Tradu\u00e7\u00e3o\" aria-label=\"Texto traduzido\" data-ved=\"2ahUKEwjh4KHixt-FAxUuBdsEHYLLA8QQ3ewLegQIExAU\">Para descarga simples, descarga dupla ou descarga interromp\u00edvel<\/li>\n<\/ul>\n<p><strong>Caracter\u00edsticas:<\/strong><\/p>\n<ul>\n<li>Estrutura lacada<\/li>\n<li>Estrutura com 4 abra\u00e7adeiras de aperto r\u00e1pido<\/li>\n<li>Rede para assentamento de reboco pr\u00e9-montada<\/li>\n<li>Curva de descarga mont\u00e1vel sem ferramenta<\/li>\n<li>Fixa\u00e7\u00e3o da curva de descarga mont\u00e1vel pela frente sem ferramenta<\/li>\n<li>Autoclismo de interior com descarga frontal<\/li>\n<li>Autoclismo de interior totalmente isolado contra a condensa\u00e7\u00e3o<\/li>\n<li>Nas defini\u00e7\u00f5es de f\u00e1brica, \u00e9 poss\u00edvel a descarga posterior imediata<\/li>\n<li>Liga\u00e7\u00e3o ao abastecimento de \u00e1gua em cima, \u00e0 esquerda<\/li>\n<li>Caixa de prote\u00e7\u00e3o para tampa de acesso protege contra humidade e sujidade<\/li>\n<li>Caixa de prote\u00e7\u00e3o para tampa de acesso pode ter cortada ao comprimento, adequada a placas de comando de descarga alinhadas \u00e0 face<\/li>\n<li>Com tubo guia para tubagem de abastecimento de \u00e1gua para sanitas bid\u00e9 Geberit AquaClean e para cabo de liga\u00e7\u00e3o \u00e0 eletricidade<\/li>\n<li>Op\u00e7\u00e3o de fixa\u00e7\u00e3o para liga\u00e7\u00e3o el\u00e9trica<\/li>\n<\/ul>\n<p><strong>Fornecimento:<\/strong><\/p>\n<ul>\n<li>Liga\u00e7\u00e3o ao abastecimento de \u00e1gua R 1\/2&#8243;, compat\u00edvel com MasterFix e MeplaFix, com v\u00e1lvula de corte de esquadria e roseta integradas<\/li>\n<li>Caixa de prote\u00e7\u00e3o para tampa de acesso<\/li>\n<li>Kit de liga\u00e7\u00e3o para sanita \u00f8 90 mm<\/li>\n<li>Curva de descarga de PVC \u00f8 90 mm<\/li>\n<li>Adaptador de redu\u00e7\u00e3o de PVC \u00f8 90\/110 mm<\/li>\n<li>2 tamp\u00f5es de prote\u00e7\u00e3o<\/li>\n<li>2 var\u00f5es roscados M12<\/li>\n<li>Material de fixa\u00e7\u00e3o<\/li>\n<\/ul>\n","protected":false},"excerpt":{"rendered":"<p>Estrutura para sanita suspensa<\/p>\n<p>Marca: Geberit<\/p>\n","protected":false},"featured_media":7658,"template":"","meta":[],"product_cat":[149,308,187],"product_tag":[],"class_list":{"0":"post-7653","1":"product","2":"type-product","3":"status-publish","4":"has-post-thumbnail","6":"product_cat-casa-de-banho","7":"product_cat-paredes-alvenaria","8":"product_cat-sistemas-de-instalacao","9":"ts_product_brand-geberit","11":"first","12":"instock","13":"taxable","14":"shipping-taxable","15":"product-type-simple"},"_links":{"self":[{"href":"https:\/\/montael.com\/index.php?rest_route=\/wp\/v2\/product\/7653","targetHints":{"allow":["GET"]}}],"collection":[{"href":"https:\/\/montael.com\/index.php?rest_route=\/wp\/v2\/product"}],"about":[{"href":"https:\/\/montael.com\/index.php?rest_route=\/wp\/v2\/types\/product"}],"wp:featuredmedia":[{"embeddable":true,"href":"https:\/\/montael.com\/index.php?rest_route=\/wp\/v2\/media\/7658"}],"wp:attachment":[{"href":"https:\/\/montael.com\/index.php?rest_route=%2Fwp%2Fv2%2Fmedia&parent=7653"}],"wp:term":[{"taxonomy":"product_cat","embeddable":true,"href":"https:\/\/montael.com\/index.php?rest_route=%2Fwp%2Fv2%2Fproduct_cat&post=7653"},{"taxonomy":"product_tag","embeddable":true,"href":"https:\/\/montael.com\/index.php?rest_route=%2Fwp%2Fv2%2Fproduct_tag&post=7653"}],"curies":[{"name":"wp","href":"https:\/\/api.w.org\/{rel}","templated":true}]}}

<p dir="ltr" data-placeholder="Tradução" aria-label="Texto traduzido" data-ved="2ahUKEwjh4KHixt-FAxUuBdsEHYLLA8QQ3ewLegQIExAU"><strong>Campos de aplicação:</strong></p>
<ul>
<li dir="ltr" data-placeholder="Tradução" aria-label="Texto traduzido" data-ved="2ahUKEwjh4KHixt-FAxUuBdsEHYLLA8QQ3ewLegQIExAU">Para paredes em alvenaria</li>
<li dir="ltr" data-placeholder="Tradução" aria-label="Texto traduzido" data-ved="2ahUKEwjh4KHixt-FAxUuBdsEHYLLA8QQ3ewLegQIExAU">Para montagem em construções embutidas de altura parcial ou total</li>
<li dir="ltr" data-placeholder="Tradução" aria-label="Texto traduzido" data-ved="2ahUKEwjh4KHixt-FAxUuBdsEHYLLA8QQ3ewLegQIExAU">Para sanitas suspensas com medidas de ligação conforme EN 33:2011</li>
<li dir="ltr" data-placeholder="Tradução" aria-label="Texto traduzido" data-ved="2ahUKEwjh4KHixt-FAxUuBdsEHYLLA8QQ3ewLegQIExAU">Para descarga simples, descarga dupla ou descarga interrompível</li>
</ul>
<p><strong>Características:</strong></p>
<ul>
<li>Estrutura lacada</li>
<li>Estrutura com 4 abraçadeiras de aperto rápido</li>
<li>Rede para assentamento de reboco pré-montada</li>
<li>Curva de descarga montável sem ferramenta</li>
<li>Fixação da curva de descarga montável pela frente sem ferramenta</li>
<li>Autoclismo de interior com descarga frontal</li>
<li>Autoclismo de interior totalmente isolado contra a condensação</li>
<li>Nas definições de fábrica, é possível a descarga posterior imediata</li>
<li>Ligação ao abastecimento de água em cima, à esquerda</li>
<li>Caixa de proteção para tampa de acesso protege contra humidade e sujidade</li>
<li>Caixa de proteção para tampa de acesso pode ter cortada ao comprimento, adequada a placas de comando de descarga alinhadas à face</li>
<li>Com tubo guia para tubagem de abastecimento de água para sanitas bidé Geberit AquaClean e para cabo de ligação à eletricidade</li>
<li>Opção de fixação para ligação elétrica</li>
</ul>
<p><strong>Fornecimento:</strong></p>
<ul>
<li>Ligação ao abastecimento de água R 1/2&#8243;, compatível com MasterFix e MeplaFix, com válvula de corte de esquadria e roseta integradas</li>
<li>Caixa de proteção para tampa de acesso</li>
<li>Kit de ligação para sanita ø 90 mm</li>
<li>Curva de descarga de PVC ø 90 mm</li>
<li>Adaptador de redução de PVC ø 90/110 mm</li>
<li>2 tampões de proteção</li>
<li>2 varões roscados M12</li>
<li>Material de fixação</li>
</ul>
