

{"id":7636,"date":"2024-05-29T13:06:49","date_gmt":"2024-05-29T13:06:49","guid":{"rendered":"https:\/\/montael.com\/new_site\/?post_type=product&#038;p=7636"},"modified":"2025-06-11T11:49:58","modified_gmt":"2025-06-11T10:49:58","slug":"webercol-flex-lev-125kg-cinza-claro","status":"publish","type":"product","link":"https:\/\/montael.com\/?product=webercol-flex-lev-125kg-cinza-claro","title":{"rendered":"Webercol Flex Lev 12,5Kg | Cinza Claro"},"content":{"rendered":"<p>Colagem de cer\u00e2mica, pedra natural e mosaico hidr\u00e1ulico de m\u00e9dio e grande formato em pavimentos e paredes interiores, fachadas e pavimentos exteriores.<\/p>\n<p><strong>Suportes Admiss\u00edveis:<\/strong><\/p>\n<ul>\n<li>Rebocos de cimento e cal.<\/li>\n<li>Bet\u00e3o.<\/li>\n<li>Betonilhas.<\/li>\n<li>Cer\u00e2mica ou pedra antiga.<\/li>\n<li>Placas de gesso (sem necessidade de prim\u00e1rio).<\/li>\n<li>Placas comp\u00f3sitas de cimento.<\/li>\n<li>Pavimentos aquecidos.<\/li>\n<li>Impermeabiliza\u00e7\u00f5es ciment\u00edcias e acr\u00edlicas do tipo: weberdry 824, weberdry KF e weberdry lastic.<\/li>\n<li>Membranas de impermeabiliza\u00e7\u00e3o pr\u00e9-fabricadas tipo weberdry roll.<\/li>\n<li>Sistemas ac\u00fasticos.<\/li>\n<li>Sistemas ETICS do tipo webertherm keramic (avaliar caracter\u00edsticas do sistema usado).<\/li>\n<li>Madeira e gesso (preparado com weberprim universal).<\/li>\n<\/ul>\n<p><strong>Sustentabilidade:<\/strong><\/p>\n<ul>\n<li>O webercol flex lev incorpora mais de 30% de mat\u00e9rias-primas recicladas<\/li>\n<\/ul>\n<p><strong>Informa\u00e7\u00e3o T\u00e9cnica:<\/strong><\/p>\n<p>Consumo:<\/p>\n<p>Talocha denteada 6 mm, colagem simples: 2,5 kg\/m\u00b2<br \/>\nTalocha denteada 6 mm, colagem dupla: 3 kg\/m\u00b2<br \/>\nTalocha denteada 9 mm, colagem simples: 3,5 kg\/m\u00b2<br \/>\nTalocha denteada 9 mm, colagem dupla: 4 kg\/m\u00b2<\/p>\n<p>Consumo apresentado basea-se em colagem simples, pente 6mm<\/p>\n","protected":false},"excerpt":{"rendered":"<ul>\n<li>Cores: Cinza claro<\/li>\n<li>Embalagem: 12,5Kg<\/li>\n<li>Utiliza\u00e7\u00e3o | Colagem : Interior e Exterior<\/li>\n<\/ul>\n<p>Marca: Weber<\/p>\n","protected":false},"featured_media":8741,"template":"","meta":[],"product_cat":[288,224,154,146],"product_tag":[],"class_list":{"0":"post-7636","1":"product","2":"type-product","3":"status-publish","4":"has-post-thumbnail","6":"product_cat-ceramica-colas","7":"product_cat-colas","8":"product_cat-colas-e-betumes","9":"product_cat-construcao","10":"ts_product_brand-weber","12":"first","13":"instock","14":"taxable","15":"shipping-taxable","16":"product-type-simple"},"_links":{"self":[{"href":"https:\/\/montael.com\/index.php?rest_route=\/wp\/v2\/product\/7636","targetHints":{"allow":["GET"]}}],"collection":[{"href":"https:\/\/montael.com\/index.php?rest_route=\/wp\/v2\/product"}],"about":[{"href":"https:\/\/montael.com\/index.php?rest_route=\/wp\/v2\/types\/product"}],"wp:featuredmedia":[{"embeddable":true,"href":"https:\/\/montael.com\/index.php?rest_route=\/wp\/v2\/media\/8741"}],"wp:attachment":[{"href":"https:\/\/montael.com\/index.php?rest_route=%2Fwp%2Fv2%2Fmedia&parent=7636"}],"wp:term":[{"taxonomy":"product_cat","embeddable":true,"href":"https:\/\/montael.com\/index.php?rest_route=%2Fwp%2Fv2%2Fproduct_cat&post=7636"},{"taxonomy":"product_tag","embeddable":true,"href":"https:\/\/montael.com\/index.php?rest_route=%2Fwp%2Fv2%2Fproduct_tag&post=7636"}],"curies":[{"name":"wp","href":"https:\/\/api.w.org\/{rel}","templated":true}]}}

<p>Colagem de cerâmica, pedra natural e mosaico hidráulico de médio e grande formato em pavimentos e paredes interiores, fachadas e pavimentos exteriores.</p>
<p><strong>Suportes Admissíveis:</strong></p>
<ul>
<li>Rebocos de cimento e cal.</li>
<li>Betão.</li>
<li>Betonilhas.</li>
<li>Cerâmica ou pedra antiga.</li>
<li>Placas de gesso (sem necessidade de primário).</li>
<li>Placas compósitas de cimento.</li>
<li>Pavimentos aquecidos.</li>
<li>Impermeabilizações cimentícias e acrílicas do tipo: weberdry 824, weberdry KF e weberdry lastic.</li>
<li>Membranas de impermeabilização pré-fabricadas tipo weberdry roll.</li>
<li>Sistemas acústicos.</li>
<li>Sistemas ETICS do tipo webertherm keramic (avaliar características do sistema usado).</li>
<li>Madeira e gesso (preparado com weberprim universal).</li>
</ul>
<p><strong>Sustentabilidade:</strong></p>
<ul>
<li>O webercol flex lev incorpora mais de 30% de matérias-primas recicladas</li>
</ul>
<p><strong>Informação Técnica:</strong></p>
<p>Consumo:</p>
<p>Talocha denteada 6 mm, colagem simples: 2,5 kg/m²<br />
Talocha denteada 6 mm, colagem dupla: 3 kg/m²<br />
Talocha denteada 9 mm, colagem simples: 3,5 kg/m²<br />
Talocha denteada 9 mm, colagem dupla: 4 kg/m²</p>
<p>Consumo apresentado basea-se em colagem simples, pente 6mm</p>

<ul>
<li>Cores: Cinza claro</li>
<li>Embalagem: 12,5Kg</li>
<li>Utilização | Colagem : Interior e Exterior</li>
</ul>
<p>Marca: Weber</p>
