

{"id":7624,"date":"2024-05-29T11:29:45","date_gmt":"2024-05-29T11:29:45","guid":{"rendered":"https:\/\/montael.com\/new_site\/?post_type=product&#038;p=7624"},"modified":"2025-06-11T11:49:11","modified_gmt":"2025-06-11T10:49:11","slug":"webercol-flex-m-5-kg-branco","status":"publish","type":"product","link":"https:\/\/montael.com\/?product=webercol-flex-m-5-kg-branco","title":{"rendered":"Webercol Flex M+ 5 Kg | Branco"},"content":{"rendered":"<p><strong>Colagem em interior de:<\/strong><\/p>\n<ul>\n<li>Cer\u00e2mica e pedra natural at\u00e9 7.200 cm<sup>2<\/sup>\u00a0(120 cm x 60 cm) sobre bet\u00e3o, reboco ou betonilhas;<\/li>\n<li>Cer\u00e2mica e pedra natural at\u00e9 3.600 cm<sup>2<\/sup>\u00a0(60 cm x 60 cm) sobre cer\u00e2mica, gesso e gesso cartonado (com weberprim universal, exceto placas hidrofugadas);<\/li>\n<li>Cer\u00e2mica e pedra natural at\u00e9 3.600 cm<sup>2<\/sup>\u00a0(60 cm x 60 cm) sobre impermeabiliza\u00e7\u00f5es ciment\u00edcias ou acr\u00edlicas do tipo weberdry ou membranas pr\u00e9-fabricadas tipo weberdry roll, sobre madeira (com weberprim universal) e sobre placas comp\u00f3sitas de cimento;<\/li>\n<li>Cer\u00e2mica e pedra natural at\u00e9 3.600 cm<sup>2\u00a0<\/sup>(60 cm x 60 cm) sobre pisos aquecidos e sistemas ac\u00fasticos.<\/li>\n<\/ul>\n<p><strong>Colagem em exterior de:<\/strong><\/p>\n<ul>\n<li>Cer\u00e2mica e pedra natural at\u00e9 3.600 cm<sup>2<\/sup>\u00a0(60 cm x 60 cm) em pavimentos de betonilha, sobre membranas de impermeabiliza\u00e7\u00e3o ciment\u00edcias ou acr\u00edlicas do tipo weberdry e membranas pr\u00e9-fabricadas tipo weberdry roll;<\/li>\n<li>Cer\u00e2mica e pedra natural at\u00e9 1.800 m<sup>2<\/sup>\u00a0(60 cm x 30 cm) em fachadas de altura inferior a 6 metros, sobre reboco;<\/li>\n<li>Cer\u00e2mica at\u00e9 900 cm<sup>2<\/sup>\u00a0(30 cm x 30 cm) no sistema de isolamento t\u00e9rmico webertherm keramic light;<\/li>\n<li>Cer\u00e2mica at\u00e9 900 cm<sup>2<\/sup>\u00a0(30 cm x 30 cm) em piscinas;<\/li>\n<li>Pastilha cer\u00e2mica ou v\u00edtrea em piscinas (pastilhas sem redes ou refor\u00e7os no tardoz);<\/li>\n<li>Forra ou alheta em fachadas.<\/li>\n<\/ul>\n<p><strong>Suportes Admiss\u00edveis:<\/strong><\/p>\n<ul>\n<li>Rebocos de cimento e cal, bet\u00e3o e betonilhas;<\/li>\n<li>Gesso e placas de gesso cartonado (com prim\u00e1rio weberprim universal caso n\u00e3o sejam hidrofugadas);<\/li>\n<li>Cer\u00e2mica;<\/li>\n<li>Placas de gesso Glasroc\u00ae X (sem necessidade de prim\u00e1rio);<\/li>\n<li>Placas comp\u00f3sitas de cimento;<\/li>\n<li>Pavimentos aquecidos e sistemas ac\u00fasticos;<\/li>\n<li>Impermeabiliza\u00e7\u00f5es ciment\u00edcias ou acr\u00edlicas do tipo weberdry;<\/li>\n<li>Membranas de impermeabiliza\u00e7\u00e3o pr\u00e9-fabricadas tipo weberdry roll;<\/li>\n<li>Madeira (preparada e com weberprim universal)<\/li>\n<\/ul>\n<p><strong>Informa\u00e7\u00e3o T\u00e9cnica:<\/strong><\/p>\n<p>Consumo:<\/p>\n<p>Talocha denteada 6 mm, colagem simples: 5 kg\/m\u00b2<br \/>\nTalocha denteada 6 mm, colagem dupla: 6 kg\/m\u00b2<br \/>\nTalocha denteada 9 mm, colagem simples: 6 kg\/m\u00b2<br \/>\nTalocha denteada 9 mm, colagem dupla: 7 kg\/m\u00b2<\/p>\n<p>Consumo apresentado basea-se em colagem simples, pente 6mm<\/p>\n<p>&nbsp;<\/p>\n","protected":false},"excerpt":{"rendered":"<ul>\n<li>Cores: Cinza<\/li>\n<li>Embalagem: 5Kg<\/li>\n<li>Utiliza\u00e7\u00e3o | Colagem : Interior e Exterior<\/li>\n<\/ul>\n<p>Marca: Weber<\/p>\n","protected":false},"featured_media":7622,"template":"","meta":[],"product_cat":[288,224,154,146],"product_tag":[],"class_list":{"0":"post-7624","1":"product","2":"type-product","3":"status-publish","4":"has-post-thumbnail","6":"product_cat-ceramica-colas","7":"product_cat-colas","8":"product_cat-colas-e-betumes","9":"product_cat-construcao","10":"ts_product_brand-weber","12":"first","13":"instock","14":"taxable","15":"shipping-taxable","16":"product-type-simple"},"_links":{"self":[{"href":"https:\/\/montael.com\/index.php?rest_route=\/wp\/v2\/product\/7624","targetHints":{"allow":["GET"]}}],"collection":[{"href":"https:\/\/montael.com\/index.php?rest_route=\/wp\/v2\/product"}],"about":[{"href":"https:\/\/montael.com\/index.php?rest_route=\/wp\/v2\/types\/product"}],"wp:featuredmedia":[{"embeddable":true,"href":"https:\/\/montael.com\/index.php?rest_route=\/wp\/v2\/media\/7622"}],"wp:attachment":[{"href":"https:\/\/montael.com\/index.php?rest_route=%2Fwp%2Fv2%2Fmedia&parent=7624"}],"wp:term":[{"taxonomy":"product_cat","embeddable":true,"href":"https:\/\/montael.com\/index.php?rest_route=%2Fwp%2Fv2%2Fproduct_cat&post=7624"},{"taxonomy":"product_tag","embeddable":true,"href":"https:\/\/montael.com\/index.php?rest_route=%2Fwp%2Fv2%2Fproduct_tag&post=7624"}],"curies":[{"name":"wp","href":"https:\/\/api.w.org\/{rel}","templated":true}]}}