

{"id":7606,"date":"2024-05-29T11:01:31","date_gmt":"2024-05-29T11:01:31","guid":{"rendered":"https:\/\/montael.com\/new_site\/?post_type=product&#038;p=7606"},"modified":"2025-06-11T11:45:15","modified_gmt":"2025-06-11T10:45:15","slug":"webercol-flex-s-25-kg-cinza","status":"publish","type":"product","link":"https:\/\/montael.com\/?product=webercol-flex-s-25-kg-cinza","title":{"rendered":"Webercol Flex S+ 25 Kg | Cinza"},"content":{"rendered":"<div id=\"descriptions\" class=\"block-field-marketing-description block block-layout-builder anchor section-on-focus\">\n<p class=\"table-default clearfix text-formatted field field--name-field-marketing-description field--type-text-long field--label-hidden field__item\"><strong>Utiliza\u00e7\u00f5es:<\/strong><\/p>\n<p class=\"table-default clearfix text-formatted field field--name-field-marketing-description field--type-text-long field--label-hidden field__item\">Colagem em interior de:<\/p>\n<ul>\n<li>Cer\u00e2mica, pedra natural e mosaico hidr\u00e1ulico at\u00e9 3.600 cm<sup>2<\/sup>\u00a0(60 cm x 60 cm) em pavimento e parede, sobre suportes de bet\u00e3o, reboco ou betonilhas;<\/li>\n<li>Cer\u00e2mica at\u00e9 900 cm<sup>2<\/sup>\u00a0(30 cm x 30 cm) sobre gesso cartonado (com weberprim universal, exceto placas hidrofugadas).<\/li>\n<\/ul>\n<p class=\"table-default clearfix text-formatted field field--name-field-marketing-description field--type-text-long field--label-hidden field__item\">Colagem em exterior de:<\/p>\n<ul>\n<li>Cer\u00e2mica e pedra natural at\u00e9 1.800 cm<sup>2<\/sup>\u00a0(60 cm x 30 cm) em pavimentos de betonilha ou bet\u00e3o;<\/li>\n<li>Cer\u00e2mica at\u00e9 450 cm<sup>2<\/sup>\u00a0(30 cm x 15 cm) em fachadas de altura inferior a 6 metros de altura, sobre reboco.<\/li>\n<\/ul>\n<p class=\"table-default clearfix text-formatted field field--name-field-marketing-description field--type-text-long field--label-hidden field__item\"><strong>Suportes Admiss\u00edveis:<\/strong><\/p>\n<ul>\n<li>Rebocos, betonilhas e bet\u00e3o;<\/li>\n<li>Placas de gesso (com prim\u00e1rio weberprim universal caso n\u00e3o sejam hidrofugadas)<\/li>\n<\/ul>\n<\/div>\n<div class=\"item-list\"><\/div>\n<div class=\"taxonomy-term-icon__wrapper block-field-extra-taxonomy-5 block-layout-builder block block-mac3-common\">\n<p><strong>Cores:<\/strong> Branco<\/p>\n<\/div>\n","protected":false},"excerpt":{"rendered":"<ul>\n<li>Cores: Cinza<\/li>\n<li>Embalagem: 25Kg<\/li>\n<li>Utiliza\u00e7\u00e3o | Colagem : Interior e Exterior<\/li>\n<\/ul>\n<p>Marca: Weber<\/p>\n","protected":false},"featured_media":7604,"template":"","meta":[],"product_cat":[288,224,154,146],"product_tag":[],"class_list":{"0":"post-7606","1":"product","2":"type-product","3":"status-publish","4":"has-post-thumbnail","6":"product_cat-ceramica-colas","7":"product_cat-colas","8":"product_cat-colas-e-betumes","9":"product_cat-construcao","10":"ts_product_brand-weber","12":"first","13":"instock","14":"taxable","15":"shipping-taxable","16":"product-type-simple"},"_links":{"self":[{"href":"https:\/\/montael.com\/index.php?rest_route=\/wp\/v2\/product\/7606","targetHints":{"allow":["GET"]}}],"collection":[{"href":"https:\/\/montael.com\/index.php?rest_route=\/wp\/v2\/product"}],"about":[{"href":"https:\/\/montael.com\/index.php?rest_route=\/wp\/v2\/types\/product"}],"wp:featuredmedia":[{"embeddable":true,"href":"https:\/\/montael.com\/index.php?rest_route=\/wp\/v2\/media\/7604"}],"wp:attachment":[{"href":"https:\/\/montael.com\/index.php?rest_route=%2Fwp%2Fv2%2Fmedia&parent=7606"}],"wp:term":[{"taxonomy":"product_cat","embeddable":true,"href":"https:\/\/montael.com\/index.php?rest_route=%2Fwp%2Fv2%2Fproduct_cat&post=7606"},{"taxonomy":"product_tag","embeddable":true,"href":"https:\/\/montael.com\/index.php?rest_route=%2Fwp%2Fv2%2Fproduct_tag&post=7606"}],"curies":[{"name":"wp","href":"https:\/\/api.w.org\/{rel}","templated":true}]}}

<div id="descriptions" class="block-field-marketing-description block block-layout-builder anchor section-on-focus">
<p class="table-default clearfix text-formatted field field--name-field-marketing-description field--type-text-long field--label-hidden field__item"><strong>Utilizações:</strong></p>
<p class="table-default clearfix text-formatted field field--name-field-marketing-description field--type-text-long field--label-hidden field__item">Colagem em interior de:</p>
<ul>
<li>Cerâmica, pedra natural e mosaico hidráulico até 3.600 cm<sup>2</sup> (60 cm x 60 cm) em pavimento e parede, sobre suportes de betão, reboco ou betonilhas;</li>
<li>Cerâmica até 900 cm<sup>2</sup> (30 cm x 30 cm) sobre gesso cartonado (com weberprim universal, exceto placas hidrofugadas).</li>
</ul>
<p class="table-default clearfix text-formatted field field--name-field-marketing-description field--type-text-long field--label-hidden field__item">Colagem em exterior de:</p>
<ul>
<li>Cerâmica e pedra natural até 1.800 cm<sup>2</sup> (60 cm x 30 cm) em pavimentos de betonilha ou betão;</li>
<li>Cerâmica até 450 cm<sup>2</sup> (30 cm x 15 cm) em fachadas de altura inferior a 6 metros de altura, sobre reboco.</li>
</ul>
<p class="table-default clearfix text-formatted field field--name-field-marketing-description field--type-text-long field--label-hidden field__item"><strong>Suportes Admissíveis:</strong></p>
<ul>
<li>Rebocos, betonilhas e betão;</li>
<li>Placas de gesso (com primário weberprim universal caso não sejam hidrofugadas)</li>
</ul>
</div>
<div class="item-list"></div>
<div class="taxonomy-term-icon__wrapper block-field-extra-taxonomy-5 block-layout-builder block block-mac3-common">
<p><strong>Cores:</strong> Branco</p>
</div>

<ul>
<li>Cores: Cinza</li>
<li>Embalagem: 25Kg</li>
<li>Utilização | Colagem : Interior e Exterior</li>
</ul>
<p>Marca: Weber</p>
