

{"id":7591,"date":"2024-05-29T10:23:26","date_gmt":"2024-05-29T10:23:26","guid":{"rendered":"https:\/\/montael.com\/new_site\/?post_type=product&#038;p=7591"},"modified":"2025-06-11T11:26:41","modified_gmt":"2025-06-11T10:26:41","slug":"webercol-flex-xs-branco","status":"publish","type":"product","link":"https:\/\/montael.com\/?product=webercol-flex-xs-branco","title":{"rendered":"Webercol Flex XS+ 25 Kg | Branco"},"content":{"rendered":"<div id=\"descriptions\" class=\"block-field-marketing-description block block-layout-builder anchor section-on-focus\">\n<p class=\"table-default clearfix text-formatted field field--name-field-marketing-description field--type-text-long field--label-hidden field__item\"><strong>Utiliza\u00e7\u00f5es:<\/strong><br \/>\nColagem em interior de:<\/p>\n<ul>\n<li>Colagem de gr\u00e9s e gr\u00e9s porcel\u00e2nico at\u00e9 1.800cm<sup>2<\/sup>\u00a0(60 cm x 30 cm), sobre rebocos, bet\u00e3o e betonilhas;<\/li>\n<li>Colagem de cer\u00e2mica porosa at\u00e9 3.600 cm<sup>2<\/sup>\u00a0(60 cm x 60 cm), sobre rebocos, bet\u00e3o e betonilhas.<\/li>\n<\/ul>\n<p class=\"table-default clearfix text-formatted field field--name-field-marketing-description field--type-text-long field--label-hidden field__item\">Colagem em exterior de:<\/p>\n<ul>\n<li>Colagem de cer\u00e2mica at\u00e9 900 cm<sup>2<\/sup>\u00a0(30 cm x 30 cm) em pavimentos de betonilha ou bet\u00e3o.<\/li>\n<\/ul>\n<p class=\"table-default clearfix text-formatted field field--name-field-marketing-description field--type-text-long field--label-hidden field__item\"><strong>Suportes admiss\u00edveis:<\/strong><\/p>\n<ul>\n<li>Rebocos de cimento e cal;<\/li>\n<li>Betonilhas;<\/li>\n<li>Bet\u00e3o.<\/li>\n<\/ul>\n<\/div>\n<div class=\"taxonomy-term-icon__wrapper block-field-extra-taxonomy-5 block-layout-builder block block-mac3-common\">\n<p><strong>Informa\u00e7\u00e3o T\u00e9cnica:<\/strong><\/p>\n<div class=\"item-list\">\n<p><strong>Consumo | Caracter\u00edsticas: <\/strong><\/p>\n<p>Talocha denteada 6 mm, colagem simples: 5 kg\/m\u00b2<br \/>\nTalocha denteada 6 mm, colagem dupla: 6 kg\/m\u00b2<br \/>\nTalocha denteada 9 mm, colagem simples: 6 kg\/m\u00b2<br \/>\nTalocha denteada 9 mm, colagem dupla: 7 kg\/m\u00b2<\/p>\n<p>Consumo apresentado basea-se em colagem simples, pente 6mm<\/p>\n<\/div>\n<\/div>\n","protected":false},"excerpt":{"rendered":"<ul>\n<li>Cores: Branco<\/li>\n<li>Embalagem: 25Kg<\/li>\n<li>Utiliza\u00e7\u00e3o | Colagem : Interior e Exterior<\/li>\n<\/ul>\n<p>Marca: Weber<\/p>\n","protected":false},"featured_media":7595,"template":"","meta":[],"product_cat":[288,224,154,146],"product_tag":[],"class_list":{"0":"post-7591","1":"product","2":"type-product","3":"status-publish","4":"has-post-thumbnail","6":"product_cat-ceramica-colas","7":"product_cat-colas","8":"product_cat-colas-e-betumes","9":"product_cat-construcao","10":"ts_product_brand-weber","12":"first","13":"instock","14":"taxable","15":"shipping-taxable","16":"product-type-simple"},"_links":{"self":[{"href":"https:\/\/montael.com\/index.php?rest_route=\/wp\/v2\/product\/7591","targetHints":{"allow":["GET"]}}],"collection":[{"href":"https:\/\/montael.com\/index.php?rest_route=\/wp\/v2\/product"}],"about":[{"href":"https:\/\/montael.com\/index.php?rest_route=\/wp\/v2\/types\/product"}],"wp:featuredmedia":[{"embeddable":true,"href":"https:\/\/montael.com\/index.php?rest_route=\/wp\/v2\/media\/7595"}],"wp:attachment":[{"href":"https:\/\/montael.com\/index.php?rest_route=%2Fwp%2Fv2%2Fmedia&parent=7591"}],"wp:term":[{"taxonomy":"product_cat","embeddable":true,"href":"https:\/\/montael.com\/index.php?rest_route=%2Fwp%2Fv2%2Fproduct_cat&post=7591"},{"taxonomy":"product_tag","embeddable":true,"href":"https:\/\/montael.com\/index.php?rest_route=%2Fwp%2Fv2%2Fproduct_tag&post=7591"}],"curies":[{"name":"wp","href":"https:\/\/api.w.org\/{rel}","templated":true}]}}