

{"id":7527,"date":"2024-05-28T16:05:32","date_gmt":"2024-05-28T16:05:32","guid":{"rendered":"https:\/\/montael.com\/new_site\/?post_type=product&#038;p=7527"},"modified":"2025-06-09T14:27:51","modified_gmt":"2025-06-09T13:27:51","slug":"rocks-base-duche-1500x800-sp30-15dc-3201-00000","status":"publish","type":"product","link":"https:\/\/montael.com\/?product=rocks-base-duche-1500x800-sp30-15dc-3201-00000","title":{"rendered":"Rocks base duche 1500&#215;800 SP3015DC32010000"},"content":{"rendered":"<p>A base ROCKS evidencia-se pela est\u00e9tica minimal e um desenho depurado mas pleno de riqueza visual. Combina sem esfor\u00e7o conforto, seguran\u00e7a e robustez, integrando-se na perfei\u00e7\u00e3o na sua casa de banho.<\/p>\n<div class=\"w-dyn-item\" role=\"listitem\">\n<div class=\"w-layout-grid grid-properties-collumns\"><strong>\u00a0Caracter\u00edsticas:<\/strong><\/div>\n<ul>\n<li>Altura 30mm<\/li>\n<li>Material Stonex<\/li>\n<li>Antideslizante<\/li>\n<\/ul>\n<p>Marca: Sanitana<\/p>\n<\/div>\n","protected":false},"excerpt":{"rendered":"<p><img decoding=\"async\" class=\"alignnone wp-image-7476\" src=\"https:\/\/montael.com\/new_site\/wp-content\/uploads\/2024\/05\/Stone-branco-300x207.jpg\" alt=\"\" width=\"49\" height=\"34\" srcset=\"https:\/\/montael.com\/new_site\/wp-content\/uploads\/2024\/05\/Stone-branco-300x207.jpg 300w, https:\/\/montael.com\/new_site\/wp-content\/uploads\/2024\/05\/Stone-branco-1024x708.jpg 1024w, https:\/\/montael.com\/new_site\/wp-content\/uploads\/2024\/05\/Stone-branco-768x531.jpg 768w, https:\/\/montael.com\/new_site\/wp-content\/uploads\/2024\/05\/Stone-branco-1536x1062.jpg 1536w, https:\/\/montael.com\/new_site\/wp-content\/uploads\/2024\/05\/Stone-branco-1000x691.jpg 1000w, https:\/\/montael.com\/new_site\/wp-content\/uploads\/2024\/05\/Stone-branco.jpg 1772w\" sizes=\"(max-width: 49px) 100vw, 49px\" \/><\/p>\n<ul>\n<li>Cor: Branco<\/li>\n<li>Grelha e v\u00e1lvula inclu\u00edda<\/li>\n<\/ul>\n<p>&nbsp;<\/p>\n","protected":false},"featured_media":7524,"template":"","meta":[],"product_cat":[304,210,149],"product_tag":[],"class_list":{"0":"post-7527","1":"product","2":"type-product","3":"status-publish","4":"has-post-thumbnail","6":"product_cat-bases-de-chuveiro","7":"product_cat-resina","8":"product_cat-casa-de-banho","9":"ts_product_brand-sanitana","11":"first","12":"instock","13":"taxable","14":"shipping-taxable","15":"product-type-simple"},"_links":{"self":[{"href":"https:\/\/montael.com\/index.php?rest_route=\/wp\/v2\/product\/7527","targetHints":{"allow":["GET"]}}],"collection":[{"href":"https:\/\/montael.com\/index.php?rest_route=\/wp\/v2\/product"}],"about":[{"href":"https:\/\/montael.com\/index.php?rest_route=\/wp\/v2\/types\/product"}],"wp:featuredmedia":[{"embeddable":true,"href":"https:\/\/montael.com\/index.php?rest_route=\/wp\/v2\/media\/7524"}],"wp:attachment":[{"href":"https:\/\/montael.com\/index.php?rest_route=%2Fwp%2Fv2%2Fmedia&parent=7527"}],"wp:term":[{"taxonomy":"product_cat","embeddable":true,"href":"https:\/\/montael.com\/index.php?rest_route=%2Fwp%2Fv2%2Fproduct_cat&post=7527"},{"taxonomy":"product_tag","embeddable":true,"href":"https:\/\/montael.com\/index.php?rest_route=%2Fwp%2Fv2%2Fproduct_tag&post=7527"}],"curies":[{"name":"wp","href":"https:\/\/api.w.org\/{rel}","templated":true}]}}