

{"id":7440,"date":"2024-05-28T10:27:05","date_gmt":"2024-05-28T10:27:05","guid":{"rendered":"https:\/\/montael.com\/new_site\/?post_type=product&#038;p=7440"},"modified":"2025-06-06T15:28:53","modified_gmt":"2025-06-06T14:28:53","slug":"kit-plus-evo-10-5cm-ib20016-sistema-evo","status":"publish","type":"product","link":"https:\/\/montael.com\/?product=kit-plus-evo-10-5cm-ib20016-sistema-evo","title":{"rendered":"Kit Plus Evo 10.5cm IB20016 &#8211; Sistema Evo"},"content":{"rendered":"<p class=\"productinfo-detail__category\">Sistemas de duche GUR\u00da<\/p>\n<p>O\u00a0<strong>sistema EVO<\/strong>\u00a0\u00e9 um kit de drenagem 100% imperme\u00e1vel que une a impermeabiliza\u00e7\u00e3o e o esgoto para realizar a prote\u00e7\u00e3o imperme\u00e1vel de zonas expostas \u00e0 \u00e1gua e com evacua\u00e7\u00e3o ao ch\u00e3o, tal como bases de duche de obra, banhos adaptados, duches coletivos em vesti\u00e1rios ou lavandarias.<\/p>\n<p>Este sistema fabricado em a\u00e7o inoxid\u00e1vel \u00e9 composto por um ralo sif\u00f3nico de perfil baixo, uma pe\u00e7a de tela imperme\u00e1vel WATER-STOP unida e selada em f\u00e1brica a um adaptador especial para liga\u00e7\u00e3o ao ralo e por uma grelha de a\u00e7o inox com canaleta de ABS.<\/p>\n<p>EVO apresenta melhoramentos em aspetos t\u00e9cnicos e pr\u00e1ticos como:\u2022 A instala\u00e7\u00e3o em separado do corpo sif\u00f3nico e da tela imperme\u00e1vel que se torna mais f\u00e1cil e c\u00f3moda.<\/p>\n<p>\u2022 As conex\u00f5es s\u00e3o el\u00e1sticas com desacoplamento por press\u00e3o, sem colar.<br \/>\n\u2022 \u00c9 nivelado e ajustado em altura com o pavimento com muita facilidade, gra\u00e7as ao movimento que permite a elasticidade das liga\u00e7\u00f5es.<br \/>\n\u2022 Instala\u00e7\u00e3o a uma altura m\u00ednima de 90 mm incluindo o pavimento a partir de 3 mm e at\u00e9 30 mm de espessura total com a cola.<br \/>\n\u2022 Drenagem secund\u00e1ria com sistema antirretorno para eliminar infiltra\u00e7\u00f5es.<br \/>\n\u2022 Possibilidade de anula\u00e7\u00e3o do sif\u00e3o.<\/p>\n<div class=\"productinfo-detail__paragraph\">\n<p><strong>Caracter\u00edsticas:<\/strong><\/p>\n<ul>\n<li>Corpo de ralo: ABS \/ 10,5 x 10,5 cm<\/li>\n<li>Quadro: A\u00e7o inoxid\u00e1vel \/ 10,75 cm<\/li>\n<li>Grelha: A\u00e7o inoxid\u00e1vel AISI 304 \/ 10 x 10 cm<\/li>\n<li>Legisla\u00e7\u00e3o: Design segundo EN1253 \/ Impermeabiliza\u00e7\u00e3o segundo ETAG-022<\/li>\n<li>Tela de impermeabiliza\u00e7\u00e3o WATER-STOP: 1,5 x 2 m (com adaptador de conex\u00e3o centrado na largura e a 2\/3 no comprimento)<\/li>\n<li>Conex\u00e3o da impermeabiliza\u00e7\u00e3o: juntas el\u00e1sticas<\/li>\n<li>Ralo sifonado: Sif\u00e3o remov\u00edvel<\/li>\n<li>Sif\u00e3o Ruber: Altura 78 mm \/ 50 mm veda\u00e7\u00e3o hidr\u00e1ulica (por default)<\/li>\n<li>Sa\u00edda: Horizontal orient\u00e1vel 360\u00ba \/ 50H press\u00e3o<\/li>\n<li>Sif\u00e3o Ruber baixo: Altura 58 mm \/ 28 mm veda\u00e7\u00e3o hidr\u00e1ulica<\/li>\n<li>Sa\u00edda: Horizontal orient\u00e1vel 360\u00ba \/ 40M colar<\/li>\n<li>Caudal de evacua\u00e7\u00e3o: &gt; 28 l\/min<\/li>\n<li>Espessura do pavimento: 8-30 mm<\/li>\n<\/ul>\n<\/div>\n","protected":false},"excerpt":{"rendered":"<ul>\n<li>Kit de\u00a0 impermeabiliza\u00e7\u00e3o de duche com sistema de drenagem<\/li>\n<li>Calha em ABS<\/li>\n<li>Moldura e grelha em Inox<\/li>\n<li>Cont\u00eam 3m2 (1.5&#215;2) de tela WATER-STOP<\/li>\n<\/ul>\n<p>Marca: Guru<\/p>\n","protected":false},"featured_media":7441,"template":"","meta":[],"product_cat":[149,212],"product_tag":[],"class_list":{"0":"post-7440","1":"product","2":"type-product","3":"status-publish","4":"has-post-thumbnail","6":"product_cat-casa-de-banho","7":"product_cat-sistemas-de-chuveiro","8":"ts_product_brand-guru","10":"first","11":"instock","12":"taxable","13":"shipping-taxable","14":"product-type-simple"},"_links":{"self":[{"href":"https:\/\/montael.com\/index.php?rest_route=\/wp\/v2\/product\/7440","targetHints":{"allow":["GET"]}}],"collection":[{"href":"https:\/\/montael.com\/index.php?rest_route=\/wp\/v2\/product"}],"about":[{"href":"https:\/\/montael.com\/index.php?rest_route=\/wp\/v2\/types\/product"}],"wp:featuredmedia":[{"embeddable":true,"href":"https:\/\/montael.com\/index.php?rest_route=\/wp\/v2\/media\/7441"}],"wp:attachment":[{"href":"https:\/\/montael.com\/index.php?rest_route=%2Fwp%2Fv2%2Fmedia&parent=7440"}],"wp:term":[{"taxonomy":"product_cat","embeddable":true,"href":"https:\/\/montael.com\/index.php?rest_route=%2Fwp%2Fv2%2Fproduct_cat&post=7440"},{"taxonomy":"product_tag","embeddable":true,"href":"https:\/\/montael.com\/index.php?rest_route=%2Fwp%2Fv2%2Fproduct_tag&post=7440"}],"curies":[{"name":"wp","href":"https:\/\/api.w.org\/{rel}","templated":true}]}}