

{"id":7082,"date":"2024-04-26T14:32:31","date_gmt":"2024-04-26T14:32:31","guid":{"rendered":"https:\/\/montael.com\/new_site\/?post_type=product&#038;p=7082"},"modified":"2024-10-14T14:42:36","modified_gmt":"2024-10-14T13:42:36","slug":"wooden-beige-20x100","status":"publish","type":"product","link":"https:\/\/montael.com\/?product=wooden-beige-20x100","title":{"rendered":"Wooden Beige 20&#215;100"},"content":{"rendered":"<p class=\"tw-data-text tw-text-large tw-ta\" dir=\"ltr\" data-placeholder=\"Tradu\u00e7\u00e3o\" aria-label=\"Texto traduzido\" data-ved=\"2ahUKEwjh4KHixt-FAxUuBdsEHYLLA8QQ3ewLegQIExAU\"><strong>&#8220;Wooden<\/strong>\u00a0by <strong>Love Tiles,<\/strong> esta cole\u00e7\u00e3o apresenta a eros\u00e3o do pr\u00f3prio tempo, com a capacidade de nos levar at\u00e9 \u00e0s mem\u00f3rias de casas com hist\u00f3ria ou de gera\u00e7\u00f5es.&#8221;<\/p>\n<p dir=\"ltr\" data-placeholder=\"Tradu\u00e7\u00e3o\" aria-label=\"Texto traduzido\" data-ved=\"2ahUKEwjh4KHixt-FAxUuBdsEHYLLA8QQ3ewLegQIExAU\"><strong>Caracter\u00edsticas:<\/strong><\/p>\n<ul>\n<li>20&#215;100<\/li>\n<li>Espessura: 8mm<\/li>\n<li>Mate<\/li>\n<li>Efeito Madeira<\/li>\n<li>Tipologia: Porcel\u00e2nico Esmaltado<\/li>\n<li>Varia\u00e7\u00e3o V3, Varia\u00e7\u00e3o M\u00e9dia<\/li>\n<li>M\u00e9dio tr\u00e1fego<\/li>\n<\/ul>\n","protected":false},"excerpt":{"rendered":"<ul>\n<li>Unidade Venda: M2\/Caixa<\/li>\n<li>Pre\u00e7o Caixa: 23.81\u20ac\/Caixa<\/li>\n<\/ul>\n<p><strong>Packing:<\/strong><\/p>\n<ul>\n<li>Caixa: 7 pe\u00e7as; 1.40m2\/caixa; 25.98 Kg<\/li>\n<li>Palete: 54Caixas; 75.60m2\/palete; 1423Kg<\/li>\n<\/ul>\n","protected":false},"featured_media":7079,"template":"","meta":[],"product_cat":[164,152,145],"product_tag":[],"class_list":{"0":"post-7082","1":"product","2":"type-product","3":"status-publish","4":"has-post-thumbnail","6":"product_cat-madeiras","7":"product_cat-pavimentos","8":"product_cat-ceramica","10":"first","11":"instock","12":"taxable","13":"shipping-taxable","14":"product-type-simple"},"_links":{"self":[{"href":"https:\/\/montael.com\/index.php?rest_route=\/wp\/v2\/product\/7082","targetHints":{"allow":["GET"]}}],"collection":[{"href":"https:\/\/montael.com\/index.php?rest_route=\/wp\/v2\/product"}],"about":[{"href":"https:\/\/montael.com\/index.php?rest_route=\/wp\/v2\/types\/product"}],"wp:featuredmedia":[{"embeddable":true,"href":"https:\/\/montael.com\/index.php?rest_route=\/wp\/v2\/media\/7079"}],"wp:attachment":[{"href":"https:\/\/montael.com\/index.php?rest_route=%2Fwp%2Fv2%2Fmedia&parent=7082"}],"wp:term":[{"taxonomy":"product_cat","embeddable":true,"href":"https:\/\/montael.com\/index.php?rest_route=%2Fwp%2Fv2%2Fproduct_cat&post=7082"},{"taxonomy":"product_tag","embeddable":true,"href":"https:\/\/montael.com\/index.php?rest_route=%2Fwp%2Fv2%2Fproduct_tag&post=7082"}],"curies":[{"name":"wp","href":"https:\/\/api.w.org\/{rel}","templated":true}]}}