

{"id":7049,"date":"2024-04-26T12:41:36","date_gmt":"2024-04-26T12:41:36","guid":{"rendered":"https:\/\/montael.com\/new_site\/?post_type=product&#038;p=7049"},"modified":"2025-06-06T16:55:11","modified_gmt":"2025-06-06T15:55:11","slug":"prestige-calacatta-pt1-60x60-polido","status":"publish","type":"product","link":"https:\/\/montael.com\/?product=prestige-calacatta-pt1-60x60-polido","title":{"rendered":"Prestige Calacatta PT1 60&#215;60 Polido"},"content":{"rendered":"<p class=\"tw-data-text tw-text-large tw-ta\" dir=\"ltr\" data-placeholder=\"Tradu\u00e7\u00e3o\" aria-label=\"Texto traduzido\" data-ved=\"2ahUKEwjh4KHixt-FAxUuBdsEHYLLA8QQ3ewLegQIExAU\"><strong>&#8220;Prestige<\/strong>\u00a0by <strong>Margres<\/strong> \u00e9 a representa\u00e7\u00e3o perene da \u00e9poca cl\u00e1ssica, dos vislumbres e da grandeza de espa\u00e7os imponentes e que hoje ocupa o lugar central da arquitetura avant-garde.&#8221;<\/p>\n<p dir=\"ltr\" data-placeholder=\"Tradu\u00e7\u00e3o\" aria-label=\"Texto traduzido\" data-ved=\"2ahUKEwjh4KHixt-FAxUuBdsEHYLLA8QQ3ewLegQIExAU\"><strong>Caracter\u00edsticas:<\/strong><\/p>\n<ul>\n<li dir=\"ltr\" data-placeholder=\"Tradu\u00e7\u00e3o\" aria-label=\"Texto traduzido\" data-ved=\"2ahUKEwjh4KHixt-FAxUuBdsEHYLLA8QQ3ewLegQIExAU\">60x60Rect<\/li>\n<li dir=\"ltr\" data-placeholder=\"Tradu\u00e7\u00e3o\" aria-label=\"Texto traduzido\" data-ved=\"2ahUKEwjh4KHixt-FAxUuBdsEHYLLA8QQ3ewLegQIExAU\">Espessura: 8.5mm<\/li>\n<li dir=\"ltr\" data-placeholder=\"Tradu\u00e7\u00e3o\" aria-label=\"Texto traduzido\" data-ved=\"2ahUKEwjh4KHixt-FAxUuBdsEHYLLA8QQ3ewLegQIExAU\">Polido<\/li>\n<li dir=\"ltr\" data-placeholder=\"Tradu\u00e7\u00e3o\" aria-label=\"Texto traduzido\" data-ved=\"2ahUKEwjh4KHixt-FAxUuBdsEHYLLA8QQ3ewLegQIExAU\">Efeito M\u00e1rmore<\/li>\n<li dir=\"ltr\" data-placeholder=\"Tradu\u00e7\u00e3o\" aria-label=\"Texto traduzido\" data-ved=\"2ahUKEwjh4KHixt-FAxUuBdsEHYLLA8QQ3ewLegQIExAU\">Tipologia: Gr\u00e9s Porcel\u00e2nico n\u00e3o vidrado<\/li>\n<li dir=\"ltr\" data-placeholder=\"Tradu\u00e7\u00e3o\" aria-label=\"Texto traduzido\" data-ved=\"2ahUKEwjh4KHixt-FAxUuBdsEHYLLA8QQ3ewLegQIExAU\">Varia\u00e7\u00e3o V2, Varia\u00e7\u00e3o Ligeira<\/li>\n<li dir=\"ltr\" data-placeholder=\"Tradu\u00e7\u00e3o\" aria-label=\"Texto traduzido\" data-ved=\"2ahUKEwjh4KHixt-FAxUuBdsEHYLLA8QQ3ewLegQIExAU\">Baixo tr\u00e1fego<\/li>\n<\/ul>\n","protected":false},"excerpt":{"rendered":"<ul>\n<li>Unidade Venda: M2<\/li>\n<li>Pre\u00e7o Caixa: 38.91\u20ac\/Caixa (1.44M2)<\/li>\n<\/ul>\n<p><strong>Packing:<\/strong><\/p>\n<ul>\n<li>Caixa: 4 pe\u00e7as; 1,44m2\/caixa; 28.80Kg<\/li>\n<li>Palete: 30Caixas; 43.20m2\/palete; 893Kg<\/li>\n<\/ul>\n<p>Marca: Margres<\/p>\n","protected":false},"featured_media":7047,"template":"","meta":[],"product_cat":[165,152,145],"product_tag":[],"class_list":{"0":"post-7049","1":"product","2":"type-product","3":"status-publish","4":"has-post-thumbnail","6":"product_cat-marmores","7":"product_cat-pavimentos","8":"product_cat-ceramica","9":"ts_product_brand-margres","11":"first","12":"instock","13":"taxable","14":"shipping-taxable","15":"product-type-simple"},"_links":{"self":[{"href":"https:\/\/montael.com\/index.php?rest_route=\/wp\/v2\/product\/7049","targetHints":{"allow":["GET"]}}],"collection":[{"href":"https:\/\/montael.com\/index.php?rest_route=\/wp\/v2\/product"}],"about":[{"href":"https:\/\/montael.com\/index.php?rest_route=\/wp\/v2\/types\/product"}],"wp:featuredmedia":[{"embeddable":true,"href":"https:\/\/montael.com\/index.php?rest_route=\/wp\/v2\/media\/7047"}],"wp:attachment":[{"href":"https:\/\/montael.com\/index.php?rest_route=%2Fwp%2Fv2%2Fmedia&parent=7049"}],"wp:term":[{"taxonomy":"product_cat","embeddable":true,"href":"https:\/\/montael.com\/index.php?rest_route=%2Fwp%2Fv2%2Fproduct_cat&post=7049"},{"taxonomy":"product_tag","embeddable":true,"href":"https:\/\/montael.com\/index.php?rest_route=%2Fwp%2Fv2%2Fproduct_tag&post=7049"}],"curies":[{"name":"wp","href":"https:\/\/api.w.org\/{rel}","templated":true}]}}

<p class="tw-data-text tw-text-large tw-ta" dir="ltr" data-placeholder="Tradução" aria-label="Texto traduzido" data-ved="2ahUKEwjh4KHixt-FAxUuBdsEHYLLA8QQ3ewLegQIExAU"><strong>&#8220;Prestige</strong> by <strong>Margres</strong> é a representação perene da época clássica, dos vislumbres e da grandeza de espaços imponentes e que hoje ocupa o lugar central da arquitetura avant-garde.&#8221;</p>
<p dir="ltr" data-placeholder="Tradução" aria-label="Texto traduzido" data-ved="2ahUKEwjh4KHixt-FAxUuBdsEHYLLA8QQ3ewLegQIExAU"><strong>Características:</strong></p>
<ul>
<li dir="ltr" data-placeholder="Tradução" aria-label="Texto traduzido" data-ved="2ahUKEwjh4KHixt-FAxUuBdsEHYLLA8QQ3ewLegQIExAU">60x60Rect</li>
<li dir="ltr" data-placeholder="Tradução" aria-label="Texto traduzido" data-ved="2ahUKEwjh4KHixt-FAxUuBdsEHYLLA8QQ3ewLegQIExAU">Espessura: 8.5mm</li>
<li dir="ltr" data-placeholder="Tradução" aria-label="Texto traduzido" data-ved="2ahUKEwjh4KHixt-FAxUuBdsEHYLLA8QQ3ewLegQIExAU">Polido</li>
<li dir="ltr" data-placeholder="Tradução" aria-label="Texto traduzido" data-ved="2ahUKEwjh4KHixt-FAxUuBdsEHYLLA8QQ3ewLegQIExAU">Efeito Mármore</li>
<li dir="ltr" data-placeholder="Tradução" aria-label="Texto traduzido" data-ved="2ahUKEwjh4KHixt-FAxUuBdsEHYLLA8QQ3ewLegQIExAU">Tipologia: Grés Porcelânico não vidrado</li>
<li dir="ltr" data-placeholder="Tradução" aria-label="Texto traduzido" data-ved="2ahUKEwjh4KHixt-FAxUuBdsEHYLLA8QQ3ewLegQIExAU">Variação V2, Variação Ligeira</li>
<li dir="ltr" data-placeholder="Tradução" aria-label="Texto traduzido" data-ved="2ahUKEwjh4KHixt-FAxUuBdsEHYLLA8QQ3ewLegQIExAU">Baixo tráfego</li>
</ul>

<ul>
<li>Unidade Venda: M2</li>
<li>Preço Caixa: 38.91€/Caixa (1.44M2)</li>
</ul>
<p><strong>Packing:</strong></p>
<ul>
<li>Caixa: 4 peças; 1,44m2/caixa; 28.80Kg</li>
<li>Palete: 30Caixas; 43.20m2/palete; 893Kg</li>
</ul>
<p>Marca: Margres</p>
