

{"id":7040,"date":"2024-04-26T12:01:36","date_gmt":"2024-04-26T12:01:36","guid":{"rendered":"https:\/\/montael.com\/new_site\/?post_type=product&#038;p=7040"},"modified":"2025-06-06T16:56:30","modified_gmt":"2025-06-06T15:56:30","slug":"endless-breccia-capraia-ed2-60x120-polido-rect","status":"publish","type":"product","link":"https:\/\/montael.com\/?product=endless-breccia-capraia-ed2-60x120-polido-rect","title":{"rendered":"Endless Breccia Capraia ED2 60&#215;120 Polido Rect"},"content":{"rendered":"<p class=\"tw-data-text tw-text-large tw-ta\" dir=\"ltr\" data-placeholder=\"Tradu\u00e7\u00e3o\" aria-label=\"Texto traduzido\" data-ved=\"2ahUKEwjh4KHixt-FAxUuBdsEHYLLA8QQ3ewLegQIExAU\"><strong>&#8220;Endless<\/strong> by <strong>Margres<\/strong> \u00e9 composta por cinco m\u00e1rmores diferentes entre si e que nos remetem para diferentes universos. Beccia Capraia, da zona de Carrara, com uma dualidade de veios cheios de nuances de cor e pequenas incorpora\u00e7\u00f5es cristal, num fundo branco.&#8221;<\/p>\n<p dir=\"ltr\" data-placeholder=\"Tradu\u00e7\u00e3o\" aria-label=\"Texto traduzido\" data-ved=\"2ahUKEwjh4KHixt-FAxUuBdsEHYLLA8QQ3ewLegQIExAU\"><strong>Caracter\u00edsticas:<\/strong><\/p>\n<ul>\n<li dir=\"ltr\" data-placeholder=\"Tradu\u00e7\u00e3o\" aria-label=\"Texto traduzido\" data-ved=\"2ahUKEwjh4KHixt-FAxUuBdsEHYLLA8QQ3ewLegQIExAU\">60&#215;120 Rect<\/li>\n<li dir=\"ltr\" data-placeholder=\"Tradu\u00e7\u00e3o\" aria-label=\"Texto traduzido\" data-ved=\"2ahUKEwjh4KHixt-FAxUuBdsEHYLLA8QQ3ewLegQIExAU\">Espessura: 9,5mm<\/li>\n<li dir=\"ltr\" data-placeholder=\"Tradu\u00e7\u00e3o\" aria-label=\"Texto traduzido\" data-ved=\"2ahUKEwjh4KHixt-FAxUuBdsEHYLLA8QQ3ewLegQIExAU\">Polido<\/li>\n<li dir=\"ltr\" data-placeholder=\"Tradu\u00e7\u00e3o\" aria-label=\"Texto traduzido\" data-ved=\"2ahUKEwjh4KHixt-FAxUuBdsEHYLLA8QQ3ewLegQIExAU\">Efeito M\u00e1rmore<\/li>\n<li dir=\"ltr\" data-placeholder=\"Tradu\u00e7\u00e3o\" aria-label=\"Texto traduzido\" data-ved=\"2ahUKEwjh4KHixt-FAxUuBdsEHYLLA8QQ3ewLegQIExAU\">Tipologia: Gr\u00e9s Porcel\u00e2nico n\u00e3o vidrado<\/li>\n<li dir=\"ltr\" data-placeholder=\"Tradu\u00e7\u00e3o\" aria-label=\"Texto traduzido\" data-ved=\"2ahUKEwjh4KHixt-FAxUuBdsEHYLLA8QQ3ewLegQIExAU\">Varia\u00e7\u00e3o V2, Varia\u00e7\u00e3o Ligeira<\/li>\n<li dir=\"ltr\" data-placeholder=\"Tradu\u00e7\u00e3o\" aria-label=\"Texto traduzido\" data-ved=\"2ahUKEwjh4KHixt-FAxUuBdsEHYLLA8QQ3ewLegQIExAU\">Baixo tr\u00e1fego<\/li>\n<\/ul>\n","protected":false},"excerpt":{"rendered":"<ul>\n<li>Unidade Venda: M2 (1.44m2)<\/li>\n<li>Pre\u00e7o Caixa: 44.90\u20ac\/Caixa<\/li>\n<\/ul>\n<p><strong>Packing:<\/strong><\/p>\n<ul>\n<li>Caixa: 2 pe\u00e7as; 1,44m2\/caixa; 32.30Kg<\/li>\n<li>Palete: 36Caixas; 51.84m2\/palete; 1 188Kg<\/li>\n<\/ul>\n<p>Marca: Margres<\/p>\n","protected":false},"featured_media":8597,"template":"","meta":[],"product_cat":[165,152,145],"product_tag":[],"class_list":{"0":"post-7040","1":"product","2":"type-product","3":"status-publish","4":"has-post-thumbnail","6":"product_cat-marmores","7":"product_cat-pavimentos","8":"product_cat-ceramica","9":"ts_product_brand-margres","11":"first","12":"instock","13":"taxable","14":"shipping-taxable","15":"product-type-simple"},"_links":{"self":[{"href":"https:\/\/montael.com\/index.php?rest_route=\/wp\/v2\/product\/7040","targetHints":{"allow":["GET"]}}],"collection":[{"href":"https:\/\/montael.com\/index.php?rest_route=\/wp\/v2\/product"}],"about":[{"href":"https:\/\/montael.com\/index.php?rest_route=\/wp\/v2\/types\/product"}],"wp:featuredmedia":[{"embeddable":true,"href":"https:\/\/montael.com\/index.php?rest_route=\/wp\/v2\/media\/8597"}],"wp:attachment":[{"href":"https:\/\/montael.com\/index.php?rest_route=%2Fwp%2Fv2%2Fmedia&parent=7040"}],"wp:term":[{"taxonomy":"product_cat","embeddable":true,"href":"https:\/\/montael.com\/index.php?rest_route=%2Fwp%2Fv2%2Fproduct_cat&post=7040"},{"taxonomy":"product_tag","embeddable":true,"href":"https:\/\/montael.com\/index.php?rest_route=%2Fwp%2Fv2%2Fproduct_tag&post=7040"}],"curies":[{"name":"wp","href":"https:\/\/api.w.org\/{rel}","templated":true}]}}

<p class="tw-data-text tw-text-large tw-ta" dir="ltr" data-placeholder="Tradução" aria-label="Texto traduzido" data-ved="2ahUKEwjh4KHixt-FAxUuBdsEHYLLA8QQ3ewLegQIExAU"><strong>&#8220;Endless</strong> by <strong>Margres</strong> é composta por cinco mármores diferentes entre si e que nos remetem para diferentes universos. Beccia Capraia, da zona de Carrara, com uma dualidade de veios cheios de nuances de cor e pequenas incorporações cristal, num fundo branco.&#8221;</p>
<p dir="ltr" data-placeholder="Tradução" aria-label="Texto traduzido" data-ved="2ahUKEwjh4KHixt-FAxUuBdsEHYLLA8QQ3ewLegQIExAU"><strong>Características:</strong></p>
<ul>
<li dir="ltr" data-placeholder="Tradução" aria-label="Texto traduzido" data-ved="2ahUKEwjh4KHixt-FAxUuBdsEHYLLA8QQ3ewLegQIExAU">60&#215;120 Rect</li>
<li dir="ltr" data-placeholder="Tradução" aria-label="Texto traduzido" data-ved="2ahUKEwjh4KHixt-FAxUuBdsEHYLLA8QQ3ewLegQIExAU">Espessura: 9,5mm</li>
<li dir="ltr" data-placeholder="Tradução" aria-label="Texto traduzido" data-ved="2ahUKEwjh4KHixt-FAxUuBdsEHYLLA8QQ3ewLegQIExAU">Polido</li>
<li dir="ltr" data-placeholder="Tradução" aria-label="Texto traduzido" data-ved="2ahUKEwjh4KHixt-FAxUuBdsEHYLLA8QQ3ewLegQIExAU">Efeito Mármore</li>
<li dir="ltr" data-placeholder="Tradução" aria-label="Texto traduzido" data-ved="2ahUKEwjh4KHixt-FAxUuBdsEHYLLA8QQ3ewLegQIExAU">Tipologia: Grés Porcelânico não vidrado</li>
<li dir="ltr" data-placeholder="Tradução" aria-label="Texto traduzido" data-ved="2ahUKEwjh4KHixt-FAxUuBdsEHYLLA8QQ3ewLegQIExAU">Variação V2, Variação Ligeira</li>
<li dir="ltr" data-placeholder="Tradução" aria-label="Texto traduzido" data-ved="2ahUKEwjh4KHixt-FAxUuBdsEHYLLA8QQ3ewLegQIExAU">Baixo tráfego</li>
</ul>

<ul>
<li>Unidade Venda: M2 (1.44m2)</li>
<li>Preço Caixa: 44.90€/Caixa</li>
</ul>
<p><strong>Packing:</strong></p>
<ul>
<li>Caixa: 2 peças; 1,44m2/caixa; 32.30Kg</li>
<li>Palete: 36Caixas; 51.84m2/palete; 1 188Kg</li>
</ul>
<p>Marca: Margres</p>
