

{"id":7013,"date":"2024-04-03T15:49:29","date_gmt":"2024-04-03T15:49:29","guid":{"rendered":"https:\/\/montael.com\/new_site\/?post_type=product&#038;p=7013"},"modified":"2025-06-09T15:33:26","modified_gmt":"2025-06-09T14:33:26","slug":"roadstone-pearl-60x120-rec","status":"publish","type":"product","link":"https:\/\/montael.com\/?product=roadstone-pearl-60x120-rec","title":{"rendered":"Roadstone Pearl 60&#215;120 Semi- polido Rect"},"content":{"rendered":"<div>\n<p id=\"tw-target-text\" class=\"tw-data-text tw-text-large tw-ta\" dir=\"ltr\" data-placeholder=\"Tradu\u00e7\u00e3o\" aria-label=\"Texto traduzido\" data-ved=\"2ahUKEwjh4KHixt-FAxUuBdsEHYLLA8QQ3ewLegQIExAU\"><span class=\"Y2IQFc\" lang=\"pt\">&#8220;<strong>Roadstone<\/strong> by <strong>Tau Ceramica, <\/strong>encontra inspira\u00e7\u00e3o na pedra para tornar exclusivos os espa\u00e7os contempor\u00e2neos&#8221;<\/span><\/p>\n<\/div>\n<div class=\"py-4 title-small\"><strong>Caracter\u00edsticas:<\/strong><\/div>\n<ul>\n<li>60&#215;120 Rect<\/li>\n<li>Semi- Polido<\/li>\n<li>Efeito Pedra<\/li>\n<li>Tipologia: Porcel\u00e2nico Esmaltado<\/li>\n<li><span class=\"w-full pr-4 text-gray-500 sm:w-1\/2 xl:w-32 title\">MoodBoard Neutral<\/span><\/li>\n<li>Varia\u00e7\u00e3o Crom\u00e1tica Leve<\/li>\n<\/ul>\n<div class=\"flex flex-wrap items-start w-full\"><\/div>\n<h4><\/h4>\n","protected":false},"excerpt":{"rendered":"<div class=\"flex items-center w-full py-3 pl-0 pr-6 my-1 bg-white rounded-md md:w-1\/2 xl:pl-0\"><\/div>\n<ul>\n<li>Unidade Venda: M2\/ Caixa<\/li>\n<li>Pre\u00e7o Caixa: 23.11\u20ac\/Caixa<\/li>\n<\/ul>\n<p><strong>Packing:<\/strong><\/p>\n<ul>\n<li>Caixa: 2 pe\u00e7as; 1.44m2; 34.25KG<\/li>\n<li>Palete: 36 Caixas; 46.08m2; 1 116Kg<\/li>\n<\/ul>\n<p>Marca: Tau Ceramica<\/p>\n","protected":false},"featured_media":7014,"template":"","meta":[],"product_cat":[152,145,166],"product_tag":[],"class_list":{"0":"post-7013","1":"product","2":"type-product","3":"status-publish","4":"has-post-thumbnail","6":"product_cat-pavimentos","7":"product_cat-ceramica","8":"product_cat-pedras","9":"ts_product_brand-tau-ceramica","11":"first","12":"instock","13":"taxable","14":"shipping-taxable","15":"product-type-simple"},"_links":{"self":[{"href":"https:\/\/montael.com\/index.php?rest_route=\/wp\/v2\/product\/7013","targetHints":{"allow":["GET"]}}],"collection":[{"href":"https:\/\/montael.com\/index.php?rest_route=\/wp\/v2\/product"}],"about":[{"href":"https:\/\/montael.com\/index.php?rest_route=\/wp\/v2\/types\/product"}],"wp:featuredmedia":[{"embeddable":true,"href":"https:\/\/montael.com\/index.php?rest_route=\/wp\/v2\/media\/7014"}],"wp:attachment":[{"href":"https:\/\/montael.com\/index.php?rest_route=%2Fwp%2Fv2%2Fmedia&parent=7013"}],"wp:term":[{"taxonomy":"product_cat","embeddable":true,"href":"https:\/\/montael.com\/index.php?rest_route=%2Fwp%2Fv2%2Fproduct_cat&post=7013"},{"taxonomy":"product_tag","embeddable":true,"href":"https:\/\/montael.com\/index.php?rest_route=%2Fwp%2Fv2%2Fproduct_tag&post=7013"}],"curies":[{"name":"wp","href":"https:\/\/api.w.org\/{rel}","templated":true}]}}