

{"id":10383,"date":"2025-06-09T15:19:59","date_gmt":"2025-06-09T14:19:59","guid":{"rendered":"https:\/\/montael.com\/?post_type=product&#038;p=10383"},"modified":"2025-06-09T17:03:02","modified_gmt":"2025-06-09T16:03:02","slug":"voolterra-branco-polido-59x119","status":"publish","type":"product","link":"https:\/\/montael.com\/?product=voolterra-branco-polido-59x119","title":{"rendered":"Volterra Branco Polido 59&#215;119"},"content":{"rendered":"<p dir=\"ltr\" data-placeholder=\"Tradu\u00e7\u00e3o\" aria-label=\"Texto traduzido\" data-ved=\"2ahUKEwjh4KHixt-FAxUuBdsEHYLLA8QQ3ewLegQIExAU\"><strong>Caracter\u00edsticas:<\/strong><\/p>\n<ul>\n<li dir=\"ltr\" data-placeholder=\"Tradu\u00e7\u00e3o\" aria-label=\"Texto traduzido\" data-ved=\"2ahUKEwjh4KHixt-FAxUuBdsEHYLLA8QQ3ewLegQIExAU\">Porcel\u00e2nico &#8211; Polido &#8211; Retificado<\/li>\n<\/ul>\n<div>\n<ul>\n<li>Pasta corada<\/li>\n<li>Espessura: 10mm<\/li>\n<li>Varia\u00e7\u00e3o: M\u00e9dia<\/li>\n<li>Junta recomendada: 2mm<\/li>\n<\/ul>\n<p>&nbsp;<\/p>\n<p>&nbsp;<\/p>\n<\/div>\n","protected":false},"excerpt":{"rendered":"<div class=\"product-box__tableRow\">\n<div class=\"product-box__tableCell product-box__tableCell--label\">\n<div class=\"product-box__tableRow\">\n<ul>\n<li>Unidade de Venda: M2<\/li>\n<li>Pre\u00e7o por Caixa ( 1,04m2): 31,35\u20ac IVA Inclu\u00eddo<\/li>\n<\/ul>\n<p>Packing:<\/p>\n<ul>\n<li>Caixa: N\u00ba pe\u00e7as: 3 | 1,04m2 |\u00a0 31,65Kg<\/li>\n<li>Palete: 27 Caixas | 37,80m2 | 869,40Kg<\/li>\n<\/ul>\n<\/div>\n<div class=\"product-box__tableRow\"><\/div>\n<div>\n<p>Marca: Grespania<\/p>\n<\/div>\n<\/div>\n<\/div>\n","protected":false},"featured_media":10395,"template":"","meta":[],"product_cat":[152,145],"product_tag":[],"class_list":{"0":"post-10383","1":"product","2":"type-product","3":"status-publish","4":"has-post-thumbnail","6":"product_cat-pavimentos","7":"product_cat-ceramica","8":"ts_product_brand-grespania","10":"first","11":"instock","12":"featured","13":"taxable","14":"shipping-taxable","15":"product-type-simple"},"_links":{"self":[{"href":"https:\/\/montael.com\/index.php?rest_route=\/wp\/v2\/product\/10383","targetHints":{"allow":["GET"]}}],"collection":[{"href":"https:\/\/montael.com\/index.php?rest_route=\/wp\/v2\/product"}],"about":[{"href":"https:\/\/montael.com\/index.php?rest_route=\/wp\/v2\/types\/product"}],"wp:featuredmedia":[{"embeddable":true,"href":"https:\/\/montael.com\/index.php?rest_route=\/wp\/v2\/media\/10395"}],"wp:attachment":[{"href":"https:\/\/montael.com\/index.php?rest_route=%2Fwp%2Fv2%2Fmedia&parent=10383"}],"wp:term":[{"taxonomy":"product_cat","embeddable":true,"href":"https:\/\/montael.com\/index.php?rest_route=%2Fwp%2Fv2%2Fproduct_cat&post=10383"},{"taxonomy":"product_tag","embeddable":true,"href":"https:\/\/montael.com\/index.php?rest_route=%2Fwp%2Fv2%2Fproduct_tag&post=10383"}],"curies":[{"name":"wp","href":"https:\/\/api.w.org\/{rel}","templated":true}]}}